Last updated on 2025-01-19 05:49:09 CET.
Flavor | Version | Tinstall | Tcheck | Ttotal | Status | Flags |
---|---|---|---|---|---|---|
r-devel-linux-x86_64-debian-clang | 0.1-7 | 45.62 | 186.81 | 232.43 | NOTE | |
r-devel-linux-x86_64-debian-gcc | 0.1-7 | 33.35 | 117.04 | 150.39 | NOTE | |
r-devel-linux-x86_64-fedora-clang | 0.1-7 | 413.14 | OK | |||
r-devel-linux-x86_64-fedora-gcc | 0.1-7 | 351.04 | OK | |||
r-devel-windows-x86_64 | 0.1-7 | 46.00 | 173.00 | 219.00 | NOTE | |
r-patched-linux-x86_64 | 0.1-7 | 55.58 | 158.82 | 214.40 | OK | |
r-release-linux-x86_64 | 0.1-7 | 47.28 | 157.88 | 205.16 | OK | |
r-release-macos-arm64 | 0.1-7 | 90.00 | OK | |||
r-release-macos-x86_64 | 0.1-7 | 127.00 | OK | |||
r-release-windows-x86_64 | 0.1-7 | 45.00 | 169.00 | 214.00 | OK | |
r-oldrel-macos-arm64 | 0.1-7 | 93.00 | OK | |||
r-oldrel-macos-x86_64 | 0.1-7 | 206.00 | OK | |||
r-oldrel-windows-x86_64 | 0.1-7 | 60.00 | 215.00 | 275.00 | OK |
Version: 0.1-7
Check: Rd cross-references
Result: NOTE
Found the following Rd file(s) with Rd \link{} targets missing package
anchors:
trait.posterior.Rd: pcubature
Please provide package anchors for all Rd \link{} targets not in the
package itself and the base packages.
Flavors: r-devel-linux-x86_64-debian-clang, r-devel-linux-x86_64-debian-gcc, r-devel-windows-x86_64