CRAN Package Check Results for Package GPGame

Last updated on 2018-12-17 15:49:18 CET.

Flavor Version Tinstall Tcheck Ttotal Status Flags
r-devel-linux-x86_64-debian-clang 1.1.0 34.50 2.06 36.56 ERROR
r-devel-linux-x86_64-debian-gcc 1.1.0 26.69 1.75 28.44 ERROR
r-devel-linux-x86_64-fedora-clang 1.1.0 142.45 OK
r-devel-linux-x86_64-fedora-gcc 1.1.0 123.71 OK
r-devel-windows-ix86+x86_64 1.1.0 72.00 158.00 230.00 OK
r-patched-linux-x86_64 1.1.0 36.76 1.89 38.65 ERROR
r-patched-solaris-x86 1.1.0 171.30 OK
r-release-linux-x86_64 1.1.0 33.35 66.55 99.90 OK
r-release-windows-ix86+x86_64 1.1.0 82.00 167.00 249.00 OK
r-release-osx-x86_64 1.1.0 OK
r-oldrel-windows-ix86+x86_64 1.1.0 67.00 7.00 74.00 ERROR
r-oldrel-osx-x86_64 1.1.0 OK

Check Details

Version: 1.1.0
Check: whether the package can be loaded
Result: ERROR
    Loading this package had a fatal error status code 1
    Loading log:
    Error: package or namespace load failed for ‘GPGame’ in dyn.load(file, DLLpath = DLLpath, ...):
     unable to load shared object ‘/home/hornik/tmp/R.check/r-devel-clang/Work/build/Packages/DiceDesign/libs/DiceDesign.so’:
     /home/hornik/tmp/R.check/r-devel-clang/Work/build/Packages/DiceDesign/libs/DiceDesign.so: failed to map segment from shared object
    Execution halted
Flavor: r-devel-linux-x86_64-debian-clang

Version: 1.1.0
Check: whether the package can be loaded
Result: ERROR
    Loading this package had a fatal error status code 1
    Loading log:
    Error: package or namespace load failed for ‘GPGame’ in dyn.load(file, DLLpath = DLLpath, ...):
     unable to load shared object ‘/home/hornik/tmp/R.check/r-devel-gcc/Work/build/Packages/DiceDesign/libs/DiceDesign.so’:
     /home/hornik/tmp/R.check/r-devel-gcc/Work/build/Packages/DiceDesign/libs/DiceDesign.so: failed to map segment from shared object
    Execution halted
Flavor: r-devel-linux-x86_64-debian-gcc

Version: 1.1.0
Check: whether the package can be loaded
Result: ERROR
    Loading this package had a fatal error status code 1
    Loading log:
    Error: package or namespace load failed for ‘GPGame’ in dyn.load(file, DLLpath = DLLpath, ...):
     unable to load shared object ‘/home/hornik/tmp/R.check/r-patched-gcc/Work/build/Packages/DiceDesign/libs/DiceDesign.so’:
     /home/hornik/tmp/R.check/r-patched-gcc/Work/build/Packages/DiceDesign/libs/DiceDesign.so: failed to map segment from shared object
    Execution halted
Flavor: r-patched-linux-x86_64

Version: 1.1.0
Check: whether package can be installed
Result: ERROR
    Installation failed.
Flavor: r-oldrel-windows-ix86+x86_64