CRAN Package Check Results for Package GPGame

Last updated on 2019-09-16 00:47:42 CEST.

Flavor Version Tinstall Tcheck Ttotal Status Flags
r-devel-linux-x86_64-debian-clang 1.1.0 35.90 68.56 104.46 OK
r-devel-linux-x86_64-debian-gcc 1.1.0 30.01 53.93 83.94 OK
r-devel-linux-x86_64-fedora-clang 1.1.0 137.98 OK
r-devel-linux-x86_64-fedora-gcc 1.1.0 130.82 OK
r-devel-windows-ix86+x86_64 1.1.0 101.00 173.00 274.00 OK
r-patched-linux-x86_64 1.1.0 31.03 67.46 98.49 OK
r-patched-solaris-x86 1.1.0 169.80 OK
r-release-linux-x86_64 1.1.0 31.97 67.59 99.56 OK
r-release-windows-ix86+x86_64 1.1.0 65.00 110.00 175.00 OK
r-release-osx-x86_64 1.1.0 WARN
r-oldrel-windows-ix86+x86_64 1.1.0 81.00 114.00 195.00 OK
r-oldrel-osx-x86_64 1.1.0 OK

Check Details

Version: 1.1.0
Check: whether package can be installed
Result: WARN
    Found the following significant warnings:
     Warning: 'rgl_init' failed, running with rgl.useNULL = TRUE
Flavor: r-release-osx-x86_64