CRAN Package Check Results for Package GPLTR

Last updated on 2018-07-16 16:51:44 CEST.

Flavor Version Tinstall Tcheck Ttotal Status Flags
r-devel-linux-x86_64-debian-clang 1.2 1.79 211.73 213.52 NOTE
r-devel-linux-x86_64-debian-gcc 1.2 1.87 179.33 181.20 NOTE
r-devel-linux-x86_64-fedora-clang 1.2 293.90 NOTE
r-devel-linux-x86_64-fedora-gcc 1.2 299.56 NOTE
r-devel-windows-ix86+x86_64 1.2 7.00 317.00 324.00 NOTE
r-patched-linux-x86_64 1.2 2.86 242.07 244.93 NOTE
r-patched-solaris-x86 1.2 382.80 NOTE
r-release-linux-x86_64 1.2 2.68 241.21 243.89 NOTE
r-release-windows-ix86+x86_64 1.2 7.00 261.00 268.00 NOTE
r-release-osx-x86_64 1.2 NOTE
r-oldrel-windows-ix86+x86_64 1.2 3.00 244.00 247.00 NOTE
r-oldrel-osx-x86_64 1.2 NOTE

Check Details

Version: 1.2
Check: R code for possible problems
Result: NOTE
    .VARIMPPERM: no visible global function definition for ‘predict’
    .logistic.eval: no visible global function definition for ‘glm’
    .logistic.eval: no visible binding for global variable ‘binomial’
    .logistic.split: no visible global function definition for ‘glm’
    .logistic.split: no visible binding for global variable ‘binomial’
    .logistic.split: no visible global function definition for ‘runif’
    bagging.pltr : <anonymous>: no visible global function definition for
     ‘predict.glm’
    best.tree.BIC.AIC : <anonymous>: no visible global function definition
     for ‘as.formula’
    best.tree.BIC.AIC : <anonymous>: no visible global function definition
     for ‘glm’
    best.tree.BIC.AIC : <anonymous>: no visible global function definition
     for ‘deviance’
    best.tree.BIC.AIC: no visible global function definition for ‘glm’
    best.tree.BIC.AIC: no visible global function definition for
     ‘as.formula’
    best.tree.BIC.AIC: no visible global function definition for ‘deviance’
    best.tree.CV: no visible global function definition for ‘glm’
    best.tree.CV: no visible global function definition for ‘as.formula’
    best.tree.CV: no visible global function definition for ‘predict.glm’
    best.tree.CV : <anonymous>: no visible global function definition for
     ‘predict.glm’
    best.tree.bootstrap: no visible global function definition for ‘glm’
    best.tree.bootstrap: no visible global function definition for
     ‘as.formula’
    best.tree.bootstrap : <anonymous>: no visible global function
     definition for ‘rnorm’
    best.tree.permute: no visible global function definition for ‘glm’
    best.tree.permute: no visible global function definition for
     ‘as.formula’
    nested.trees: no visible global function definition for ‘glm’
    nested.trees: no visible global function definition for ‘as.formula’
    nested.trees: no visible global function definition for ‘deviance’
    p.val.tree: no visible global function definition for ‘glm’
    p.val.tree: no visible global function definition for ‘as.formula’
    p.val.tree : <anonymous>: no visible global function definition for
     ‘rnorm’
    p.val.tree: no visible binding for global variable ‘var’
    p.val.tree: no visible global function definition for ‘pchisq’
    pltr.glm: no visible global function definition for ‘glm’
    pltr.glm: no visible global function definition for ‘as.formula’
    predict_bagg.pltr : <anonymous>: no visible global function definition
     for ‘predict.glm’
    predict_pltr: no visible global function definition for ‘predict.glm’
    tree2glm: no visible global function definition for ‘as.formula’
    tree2glm: no visible global function definition for ‘glm’
    Undefined global functions or variables:
     as.formula binomial deviance glm pchisq predict predict.glm rnorm
     runif var
    Consider adding
     importFrom("stats", "as.formula", "binomial", "deviance", "glm",
     "pchisq", "predict", "predict.glm", "rnorm", "runif", "var")
    to your NAMESPACE file.
Flavors: r-devel-linux-x86_64-debian-clang, r-devel-linux-x86_64-debian-gcc, r-devel-linux-x86_64-fedora-clang, r-devel-linux-x86_64-fedora-gcc, r-devel-windows-ix86+x86_64, r-patched-linux-x86_64, r-patched-solaris-x86, r-release-linux-x86_64, r-release-windows-ix86+x86_64, r-release-osx-x86_64, r-oldrel-windows-ix86+x86_64, r-oldrel-osx-x86_64

Version: 1.2
Check: re-building of vignette outputs
Result: NOTE
    Error in re-building vignettes:
     ...
    Warning: glm.fit: fitted probabilities numerically 0 or 1 occurred
    Warning: glm.fit: fitted probabilities numerically 0 or 1 occurred
    Warning: glm.fit: algorithm did not converge
    Warning: glm.fit: fitted probabilities numerically 0 or 1 occurred
    Warning: glm.fit: algorithm did not converge
    Warning: glm.fit: fitted probabilities numerically 0 or 1 occurred
    Warning in glm(as.formula(paste(Y.name, "~ ", paste(indicators_tree[-nber_indicators], :
     fitting to calculate the null deviance did not converge -- increase 'maxit'?
    Warning: glm.fit: fitted probabilities numerically 0 or 1 occurred
    Error in texi2dvi(file = file, pdf = TRUE, clean = clean, quiet = quiet, :
     Running 'texi2dvi' on 'intro.tex' failed.
    LaTeX errors:
    ! LaTeX Error: File `chicago.sty' not found.
    
    Type X to quit or <RETURN> to proceed,
    or enter new name. (Default extension: sty)
    
    ! Emergency stop.
    <read *>
    
    l.8 \usepackage
     [colorlinks = true, linkcolor = blue, breaklinks, citecolor =...
    ! ==> Fatal error occurred, no output PDF file produced!
    Calls: buildVignettes -> texi2pdf -> texi2dvi
    Execution halted
Flavor: r-oldrel-osx-x86_64