CRAN Package Check Results for Package GPSCDF

Last updated on 2022-08-08 02:54:52 CEST.

Flavor Version Tinstall Tcheck Ttotal Status Flags
r-devel-linux-x86_64-debian-clang 0.1.1 15.25 131.97 147.22 NOTE
r-devel-linux-x86_64-debian-gcc 0.1.1 12.39 95.16 107.55 NOTE
r-devel-linux-x86_64-fedora-clang 0.1.1 188.43 NOTE
r-devel-linux-x86_64-fedora-gcc 0.1.1 185.24 NOTE
r-devel-windows-x86_64 0.1.1 16.00 142.00 158.00 NOTE
r-patched-linux-x86_64 0.1.1 13.10 120.95 134.05 NOTE
r-release-linux-x86_64 0.1.1 12.08 123.37 135.45 NOTE
r-release-macos-arm64 0.1.1 43.00 NOTE
r-release-macos-x86_64 0.1.1 85.00 NOTE
r-release-windows-x86_64 0.1.1 24.00 150.00 174.00 NOTE
r-oldrel-macos-arm64 0.1.1 48.00 NOTE
r-oldrel-macos-x86_64 0.1.1 85.00 NOTE
r-oldrel-windows-ix86+x86_64 0.1.1 32.00 141.00 173.00 NOTE

Check Details

Version: 0.1.1
Check: LazyData
Result: NOTE
     'LazyData' is specified without a 'data' directory
Flavors: r-devel-linux-x86_64-debian-clang, r-devel-linux-x86_64-debian-gcc, r-devel-linux-x86_64-fedora-clang, r-devel-linux-x86_64-fedora-gcc, r-devel-windows-x86_64, r-patched-linux-x86_64, r-release-linux-x86_64, r-release-macos-arm64, r-release-macos-x86_64, r-release-windows-x86_64, r-oldrel-macos-arm64, r-oldrel-macos-x86_64, r-oldrel-windows-ix86+x86_64