CRAN Package Check Results for Package GPareto

Last updated on 2018-08-17 00:49:47 CEST.

Flavor Version Tinstall Tcheck Ttotal Status Flags
r-devel-linux-x86_64-debian-clang 1.1.1 22.05 127.20 149.25 OK --no-vignettes
r-devel-linux-x86_64-debian-gcc 1.1.1 18.58 100.19 118.77 OK --no-vignettes
r-devel-linux-x86_64-fedora-clang 1.1.1 181.19 OK --no-vignettes
r-devel-linux-x86_64-fedora-gcc 1.1.1 175.08 OK --no-vignettes
r-devel-windows-ix86+x86_64 1.1.1 61.00 166.00 227.00 OK --no-vignettes
r-patched-linux-x86_64 1.1.1 26.92 115.09 142.01 OK --no-vignettes
r-patched-solaris-x86 1.1.1 214.40 OK --no-vignettes
r-release-linux-x86_64 1.1.1 24.22 113.96 138.18 OK --no-vignettes
r-release-windows-ix86+x86_64 1.1.1 56.00 214.00 270.00 OK --no-vignettes
r-release-osx-x86_64 1.1.1 FAIL
r-oldrel-windows-ix86+x86_64 1.1.1 51.00 247.00 298.00 OK --no-vignettes
r-oldrel-osx-x86_64 1.1.1 OK

Check Details

Version: 1.1.1
Check: re-building of vignette outputs
Result: WARN
    Error in re-building vignettes:
     ...
    
    Execution halted
Flavor: r-release-osx-x86_64

Version: 1.1.1
Check: PDF version of manual
Result: FAIL
    
Flavor: r-release-osx-x86_64