CRAN Package Check Results for Package GPareto

Last updated on 2018-05-27 06:46:51 CEST.

Flavor Version Tinstall Tcheck Ttotal Status Flags
r-devel-linux-x86_64-debian-clang 1.1.1 24.87 129.26 154.13 OK --no-vignettes
r-devel-linux-x86_64-debian-gcc 1.1.1 19.55 95.46 115.01 OK --no-vignettes
r-devel-linux-x86_64-fedora-clang 1.1.1 181.06 OK --no-vignettes
r-devel-linux-x86_64-fedora-gcc 1.1.1 180.32 OK --no-vignettes
r-devel-windows-ix86+x86_64 1.1.1 43.00 230.00 273.00 OK --no-vignettes
r-patched-linux-x86_64 1.1.1 21.39 113.52 134.91 OK --no-vignettes
r-patched-solaris-x86 1.1.1 219.10 OK --no-vignettes
r-release-linux-x86_64 1.1.1 22.30 113.38 135.68 OK --no-vignettes
r-release-windows-ix86+x86_64 1.1.1 56.00 157.00 213.00 OK --no-vignettes
r-release-osx-x86_64 1.1.1 FAIL
r-oldrel-windows-ix86+x86_64 1.1.1 55.00 163.00 218.00 OK --no-vignettes
r-oldrel-osx-x86_64 1.1.1 OK

Check Details

Version: 1.1.1
Check: re-building of vignette outputs
Result: WARN
    Error in re-building vignettes:
     ...
    
    Execution halted
Flavor: r-release-osx-x86_64

Version: 1.1.1
Check: PDF version of manual
Result: FAIL
    
Flavor: r-release-osx-x86_64