CRAN Package Check Results for Package GPareto

Last updated on 2018-10-19 22:49:40 CEST.

Flavor Version Tinstall Tcheck Ttotal Status Flags
r-devel-linux-x86_64-debian-clang 1.1.1 25.26 128.43 153.69 OK --no-vignettes
r-devel-linux-x86_64-debian-gcc 1.1.1 21.19 99.86 121.05 OK --no-vignettes
r-devel-linux-x86_64-fedora-clang 1.1.1 184.76 OK --no-vignettes
r-devel-linux-x86_64-fedora-gcc 1.1.1 178.37 OK --no-vignettes
r-devel-windows-ix86+x86_64 1.1.1 56.00 175.00 231.00 OK --no-vignettes
r-patched-linux-x86_64 1.1.1 27.25 112.58 139.83 OK --no-vignettes
r-patched-solaris-x86 1.1.1 214.70 OK --no-vignettes
r-release-linux-x86_64 1.1.1 25.73 112.63 138.36 OK --no-vignettes
r-release-windows-ix86+x86_64 1.1.1 61.00 227.00 288.00 OK --no-vignettes
r-release-osx-x86_64 1.1.1 FAIL
r-oldrel-windows-ix86+x86_64 1.1.1 42.00 240.00 282.00 OK --no-vignettes
r-oldrel-osx-x86_64 1.1.1 OK

Check Details

Version: 1.1.1
Check: re-building of vignette outputs
Result: WARN
    Error in re-building vignettes:
     ...
    
    Execution halted
Flavor: r-release-osx-x86_64

Version: 1.1.1
Check: PDF version of manual
Result: FAIL
    
Flavor: r-release-osx-x86_64