CRAN Package Check Results for Package GPoM

Last updated on 2018-08-16 16:52:32 CEST.

Flavor Version Tinstall Tcheck Ttotal Status Flags
r-devel-linux-x86_64-debian-clang 1.2 4.15 511.48 515.63 OK
r-devel-linux-x86_64-debian-gcc 1.2 3.95 368.06 372.01 OK
r-devel-linux-x86_64-fedora-clang 1.2 579.69 NOTE
r-devel-linux-x86_64-fedora-gcc 1.2 571.52 OK
r-devel-windows-ix86+x86_64 1.2 17.00 103.00 120.00 NOTE --no-vignettes
r-patched-linux-x86_64 1.2 5.15 505.54 510.69 OK
r-patched-solaris-x86 1.2 581.00 NOTE
r-release-linux-x86_64 1.2 4.27 497.85 502.12 OK
r-release-windows-ix86+x86_64 1.2 11.00 96.00 107.00 NOTE --no-vignettes
r-release-osx-x86_64 1.2 WARN
r-oldrel-windows-ix86+x86_64 1.2 10.00 122.00 132.00 NOTE --no-vignettes
r-oldrel-osx-x86_64 1.2 WARN

Check Details

Version: 1.2
Check: installed package size
Result: NOTE
     installed size is 5.7Mb
     sub-directories of 1Mb or more:
     data 1.5Mb
     doc 4.0Mb
Flavors: r-devel-linux-x86_64-fedora-clang, r-patched-solaris-x86, r-release-osx-x86_64, r-oldrel-osx-x86_64

Version: 1.2
Flags: --no-vignettes
Check: installed package size
Result: NOTE
     installed size is 5.7Mb
     sub-directories of 1Mb or more:
     data 1.5Mb
     doc 4.0Mb
Flavors: r-devel-windows-ix86+x86_64, r-release-windows-ix86+x86_64, r-oldrel-windows-ix86+x86_64

Version: 1.2
Check: whether package can be installed
Result: WARN
    Found the following significant warnings:
     Warning: 'rgl_init' failed, running with rgl.useNULL = TRUE
Flavors: r-release-osx-x86_64, r-oldrel-osx-x86_64