CRAN Package Check Results for Package GPoM

Last updated on 2018-02-22 17:49:19 CET.

Flavor Version Tinstall Tcheck Ttotal Status Flags
r-devel-linux-x86_64-debian-clang 1.1 3.26 296.48 299.74 OK
r-devel-linux-x86_64-debian-gcc 1.1 2.70 255.32 258.02 OK
r-devel-linux-x86_64-fedora-clang 1.1 404.19 OK
r-devel-linux-x86_64-fedora-gcc 1.1 396.84 OK
r-devel-windows-ix86+x86_64 1.1 9.00 78.00 87.00 OK --no-vignettes
r-patched-linux-x86_64 1.1 3.02 360.14 363.16 OK
r-patched-solaris-x86 1.1 335.90 NOTE
r-release-linux-x86_64 1.1 2.80 354.64 357.44 OK
r-release-windows-ix86+x86_64 1.1 12.00 75.00 87.00 OK --no-vignettes
r-release-osx-x86_64 1.1 OK
r-oldrel-windows-ix86+x86_64 1.1 7.00 94.00 101.00 OK --no-vignettes
r-oldrel-osx-x86_64 1.0 NOTE

Check Details

Version: 1.1
Check: installed package size
Result: NOTE
     installed size is 5.3Mb
     sub-directories of 1Mb or more:
     data 1.5Mb
     doc 3.5Mb
Flavor: r-patched-solaris-x86

Version: 1.0
Check: for unstated dependencies in vignettes
Result: NOTE
    Warning: parse error in file '/Builds/CRAN-QA-Simon/packages/mavericks-x86_64/results/3.3/GPoM.Rcheck/GPoM/doc/II_PreProcessing.R':
    invalid multibyte character in parser at line 59
    Warning: parse error in file '/Builds/CRAN-QA-Simon/packages/mavericks-x86_64/results/3.3/GPoM.Rcheck/GPoM/doc/IV_VisualizeOutputs.R':
    invalid multibyte character in parser at line 30
Flavor: r-oldrel-osx-x86_64