CRAN Package Check Results for Package GPoM

Last updated on 2018-10-18 14:47:22 CEST.

Flavor Version Tinstall Tcheck Ttotal Status Flags
r-devel-linux-x86_64-debian-clang 1.2 4.48 507.57 512.05 OK
r-devel-linux-x86_64-debian-gcc 1.2 OK
r-devel-linux-x86_64-fedora-clang 1.2 593.85 NOTE
r-devel-linux-x86_64-fedora-gcc 1.2 578.99 OK
r-devel-windows-ix86+x86_64 1.2 14.00 76.00 90.00 NOTE --no-vignettes
r-patched-linux-x86_64 1.2 4.58 492.75 497.33 OK
r-patched-solaris-x86 1.2 565.30 NOTE
r-release-linux-x86_64 1.2 5.26 508.66 513.92 OK
r-release-windows-ix86+x86_64 1.2 13.00 116.00 129.00 NOTE --no-vignettes
r-release-osx-x86_64 1.2 WARN
r-oldrel-windows-ix86+x86_64 1.2 8.00 124.00 132.00 NOTE --no-vignettes
r-oldrel-osx-x86_64 1.2 WARN

Check Details

Version: 1.2
Check: installed package size
Result: NOTE
     installed size is 5.7Mb
     sub-directories of 1Mb or more:
     data 1.5Mb
     doc 4.0Mb
Flavors: r-devel-linux-x86_64-fedora-clang, r-patched-solaris-x86, r-release-osx-x86_64, r-oldrel-osx-x86_64

Version: 1.2
Flags: --no-vignettes
Check: installed package size
Result: NOTE
     installed size is 5.7Mb
     sub-directories of 1Mb or more:
     data 1.5Mb
     doc 4.0Mb
Flavors: r-devel-windows-ix86+x86_64, r-release-windows-ix86+x86_64, r-oldrel-windows-ix86+x86_64

Version: 1.2
Check: whether package can be installed
Result: WARN
    Found the following significant warnings:
     Warning: 'rgl_init' failed, running with rgl.useNULL = TRUE
Flavors: r-release-osx-x86_64, r-oldrel-osx-x86_64