CRAN Package Check Results for Package GPoM

Last updated on 2019-01-24 06:47:10 CET.

Flavor Version Tinstall Tcheck Ttotal Status Flags
r-devel-linux-x86_64-debian-clang 1.2 4.48 557.48 561.96 OK
r-devel-linux-x86_64-debian-gcc 1.2 3.56 382.25 385.81 OK
r-devel-linux-x86_64-fedora-clang 1.2 593.08 NOTE
r-devel-linux-x86_64-fedora-gcc 1.2 568.83 OK
r-devel-windows-ix86+x86_64 1.2 14.00 131.00 145.00 NOTE --no-vignettes
r-patched-linux-x86_64 1.2 4.63 502.17 506.80 OK
r-patched-solaris-x86 1.2 605.50 NOTE
r-release-linux-x86_64 1.2 5.24 508.88 514.12 OK
r-release-windows-ix86+x86_64 1.2 9.00 116.00 125.00 NOTE --no-vignettes
r-release-osx-x86_64 1.2 WARN
r-oldrel-windows-ix86+x86_64 1.2 12.00 111.00 123.00 NOTE --no-vignettes
r-oldrel-osx-x86_64 1.2 WARN

Check Details

Version: 1.2
Check: installed package size
Result: NOTE
     installed size is 5.7Mb
     sub-directories of 1Mb or more:
     data 1.5Mb
     doc 4.0Mb
Flavors: r-devel-linux-x86_64-fedora-clang, r-patched-solaris-x86, r-release-osx-x86_64, r-oldrel-osx-x86_64

Version: 1.2
Flags: --no-vignettes
Check: installed package size
Result: NOTE
     installed size is 5.7Mb
     sub-directories of 1Mb or more:
     data 1.5Mb
     doc 4.0Mb
Flavors: r-devel-windows-ix86+x86_64, r-release-windows-ix86+x86_64, r-oldrel-windows-ix86+x86_64

Version: 1.2
Check: whether package can be installed
Result: WARN
    Found the following significant warnings:
     Warning: 'rgl_init' failed, running with rgl.useNULL = TRUE
Flavors: r-release-osx-x86_64, r-oldrel-osx-x86_64