CRAN Package Check Results for Package GPoM

Last updated on 2018-05-27 16:50:05 CEST.

Flavor Version Tinstall Tcheck Ttotal Status Flags
r-devel-linux-x86_64-debian-clang 1.1 3.18 378.28 381.46 OK
r-devel-linux-x86_64-debian-gcc 1.1 4.28 276.20 280.48 OK
r-devel-linux-x86_64-fedora-clang 1.1 407.42 OK
r-devel-linux-x86_64-fedora-gcc 1.1 409.13 OK
r-devel-windows-ix86+x86_64 1.1 9.00 101.00 110.00 OK --no-vignettes
r-patched-linux-x86_64 1.1 4.03 358.76 362.79 OK
r-patched-solaris-x86 1.1 370.30 NOTE
r-release-linux-x86_64 1.1 5.58 365.16 370.74 OK
r-release-windows-ix86+x86_64 1.1 12.00 71.00 83.00 OK --no-vignettes
r-release-osx-x86_64 1.1 OK
r-oldrel-windows-ix86+x86_64 1.1 14.00 93.00 107.00 OK --no-vignettes
r-oldrel-osx-x86_64 1.1 OK

Check Details

Version: 1.1
Check: installed package size
Result: NOTE
     installed size is 5.3Mb
     sub-directories of 1Mb or more:
     data 1.5Mb
     doc 3.5Mb
Flavor: r-patched-solaris-x86