Last updated on 2022-05-26 10:54:01 CEST.
Flavor | Version | Tinstall | Tcheck | Ttotal | Status | Flags |
---|---|---|---|---|---|---|
r-devel-linux-x86_64-debian-clang | 0.1.3 | 137.45 | 96.18 | 233.63 | WARN | |
r-devel-linux-x86_64-debian-gcc | 0.1.3 | 112.61 | 69.81 | 182.42 | OK | |
r-devel-linux-x86_64-fedora-clang | 0.1.3 | 341.14 | WARN | |||
r-devel-linux-x86_64-fedora-gcc | 0.1.3 | 306.81 | OK | |||
r-devel-windows-x86_64 | 0.1.3 | 144.00 | 138.00 | 282.00 | OK | |
r-patched-linux-x86_64 | 0.1.3 | 111.11 | 82.74 | 193.85 | OK | |
r-release-linux-x86_64 | 0.1.3 | OK | ||||
r-release-macos-arm64 | 0.1.3 | 72.00 | NOTE | |||
r-release-macos-x86_64 | 0.1.3 | 205.00 | NOTE | |||
r-release-windows-x86_64 | 0.1.3 | 140.00 | 139.00 | 279.00 | OK | |
r-oldrel-macos-arm64 | 0.1.3 | 82.00 | NOTE | |||
r-oldrel-macos-x86_64 | 0.1.3 | 130.00 | NOTE | |||
r-oldrel-windows-ix86+x86_64 | 0.1.3 | 333.00 | 130.00 | 463.00 | OK |
Version: 0.1.3
Check: whether package can be installed
Result: WARN
Found the following significant warnings:
U_NZentries.cpp:27:7: warning: use of bitwise '&' with boolean operands [-Wbitwise-instead-of-logical]
Flavors: r-devel-linux-x86_64-debian-clang, r-devel-linux-x86_64-fedora-clang
Version: 0.1.3
Check: installed package size
Result: NOTE
installed size is 6.0Mb
sub-directories of 1Mb or more:
libs 5.6Mb
Flavors: r-release-macos-arm64, r-release-macos-x86_64, r-oldrel-macos-arm64, r-oldrel-macos-x86_64