CRAN Package Check Results for Package GSE

Last updated on 2019-09-23 14:47:24 CEST.

Flavor Version Tinstall Tcheck Ttotal Status Flags
r-devel-linux-x86_64-debian-clang 4.2 77.08 59.42 136.50 OK
r-devel-linux-x86_64-debian-gcc 4.2 58.30 45.62 103.92 OK
r-devel-linux-x86_64-fedora-clang 4.2 191.10 NOTE
r-devel-linux-x86_64-fedora-gcc 4.2 189.45 OK
r-devel-windows-ix86+x86_64 4.2 186.00 158.00 344.00 OK
r-patched-linux-x86_64 4.2 63.56 55.68 119.24 OK
r-patched-solaris-x86 4.2 194.50 OK
r-release-linux-x86_64 4.2 66.04 56.13 122.17 OK
r-release-windows-ix86+x86_64 4.2 201.00 159.00 360.00 OK
r-release-osx-x86_64 4.2 OK
r-oldrel-windows-ix86+x86_64 4.2 133.00 99.00 232.00 OK
r-oldrel-osx-x86_64 4.2 OK

Check Details

Version: 4.2
Check: installed package size
Result: NOTE
     installed size is 5.6Mb
     sub-directories of 1Mb or more:
     libs 5.1Mb
Flavor: r-devel-linux-x86_64-fedora-clang