CRAN Package Check Results for Package GSE

Last updated on 2020-02-24 15:47:56 CET.

Flavor Version Tinstall Tcheck Ttotal Status Flags
r-devel-linux-x86_64-debian-clang 4.2 84.83 64.70 149.53 OK
r-devel-linux-x86_64-debian-gcc 4.2 62.07 49.44 111.51 OK
r-devel-linux-x86_64-fedora-clang 4.2 211.75 NOTE
r-devel-linux-x86_64-fedora-gcc 4.2 193.48 OK
r-devel-windows-ix86+x86_64 4.2 168.00 114.00 282.00 OK
r-devel-windows-ix86+x86_64-gcc8 4.2 234.00 143.00 377.00 OK
r-patched-linux-x86_64 4.2 OK
r-patched-solaris-x86 4.2 202.30 OK
r-release-linux-x86_64 4.2 66.45 55.16 121.61 OK
r-release-windows-ix86+x86_64 4.2 152.00 101.00 253.00 OK
r-release-osx-x86_64 4.2 OK
r-oldrel-windows-ix86+x86_64 4.2 142.00 98.00 240.00 OK
r-oldrel-osx-x86_64 4.2 OK

Check Details

Version: 4.2
Check: installed package size
Result: NOTE
     installed size is 5.8Mb
     sub-directories of 1Mb or more:
     libs 5.3Mb
Flavor: r-devel-linux-x86_64-fedora-clang