CRAN Package Check Results for Package GSIF

Last updated on 2019-02-17 21:47:35 CET.

Flavor Version Tinstall Tcheck Ttotal Status Flags
r-devel-linux-x86_64-debian-clang 0.5-5 32.43 228.45 260.88 OK
r-devel-linux-x86_64-debian-gcc 0.5-5 28.83 182.22 211.05 OK
r-devel-linux-x86_64-fedora-clang 0.5-5 326.11 OK
r-devel-linux-x86_64-fedora-gcc 0.5-5 310.88 OK
r-devel-windows-ix86+x86_64 0.5-5 66.00 213.00 279.00 OK
r-patched-linux-x86_64 0.5-5 24.70 212.98 237.68 OK
r-patched-solaris-x86 0.5-5 437.60 ERROR
r-release-linux-x86_64 0.5-5 OK
r-release-windows-ix86+x86_64 0.5-5 42.00 200.00 242.00 OK
r-release-osx-x86_64 0.5-5 OK
r-oldrel-windows-ix86+x86_64 0.5-5 25.00 252.00 277.00 OK
r-oldrel-osx-x86_64 0.5-5 OK

Check Details

Version: 0.5-5
Check: package dependencies
Result: NOTE
    Package suggested but not available for checking: ‘xgboost’
Flavor: r-patched-solaris-x86

Version: 0.5-5
Check: examples
Result: ERROR
    Running examples in ‘GSIF-Ex.R’ failed
    The error most likely occurred in:
    
    > ### Name: fit.regModel-methods
    > ### Title: Fits a regression model to spatial data
    > ### Aliases: fit.regModel
    > ### fit.regModel,formula,data.frame,SpatialPixelsDataFrame,character-method
    >
    > ### ** Examples
    >
    > library(sp)
    > library(rpart)
    > library(nlme)
    > library(gstat)
    > library(randomForest)
    randomForest 4.6-14
    Type rfNews() to see new features/changes/bug fixes.
    > library(quantregForest)
    Loading required package: RColorBrewer
    > library(xgboost)
    Error in library(xgboost) : there is no package called ‘xgboost’
    Execution halted
Flavor: r-patched-solaris-x86