CRAN Package Check Results for Package GSIF

Last updated on 2018-11-17 10:51:08 CET.

Flavor Version Tinstall Tcheck Ttotal Status Flags
r-devel-linux-x86_64-debian-clang 0.5-4 27.54 226.43 253.97 OK
r-devel-linux-x86_64-debian-gcc 0.5-4 28.67 184.15 212.82 OK
r-devel-linux-x86_64-fedora-clang 0.5-4 350.10 OK
r-devel-linux-x86_64-fedora-gcc 0.5-4 300.31 OK
r-devel-windows-ix86+x86_64 0.5-4 65.00 312.00 377.00 OK
r-patched-linux-x86_64 0.5-4 28.49 216.84 245.33 OK
r-patched-solaris-x86 0.5-4 514.80 OK
r-release-linux-x86_64 0.5-4 29.01 214.94 243.95 OK
r-release-windows-ix86+x86_64 0.5-4 61.00 299.00 360.00 WARN
r-release-osx-x86_64 0.5-4 OK
r-oldrel-windows-ix86+x86_64 0.5-4 40.00 329.00 369.00 OK
r-oldrel-osx-x86_64 0.5-4 OK

Check Details

Version: 0.5-4
Check: whether package can be installed
Result: WARN
    Found the following significant warnings:
     Warning: S3 methods '[.fun_list', '[.grouped_df', 'all.equal.tbl_df', 'anti_join.data.frame', 'anti_join.tbl_df', 'arrange.data.frame', 'arrange.default', 'arrange.grouped_df', 'arrange.tbl_df', 'arrange_.data.frame', 'arrange_.tbl_df', 'as.data.frame.grouped_df', 'as.data.frame.rowwise_df', 'as.data.frame.tbl_cube', 'as.table.tbl_cube', 'as.tbl.data.frame', 'as.tbl.tbl', 'as.tbl_cube.array', 'as.tbl_cube.data.frame', 'as.tbl_cube.matrix', 'as.tbl_cube.table', 'as_tibble.grouped_df', 'as_tibble.tbl_cube', 'auto_copy.tbl_cube', 'auto_copy.tbl_df', 'cbind.grouped_df', 'collapse.data.frame', 'collect.data.frame', 'common_by.NULL', 'common_by.character', 'common_by.default', 'common_by.list', 'compute.data.frame', 'copy_to.DBIConnection', 'copy_to.src_local', 'default_missing.data.frame', 'default_missing.default', 'dim.tbl_cube', 'distinct.data.frame', 'distinct.default', 'distinct.grouped_df', 'distinct.tbl_df', 'distinct_.data.frame', 'distinct_.grouped_df', 'distinct_.tbl_df', 'do.NULL', 'do.da [... truncated]
Flavor: r-release-windows-ix86+x86_64