CRAN Package Check Results for Package GSparO

Last updated on 2022-05-28 09:55:18 CEST.

Flavor Version Tinstall Tcheck Ttotal Status Flags
r-devel-linux-x86_64-debian-clang 1.0 4.73 68.53 73.26 NOTE
r-devel-linux-x86_64-debian-gcc 1.0 3.97 50.97 54.94 NOTE
r-devel-linux-x86_64-fedora-clang 1.0 93.43 NOTE
r-devel-linux-x86_64-fedora-gcc 1.0 88.70 NOTE
r-devel-windows-x86_64 1.0 10.00 82.00 92.00 NOTE
r-patched-linux-x86_64 1.0 4.79 65.09 69.88 NOTE
r-release-linux-x86_64 1.0 4.45 65.01 69.46 NOTE
r-release-macos-arm64 1.0 24.00 NOTE
r-release-macos-x86_64 1.0 47.00 NOTE
r-release-windows-x86_64 1.0 9.00 85.00 94.00 NOTE
r-oldrel-macos-arm64 1.0 32.00 NOTE
r-oldrel-macos-x86_64 1.0 42.00 NOTE
r-oldrel-windows-ix86+x86_64 1.0 13.00 80.00 93.00 NOTE

Check Details

Version: 1.0
Check: LazyData
Result: NOTE
     'LazyData' is specified without a 'data' directory
Flavors: r-devel-linux-x86_64-debian-clang, r-devel-linux-x86_64-debian-gcc, r-devel-linux-x86_64-fedora-clang, r-devel-linux-x86_64-fedora-gcc, r-devel-windows-x86_64, r-patched-linux-x86_64, r-release-linux-x86_64, r-release-macos-arm64, r-release-macos-x86_64, r-release-windows-x86_64, r-oldrel-macos-arm64, r-oldrel-macos-x86_64, r-oldrel-windows-ix86+x86_64