CRAN Package Check Results for Package GUILDS

Last updated on 2019-01-24 06:47:10 CET.

Flavor Version Tinstall Tcheck Ttotal Status Flags
r-devel-linux-x86_64-debian-clang 1.3 16.22 144.74 160.96 OK
r-devel-linux-x86_64-debian-gcc 1.3 12.18 103.79 115.97 OK
r-devel-linux-x86_64-fedora-clang 1.3 207.56 NOTE
r-devel-linux-x86_64-fedora-gcc 1.3 192.94 NOTE
r-devel-windows-ix86+x86_64 1.3 37.00 178.00 215.00 OK
r-patched-linux-x86_64 1.3 15.73 135.88 151.61 OK
r-patched-solaris-x86 1.3 429.50 OK
r-release-linux-x86_64 1.3 14.92 134.96 149.88 OK
r-release-windows-ix86+x86_64 1.3 26.00 174.00 200.00 OK
r-release-osx-x86_64 1.3 OK
r-oldrel-windows-ix86+x86_64 1.3 41.00 188.00 229.00 OK
r-oldrel-osx-x86_64 1.3 OK

Check Details

Version: 1.3
Check: compiled code
Result: NOTE
    File ‘GUILDS/libs/GUILDS.so’:
     Found no calls to: ‘R_registerRoutines’, ‘R_useDynamicSymbols’
    
    It is good practice to register native routines and to disable symbol
    search.
    
    See ‘Writing portable packages’ in the ‘Writing R Extensions’ manual.
Flavors: r-devel-linux-x86_64-fedora-clang, r-devel-linux-x86_64-fedora-gcc