CRAN Package Check Results for Package GUILDS

Last updated on 2018-08-16 22:50:32 CEST.

Flavor Version Tinstall Tcheck Ttotal Status Flags
r-devel-linux-x86_64-debian-clang 1.3 14.43 149.07 163.50 NOTE
r-devel-linux-x86_64-debian-gcc 1.3 12.64 106.26 118.90 NOTE
r-devel-linux-x86_64-fedora-clang 1.3 202.92 NOTE
r-devel-linux-x86_64-fedora-gcc 1.3 189.83 NOTE
r-devel-windows-ix86+x86_64 1.3 32.00 201.00 233.00 OK
r-patched-linux-x86_64 1.3 15.42 140.40 155.82 NOTE
r-patched-solaris-x86 1.3 422.60 OK
r-release-linux-x86_64 1.3 14.76 138.52 153.28 NOTE
r-release-windows-ix86+x86_64 1.3 39.00 202.00 241.00 OK
r-release-osx-x86_64 1.3 OK
r-oldrel-windows-ix86+x86_64 1.3 34.00 210.00 244.00 OK
r-oldrel-osx-x86_64 1.3 OK

Check Details

Version: 1.3
Check: compiled code
Result: NOTE
    File ‘GUILDS/libs/GUILDS.so’:
     Found no calls to: ‘R_registerRoutines’, ‘R_useDynamicSymbols’
    
    It is good practice to register native routines and to disable symbol
    search.
    
    See ‘Writing portable packages’ in the ‘Writing R Extensions’ manual.
Flavors: r-devel-linux-x86_64-debian-clang, r-devel-linux-x86_64-debian-gcc, r-devel-linux-x86_64-fedora-clang, r-devel-linux-x86_64-fedora-gcc, r-patched-linux-x86_64, r-release-linux-x86_64