CRAN Package Check Results for Package GUILDS

Last updated on 2018-02-18 07:50:16 CET.

Flavor Version Tinstall Tcheck Ttotal Status Flags
r-devel-linux-x86_64-debian-clang 1.3 14.48 149.64 164.12 NOTE
r-devel-linux-x86_64-debian-gcc 1.3 10.35 104.42 114.77 NOTE
r-devel-linux-x86_64-fedora-clang 1.3 200.50 NOTE
r-devel-linux-x86_64-fedora-gcc 1.3 182.85 NOTE
r-devel-windows-ix86+x86_64 1.3 28.00 157.00 185.00 OK
r-patched-linux-x86_64 1.3 12.41 162.49 174.90 NOTE
r-patched-solaris-x86 1.3 433.60 OK
r-release-linux-x86_64 1.3 12.09 162.01 174.10 NOTE
r-release-windows-ix86+x86_64 1.3 38.00 215.00 253.00 OK
r-release-osx-x86_64 1.3 OK
r-oldrel-windows-ix86+x86_64 1.3 29.00 241.00 270.00 OK
r-oldrel-osx-x86_64 1.3 OK

Check Details

Version: 1.3
Check: compiled code
Result: NOTE
    File ‘GUILDS/libs/GUILDS.so’:
     Found no calls to: ‘R_registerRoutines’, ‘R_useDynamicSymbols’
    
    It is good practice to register native routines and to disable symbol
    search.
    
    See ‘Writing portable packages’ in the ‘Writing R Extensions’ manual.
Flavors: r-devel-linux-x86_64-debian-clang, r-devel-linux-x86_64-debian-gcc, r-devel-linux-x86_64-fedora-clang, r-devel-linux-x86_64-fedora-gcc, r-patched-linux-x86_64, r-release-linux-x86_64