CRAN Package Check Results for Package GUILDS

Last updated on 2018-10-19 06:47:54 CEST.

Flavor Version Tinstall Tcheck Ttotal Status Flags
r-devel-linux-x86_64-debian-clang 1.3 15.74 149.85 165.59 OK
r-devel-linux-x86_64-debian-gcc 1.3 11.13 106.60 117.73 OK
r-devel-linux-x86_64-fedora-clang 1.3 207.22 NOTE
r-devel-linux-x86_64-fedora-gcc 1.3 194.74 NOTE
r-devel-windows-ix86+x86_64 1.3 40.00 223.00 263.00 OK
r-patched-linux-x86_64 1.3 15.48 139.55 155.03 OK
r-patched-solaris-x86 1.3 422.60 OK
r-release-linux-x86_64 1.3 16.34 141.34 157.68 OK
r-release-windows-ix86+x86_64 1.3 30.00 202.00 232.00 OK
r-release-osx-x86_64 1.3 OK
r-oldrel-windows-ix86+x86_64 1.3 26.00 194.00 220.00 OK
r-oldrel-osx-x86_64 1.3 OK

Check Details

Version: 1.3
Check: compiled code
Result: NOTE
    File ‘GUILDS/libs/GUILDS.so’:
     Found no calls to: ‘R_registerRoutines’, ‘R_useDynamicSymbols’
    
    It is good practice to register native routines and to disable symbol
    search.
    
    See ‘Writing portable packages’ in the ‘Writing R Extensions’ manual.
Flavors: r-devel-linux-x86_64-fedora-clang, r-devel-linux-x86_64-fedora-gcc