CRAN Package Check Results for Package GUIgems

Last updated on 2018-05-23 06:46:51 CEST.

Flavor Version Tinstall Tcheck Ttotal Status Flags
r-devel-linux-x86_64-debian-clang 0.1 10.14 74.79 84.93 OK
r-devel-linux-x86_64-debian-gcc 0.1 9.10 57.92 67.02 OK
r-devel-linux-x86_64-fedora-clang 0.1 104.25 NOTE
r-devel-linux-x86_64-fedora-gcc 0.1 102.65 NOTE
r-devel-windows-ix86+x86_64 0.1 15.00 110.00 125.00 OK
r-patched-linux-x86_64 0.1 10.35 66.15 76.50 OK
r-patched-solaris-x86 0.1 132.30 NOTE
r-release-linux-x86_64 0.1 9.26 68.61 77.87 OK
r-release-windows-ix86+x86_64 0.1 19.00 93.00 112.00 OK
r-release-osx-x86_64 0.1 ERROR
r-oldrel-windows-ix86+x86_64 0.1 15.00 100.00 115.00 OK
r-oldrel-osx-x86_64 0.1 NOTE

Check Details

Version: 0.1
Check: dependencies in R code
Result: NOTE
    Namespace in Imports field not imported from: ‘stringr’
     All declared Imports should be used.
Flavors: r-devel-linux-x86_64-fedora-clang, r-devel-linux-x86_64-fedora-gcc, r-patched-solaris-x86, r-oldrel-osx-x86_64

Version: 0.1
Check: package dependencies
Result: ERROR
    Package required but not available: ‘rpanel’
    
    See section ‘The DESCRIPTION file’ in the ‘Writing R Extensions’
    manual.
Flavor: r-release-osx-x86_64