CRAN Package Check Results for Package GUIgems

Last updated on 2018-11-17 06:46:43 CET.

Flavor Version Tinstall Tcheck Ttotal Status Flags
r-devel-linux-x86_64-debian-clang 0.1 10.37 67.68 78.05 OK
r-devel-linux-x86_64-debian-gcc 0.1 8.81 54.43 63.24 OK
r-devel-linux-x86_64-fedora-clang 0.1 102.90 NOTE
r-devel-linux-x86_64-fedora-gcc 0.1 91.28 NOTE
r-devel-windows-ix86+x86_64 0.1 19.00 96.00 115.00 OK
r-patched-linux-x86_64 0.1 11.06 66.12 77.18 OK
r-patched-solaris-x86 0.1 132.30 NOTE
r-release-linux-x86_64 0.1 11.05 65.48 76.53 OK
r-release-windows-ix86+x86_64 0.1 21.00 78.00 99.00 OK
r-release-osx-x86_64 0.1 ERROR
r-oldrel-windows-ix86+x86_64 0.1 12.00 104.00 116.00 OK
r-oldrel-osx-x86_64 0.1 NOTE

Check Details

Version: 0.1
Check: dependencies in R code
Result: NOTE
    Namespace in Imports field not imported from: ‘stringr’
     All declared Imports should be used.
Flavors: r-devel-linux-x86_64-fedora-clang, r-devel-linux-x86_64-fedora-gcc, r-patched-solaris-x86, r-oldrel-osx-x86_64

Version: 0.1
Check: package dependencies
Result: ERROR
    Package required but not available: ‘rpanel’
    
    See section ‘The DESCRIPTION file’ in the ‘Writing R Extensions’
    manual.
Flavor: r-release-osx-x86_64