CRAN Package Check Results for Package GUIgems

Last updated on 2018-08-19 06:46:44 CEST.

Flavor Version Tinstall Tcheck Ttotal Status Flags
r-devel-linux-x86_64-debian-clang 0.1 10.52 76.23 86.75 OK
r-devel-linux-x86_64-debian-gcc 0.1 9.39 60.35 69.74 OK
r-devel-linux-x86_64-fedora-clang 0.1 102.12 NOTE
r-devel-linux-x86_64-fedora-gcc 0.1 99.78 NOTE
r-devel-windows-ix86+x86_64 0.1 19.00 104.00 123.00 OK
r-patched-linux-x86_64 0.1 11.02 65.98 77.00 OK
r-patched-solaris-x86 0.1 133.00 NOTE
r-release-linux-x86_64 0.1 11.17 65.76 76.93 OK
r-release-windows-ix86+x86_64 0.1 19.00 94.00 113.00 OK
r-release-osx-x86_64 0.1 ERROR
r-oldrel-windows-ix86+x86_64 0.1 9.00 79.00 88.00 OK
r-oldrel-osx-x86_64 0.1 NOTE

Check Details

Version: 0.1
Check: dependencies in R code
Result: NOTE
    Namespace in Imports field not imported from: ‘stringr’
     All declared Imports should be used.
Flavors: r-devel-linux-x86_64-fedora-clang, r-devel-linux-x86_64-fedora-gcc, r-patched-solaris-x86, r-oldrel-osx-x86_64

Version: 0.1
Check: package dependencies
Result: ERROR
    Package required but not available: ‘rpanel’
    
    See section ‘The DESCRIPTION file’ in the ‘Writing R Extensions’
    manual.
Flavor: r-release-osx-x86_64