CRAN Package Check Results for Package GUIgems

Last updated on 2018-02-22 20:46:33 CET.

Flavor Version Tinstall Tcheck Ttotal Status Flags
r-devel-linux-x86_64-debian-clang 0.1 8.71 60.53 69.24 OK
r-devel-linux-x86_64-debian-gcc 0.1 7.89 54.14 62.03 OK
r-devel-linux-x86_64-fedora-clang 0.1 93.22 NOTE
r-devel-linux-x86_64-fedora-gcc 0.1 89.87 NOTE
r-devel-windows-ix86+x86_64 0.1 18.00 79.00 97.00 OK
r-patched-linux-x86_64 0.1 5.50 70.39 75.89 OK
r-patched-solaris-x86 0.1 129.90 NOTE
r-release-linux-x86_64 0.1 3.89 70.66 74.55 OK
r-release-windows-ix86+x86_64 0.1 12.00 98.00 110.00 OK
r-release-osx-x86_64 0.1 NOTE
r-oldrel-windows-ix86+x86_64 0.1 8.00 69.00 77.00 OK
r-oldrel-osx-x86_64 0.1 NOTE

Check Details

Version: 0.1
Check: dependencies in R code
Result: NOTE
    Namespace in Imports field not imported from: ‘stringr’
     All declared Imports should be used.
Flavors: r-devel-linux-x86_64-fedora-clang, r-devel-linux-x86_64-fedora-gcc, r-patched-solaris-x86, r-release-osx-x86_64, r-oldrel-osx-x86_64