CRAN Package Check Results for Package GauPro

Last updated on 2019-02-21 01:50:43 CET.

Flavor Version Tinstall Tcheck Ttotal Status Flags
r-devel-linux-x86_64-debian-clang 0.2.2 136.01 166.70 302.71 OK
r-devel-linux-x86_64-debian-gcc 0.2.2 118.61 112.55 231.16 OK
r-devel-linux-x86_64-fedora-clang 0.2.2 419.74 NOTE
r-devel-linux-x86_64-fedora-gcc 0.2.2 378.64 OK
r-devel-windows-ix86+x86_64 0.2.2 323.00 358.00 681.00 OK
r-patched-linux-x86_64 0.2.2 OK
r-patched-solaris-x86 0.2.2 374.80 OK
r-release-linux-x86_64 0.2.2 OK
r-release-windows-ix86+x86_64 0.2.2 252.00 351.00 603.00 OK
r-release-osx-x86_64 0.2.2 OK
r-oldrel-windows-ix86+x86_64 0.2.2 252.00 248.00 500.00 OK
r-oldrel-osx-x86_64 0.2.2 OK

Check Details

Version: 0.2.2
Check: installed package size
Result: NOTE
     installed size is 5.1Mb
     sub-directories of 1Mb or more:
     libs 4.2Mb
Flavor: r-devel-linux-x86_64-fedora-clang