CRAN Package Check Results for Package GauPro

Last updated on 2018-05-24 08:48:47 CEST.

Flavor Version Tinstall Tcheck Ttotal Status Flags
r-devel-linux-x86_64-debian-clang 0.2.2 130.75 131.15 261.90 OK
r-devel-linux-x86_64-debian-gcc 0.2.2 114.45 104.68 219.13 OK
r-devel-linux-x86_64-fedora-clang 0.2.2 371.37 NOTE
r-devel-linux-x86_64-fedora-gcc 0.2.2 339.31 NOTE
r-devel-windows-ix86+x86_64 0.2.2 242.00 242.00 484.00 OK
r-patched-linux-x86_64 0.2.2 138.53 140.43 278.96 OK
r-patched-solaris-x86 0.2.2 351.00 OK
r-release-linux-x86_64 0.2.2 144.75 141.45 286.20 OK
r-release-windows-ix86+x86_64 0.2.2 312.00 327.00 639.00 OK
r-release-osx-x86_64 0.2.2 OK
r-oldrel-windows-ix86+x86_64 0.2.2 293.00 278.00 571.00 OK
r-oldrel-osx-x86_64 0.2.2 OK

Check Details

Version: 0.2.2
Check: installed package size
Result: NOTE
     installed size is 5.0Mb
     sub-directories of 1Mb or more:
     libs 4.3Mb
Flavors: r-devel-linux-x86_64-fedora-clang, r-devel-linux-x86_64-fedora-gcc