CRAN Package Check Results for Package GauPro

Last updated on 2024-02-29 12:54:50 CET.

Flavor Version Tinstall Tcheck Ttotal Status Flags
r-devel-linux-x86_64-debian-clang 0.2.11 329.71 323.50 653.21 WARN
r-devel-linux-x86_64-debian-gcc 0.2.11 235.89 239.89 475.78 NOTE
r-devel-linux-x86_64-fedora-clang 0.2.11 894.00 NOTE
r-devel-linux-x86_64-fedora-gcc 0.2.11 919.37 NOTE
r-devel-windows-x86_64 0.2.11 230.00 266.00 496.00 OK
r-patched-linux-x86_64 0.2.11 314.79 317.46 632.25 OK
r-release-linux-x86_64 0.2.11 293.05 314.47 607.52 OK
r-release-macos-arm64 0.2.11 207.00 NOTE
r-release-macos-x86_64 0.2.11 377.00 NOTE
r-release-windows-x86_64 0.2.11 299.00 345.00 644.00 OK
r-oldrel-macos-arm64 0.2.11 190.00 NOTE
r-oldrel-windows-x86_64 0.2.11 292.00 300.00 592.00 OK

Check Details

Version: 0.2.11
Check: whether package can be installed
Result: WARN Found the following significant warnings: corr_cubic_matrix.cpp:28:20: warning: using integer absolute value function 'abs' when argument is of floating point type [-Wabsolute-value] corr_cubic_matrix.cpp:64:21: warning: using integer absolute value function 'abs' when argument is of floating point type [-Wabsolute-value] corr_cubic_matrix.cpp:99:18: warning: using integer absolute value function 'abs' when argument is of floating point type [-Wabsolute-value] corr_cubic_matrix.cpp:156:23: warning: using integer absolute value function 'abs' when argument is of floating point type [-Wabsolute-value] corr_cubic_matrix.cpp:177:23: warning: using integer absolute value function 'abs' when argument is of floating point type [-Wabsolute-value] See ‘/home/hornik/tmp/R.check/r-devel-clang/Work/PKGS/GauPro.Rcheck/00install.out’ for details. * used C compiler: ‘Debian clang version 17.0.6 (5)’ * used C++ compiler: ‘Debian clang version 17.0.6 (5)’ Flavor: r-devel-linux-x86_64-debian-clang

Version: 0.2.11
Check: Rd files
Result: NOTE checkRd: (-1) summary.GauPro.Rd:5-35: Lost braces 5 | \title{if (F) { | ^ checkRd: (-1) summary.GauPro.Rd:20-22: Lost braces 20 | #' if (requireNamespace("MASS", quietly = TRUE)) { | ^ checkRd: (-1) summary.GauPro.Rd:24-34: Lost braces 24 | plot.GauPro <- function(x, ...) { | ^ checkRd: (-1) summary.GauPro.Rd:26-28: Lost braces 26 | # if (x$D == 1) { | ^ checkRd: (-1) summary.GauPro.Rd:28-30: Lost braces 28 | # } else if (x$D == 2) { | ^ checkRd: (-1) summary.GauPro.Rd:30-33: Lost braces 30 | # } else { | ^ checkRd: (-1) summary.GauPro.Rd:49-79: Lost braces 49 | if (F) { | ^ checkRd: (-1) summary.GauPro.Rd:64-66: Lost braces 64 | #' if (requireNamespace("MASS", quietly = TRUE)) { | ^ checkRd: (-1) summary.GauPro.Rd:68-78: Lost braces 68 | plot.GauPro <- function(x, ...) { | ^ checkRd: (-1) summary.GauPro.Rd:70-72: Lost braces 70 | # if (x$D == 1) { | ^ checkRd: (-1) summary.GauPro.Rd:72-74: Lost braces 72 | # } else if (x$D == 2) { | ^ checkRd: (-1) summary.GauPro.Rd:74-77: Lost braces 74 | # } else { | ^ Flavors: r-devel-linux-x86_64-debian-clang, r-devel-linux-x86_64-debian-gcc, r-devel-linux-x86_64-fedora-clang, r-devel-linux-x86_64-fedora-gcc

Version: 0.2.11
Check: installed package size
Result: NOTE installed size is 9.4Mb sub-directories of 1Mb or more: R 2.1Mb libs 6.6Mb Flavors: r-release-macos-arm64, r-release-macos-x86_64, r-oldrel-macos-arm64