CRAN Package Check Results for Package GauPro

Last updated on 2018-11-18 14:46:34 CET.

Flavor Version Tinstall Tcheck Ttotal Status Flags
r-devel-linux-x86_64-debian-clang 0.2.2 139.03 146.04 285.07 OK
r-devel-linux-x86_64-debian-gcc 0.2.2 122.55 107.17 229.72 OK
r-devel-linux-x86_64-fedora-clang 0.2.2 399.00 NOTE
r-devel-linux-x86_64-fedora-gcc 0.2.2 371.56 OK
r-devel-windows-ix86+x86_64 0.2.2 314.00 337.00 651.00 OK
r-patched-linux-x86_64 0.2.2 149.04 141.82 290.86 OK
r-patched-solaris-x86 0.2.2 381.20 OK
r-release-linux-x86_64 0.2.2 154.12 142.68 296.80 OK
r-release-windows-ix86+x86_64 0.2.2 325.00 328.00 653.00 OK
r-release-osx-x86_64 0.2.2 OK
r-oldrel-windows-ix86+x86_64 0.2.2 318.00 232.00 550.00 OK
r-oldrel-osx-x86_64 0.2.2 OK

Check Details

Version: 0.2.2
Check: installed package size
Result: NOTE
     installed size is 5.5Mb
     sub-directories of 1Mb or more:
     libs 4.6Mb
Flavor: r-devel-linux-x86_64-fedora-clang