CRAN Package Check Results for Package GauPro

Last updated on 2018-08-19 11:47:51 CEST.

Flavor Version Tinstall Tcheck Ttotal Status Flags
r-devel-linux-x86_64-debian-clang 0.2.2 126.06 147.40 273.46 OK
r-devel-linux-x86_64-debian-gcc 0.2.2 119.43 105.71 225.14 OK
r-devel-linux-x86_64-fedora-clang 0.2.2 378.45 NOTE
r-devel-linux-x86_64-fedora-gcc 0.2.2 370.93 OK
r-devel-windows-ix86+x86_64 0.2.2 330.00 334.00 664.00 OK
r-patched-linux-x86_64 0.2.2 151.48 142.26 293.74 OK
r-patched-solaris-x86 0.2.2 350.50 OK
r-release-linux-x86_64 0.2.2 151.34 140.48 291.82 OK
r-release-windows-ix86+x86_64 0.2.2 327.00 338.00 665.00 OK
r-release-osx-x86_64 0.2.2 OK
r-oldrel-windows-ix86+x86_64 0.2.2 242.00 306.00 548.00 OK
r-oldrel-osx-x86_64 0.2.2 OK

Check Details

Version: 0.2.2
Check: installed package size
Result: NOTE
     installed size is 5.2Mb
     sub-directories of 1Mb or more:
     libs 4.5Mb
Flavor: r-devel-linux-x86_64-fedora-clang