CRAN Package Check Results for Package GenEst

Last updated on 2021-05-10 20:48:40 CEST.

Flavor Version Tinstall Tcheck Ttotal Status Flags
r-devel-linux-x86_64-debian-clang 1.4.5.1 39.83 245.15 284.98 OK
r-devel-linux-x86_64-debian-gcc 1.4.5.1 27.55 180.57 208.12 OK
r-devel-linux-x86_64-fedora-clang 1.4.5.1 359.81 NOTE
r-devel-linux-x86_64-fedora-gcc 1.4.5.1 357.14 NOTE
r-devel-windows-ix86+x86_64 1.4.5.1 61.00 355.00 416.00 OK
r-devel-windows-x86_64-gcc10-UCRT 1.4.5.1 NOTE
r-patched-linux-x86_64 1.4.5.1 37.28 238.61 275.89 OK
r-patched-solaris-x86 1.4.5.1 441.30 NOTE
r-release-linux-x86_64 1.4.5.1 30.06 240.48 270.54 OK
r-release-macos-x86_64 1.4.5.1 NOTE
r-release-windows-ix86+x86_64 1.4.5.1 62.00 272.00 334.00 OK
r-oldrel-macos-x86_64 1.4.5.1 NOTE
r-oldrel-windows-ix86+x86_64 1.4.5.1 72.00 340.00 412.00 OK

Check Details

Version: 1.4.5.1
Check: dependencies in R code
Result: NOTE
    Namespace in Imports field not imported from: ‘htmlwidgets’
     All declared Imports should be used.
Flavors: r-devel-linux-x86_64-fedora-clang, r-devel-linux-x86_64-fedora-gcc, r-devel-windows-x86_64-gcc10-UCRT, r-patched-solaris-x86, r-release-macos-x86_64, r-oldrel-macos-x86_64