CRAN Package Check Results for Package GeneralizedUmatrix

Last updated on 2019-02-23 15:52:45 CET.

Flavor Version Tinstall Tcheck Ttotal Status Flags
r-devel-linux-x86_64-debian-clang 1.1.5 39.12 96.24 135.36 OK
r-devel-linux-x86_64-debian-gcc 1.1.5 31.09 69.84 100.93 OK
r-devel-linux-x86_64-fedora-clang 1.1.5 190.57 OK
r-devel-linux-x86_64-fedora-gcc 1.1.5 183.70 OK
r-devel-windows-ix86+x86_64 1.1.5 113.00 229.00 342.00 WARN
r-patched-linux-x86_64 1.1.5 36.35 91.80 128.15 OK
r-patched-solaris-x86 1.1.5 231.50 OK
r-release-linux-x86_64 1.1.5 37.54 89.84 127.38 OK
r-release-windows-ix86+x86_64 1.1.5 114.00 193.00 307.00 WARN
r-release-osx-x86_64 1.1.5 OK
r-oldrel-windows-ix86+x86_64 1.1.5 90.00 196.00 286.00 OK
r-oldrel-osx-x86_64 1.1.5 OK

Check Details

Version: 1.1.5
Check: whether package can be installed
Result: WARN
    Found the following significant warnings:
     Warning: S3 methods '[.fun_list', '[.grouped_df', 'all.equal.tbl_df', 'anti_join.data.frame', 'anti_join.tbl_df', 'arrange.data.frame', 'arrange.default', 'arrange.grouped_df', 'arrange.tbl_df', 'arrange_.data.frame', 'arrange_.tbl_df', 'as.data.frame.grouped_df', 'as.data.frame.rowwise_df', 'as.data.frame.tbl_cube', 'as.table.tbl_cube', 'as.tbl.data.frame', 'as.tbl.tbl', 'as.tbl_cube.array', 'as.tbl_cube.data.frame', 'as.tbl_cube.matrix', 'as.tbl_cube.table', 'as_tibble.grouped_df', 'as_tibble.tbl_cube', 'auto_copy.tbl_cube', 'auto_copy.tbl_df', 'cbind.grouped_df', 'collapse.data.frame', 'collect.data.frame', 'common_by.NULL', 'common_by.character', 'common_by.default', 'common_by.list', 'compute.data.frame', 'copy_to.DBIConnection', 'copy_to.src_local', 'default_missing.data.frame', 'default_missing.default', 'dim.tbl_cube', 'distinct.data.frame', 'distinct.default', 'distinct.grouped_df', 'distinct.tbl_df', 'distinct_.data.frame', 'distinct_.grouped_df', 'distinct_.tbl_df', 'do.NULL', 'do.da [... truncated]
Flavors: r-devel-windows-ix86+x86_64, r-release-windows-ix86+x86_64