CRAN Package Check Results for Package GeneralizedUmatrix

Last updated on 2019-08-18 08:48:04 CEST.

Flavor Version Tinstall Tcheck Ttotal Status Flags
r-devel-linux-x86_64-debian-clang 1.1.5 40.84 96.57 137.41 OK
r-devel-linux-x86_64-debian-gcc 1.1.5 33.09 71.87 104.96 OK
r-devel-linux-x86_64-fedora-clang 1.1.5 202.07 OK
r-devel-linux-x86_64-fedora-gcc 1.1.5 191.49 OK
r-devel-windows-ix86+x86_64 1.1.5 126.00 238.00 364.00 OK
r-patched-linux-x86_64 1.1.5 39.87 93.29 133.16 OK
r-patched-solaris-x86 1.1.5 238.10 OK
r-release-linux-x86_64 1.1.5 37.65 93.18 130.83 OK
r-release-windows-ix86+x86_64 1.1.5 94.00 165.00 259.00 OK
r-release-osx-x86_64 1.1.5 FAIL
r-oldrel-windows-ix86+x86_64 1.1.5 122.00 235.00 357.00 OK
r-oldrel-osx-x86_64 1.1.5 OK

Check Details

Version: 1.1.5
Check: dependencies in R code
Result: FAIL
    
Flavor: r-release-osx-x86_64