CRAN Package Check Results for Package GeomComb

Last updated on 2021-04-14 15:48:00 CEST.

Flavor Version Tinstall Tcheck Ttotal Status Flags
r-devel-linux-x86_64-debian-clang 1.0 13.90 164.23 178.13 NOTE
r-devel-linux-x86_64-debian-gcc 1.0 10.92 120.05 130.97 NOTE
r-devel-linux-x86_64-fedora-clang 1.0 213.27 NOTE
r-devel-linux-x86_64-fedora-gcc 1.0 210.24 NOTE
r-devel-windows-ix86+x86_64 1.0 36.00 184.00 220.00 NOTE
r-devel-windows-x86_64-gcc10-UCRT 1.0 NOTE
r-patched-linux-x86_64 1.0 13.39 150.56 163.95 OK
r-patched-solaris-x86 1.0 287.40 OK
r-release-linux-x86_64 1.0 9.89 148.48 158.37 OK
r-release-macos-x86_64 1.0 OK
r-release-windows-ix86+x86_64 1.0 37.00 204.00 241.00 OK
r-oldrel-macos-x86_64 1.0 OK
r-oldrel-windows-ix86+x86_64 1.0 19.00 135.00 154.00 OK

Check Details

Version: 1.0
Check: LazyData
Result: NOTE
     'LazyData' is specified without a 'data' directory
Flavors: r-devel-linux-x86_64-debian-clang, r-devel-linux-x86_64-debian-gcc, r-devel-linux-x86_64-fedora-clang, r-devel-linux-x86_64-fedora-gcc, r-devel-windows-ix86+x86_64, r-devel-windows-x86_64-gcc10-UCRT