Last updated on 2023-01-29 11:56:14 CET.
Flavor | Version | Tinstall | Tcheck | Ttotal | Status | Flags |
---|---|---|---|---|---|---|
r-devel-linux-x86_64-debian-clang | 1.0 | 16.19 | 183.30 | 199.49 | NOTE | |
r-devel-linux-x86_64-debian-gcc | 1.0 | 13.18 | 131.94 | 145.12 | NOTE | |
r-devel-linux-x86_64-fedora-clang | 1.0 | 246.72 | NOTE | |||
r-devel-linux-x86_64-fedora-gcc | 1.0 | 240.91 | NOTE | |||
r-devel-windows-x86_64 | 1.0 | 36.00 | 212.00 | 248.00 | NOTE | |
r-patched-linux-x86_64 | 1.0 | 23.10 | 171.76 | 194.86 | NOTE | |
r-release-linux-x86_64 | 1.0 | 15.87 | 171.42 | 187.29 | NOTE | |
r-release-macos-arm64 | 1.0 | 62.00 | NOTE | |||
r-release-macos-x86_64 | 1.0 | 98.00 | NOTE | |||
r-release-windows-x86_64 | 1.0 | 32.00 | 201.00 | 233.00 | NOTE | |
r-oldrel-macos-arm64 | 1.0 | 65.00 | NOTE | |||
r-oldrel-macos-x86_64 | 1.0 | 91.00 | NOTE | |||
r-oldrel-windows-ix86+x86_64 | 1.0 | 37.00 | 194.00 | 231.00 | NOTE |
Version: 1.0
Check: LazyData
Result: NOTE
'LazyData' is specified without a 'data' directory
Flavors: r-devel-linux-x86_64-debian-clang, r-devel-linux-x86_64-debian-gcc, r-devel-linux-x86_64-fedora-clang, r-devel-linux-x86_64-fedora-gcc, r-devel-windows-x86_64, r-patched-linux-x86_64, r-release-linux-x86_64, r-release-macos-arm64, r-release-macos-x86_64, r-release-windows-x86_64, r-oldrel-macos-arm64, r-oldrel-macos-x86_64, r-oldrel-windows-ix86+x86_64