Last updated on 2025-01-20 08:48:26 CET.
Flavor | Version | Tinstall | Tcheck | Ttotal | Status | Flags |
---|---|---|---|---|---|---|
r-devel-linux-x86_64-debian-clang | 1.0 | 12.84 | 134.69 | 147.53 | NOTE | |
r-devel-linux-x86_64-debian-gcc | 1.0 | 8.99 | 89.96 | 98.95 | NOTE | |
r-devel-linux-x86_64-fedora-clang | 1.0 | 234.81 | OK | |||
r-devel-linux-x86_64-fedora-gcc | 1.0 | 218.28 | OK | |||
r-devel-windows-x86_64 | 1.0 | 13.00 | 136.00 | 149.00 | NOTE | |
r-patched-linux-x86_64 | 1.0 | 18.03 | 125.36 | 143.39 | NOTE | |
r-release-linux-x86_64 | 1.0 | 11.55 | 124.74 | 136.29 | NOTE | |
r-release-macos-arm64 | 1.0 | 58.00 | NOTE | |||
r-release-macos-x86_64 | 1.0 | 90.00 | NOTE | |||
r-release-windows-x86_64 | 1.0 | 14.00 | 135.00 | 149.00 | NOTE | |
r-oldrel-macos-arm64 | 1.0 | 62.00 | NOTE | |||
r-oldrel-macos-x86_64 | 1.0 | 105.00 | NOTE | |||
r-oldrel-windows-x86_64 | 1.0 | 18.00 | 179.00 | 197.00 | NOTE |
Version: 1.0
Check: Rd cross-references
Result: NOTE
Found the following Rd file(s) with Rd \link{} targets missing package
anchors:
comb_EIG2.Rd: accuracy
comb_SA.Rd: accuracy
Please provide package anchors for all Rd \link{} targets not in the
package itself and the base packages.
Flavors: r-devel-linux-x86_64-debian-clang, r-devel-linux-x86_64-debian-gcc, r-devel-windows-x86_64
Version: 1.0
Check: LazyData
Result: NOTE
'LazyData' is specified without a 'data' directory
Flavors: r-patched-linux-x86_64, r-release-linux-x86_64, r-release-macos-arm64, r-release-macos-x86_64, r-release-windows-x86_64, r-oldrel-macos-arm64, r-oldrel-macos-x86_64, r-oldrel-windows-x86_64