CRAN Package Check Results for Package GerminaR

Last updated on 2018-08-21 12:50:29 CEST.

Flavor Version Tinstall Tcheck Ttotal Status Flags
r-devel-linux-x86_64-debian-clang 1.2 9.24 102.17 111.41 OK
r-devel-linux-x86_64-debian-gcc 1.2 6.87 81.06 87.93 OK
r-devel-linux-x86_64-fedora-clang 1.2 130.58 NOTE
r-devel-linux-x86_64-fedora-gcc 1.2 126.53 NOTE
r-devel-windows-ix86+x86_64 1.2 30.00 158.00 188.00 OK
r-patched-linux-x86_64 1.2 6.68 85.41 92.09 OK
r-patched-solaris-x86 1.2 172.30 NOTE
r-release-linux-x86_64 1.2 7.46 85.32 92.78 OK
r-release-windows-ix86+x86_64 1.2 23.00 90.00 113.00 OK
r-release-osx-x86_64 1.2 NOTE
r-oldrel-windows-ix86+x86_64 1.2 14.00 115.00 129.00 OK
r-oldrel-osx-x86_64 1.2 NOTE

Check Details

Version: 1.2
Check: dependencies in R code
Result: NOTE
    Namespaces in Imports field not imported from:
     ‘DT’ ‘shinydashboard’
     All declared Imports should be used.
Flavors: r-devel-linux-x86_64-fedora-clang, r-devel-linux-x86_64-fedora-gcc, r-patched-solaris-x86, r-release-osx-x86_64, r-oldrel-osx-x86_64