CRAN Package Check Results for Package GerminaR

Last updated on 2018-11-21 14:47:32 CET.

Flavor Version Tinstall Tcheck Ttotal Status Flags
r-devel-linux-x86_64-debian-clang 1.2 6.70 91.19 97.89 OK
r-devel-linux-x86_64-debian-gcc 1.2 5.93 72.58 78.51 OK
r-devel-linux-x86_64-fedora-clang 1.2 114.90 NOTE
r-devel-linux-x86_64-fedora-gcc 1.2 112.18 NOTE
r-devel-windows-ix86+x86_64 1.2 29.00 143.00 172.00 OK
r-patched-linux-x86_64 1.2 6.44 86.15 92.59 OK
r-patched-solaris-x86 1.2 174.80 NOTE
r-release-linux-x86_64 1.2 7.16 85.95 93.11 OK
r-release-windows-ix86+x86_64 1.2 14.00 158.00 172.00 OK
r-release-osx-x86_64 1.2 NOTE
r-oldrel-windows-ix86+x86_64 1.2 15.00 99.00 114.00 OK
r-oldrel-osx-x86_64 1.2 NOTE

Check Details

Version: 1.2
Check: dependencies in R code
Result: NOTE
    Namespaces in Imports field not imported from:
     ‘DT’ ‘shinydashboard’
     All declared Imports should be used.
Flavors: r-devel-linux-x86_64-fedora-clang, r-devel-linux-x86_64-fedora-gcc, r-patched-solaris-x86, r-release-osx-x86_64, r-oldrel-osx-x86_64