CRAN Package Check Results for Package GerminaR

Last updated on 2019-02-21 07:48:36 CET.

Flavor Version Tinstall Tcheck Ttotal Status Flags
r-devel-linux-x86_64-debian-clang 1.2 8.67 102.72 111.39 OK
r-devel-linux-x86_64-debian-gcc 1.2 7.36 84.88 92.24 OK
r-devel-linux-x86_64-fedora-clang 1.2 140.54 NOTE
r-devel-linux-x86_64-fedora-gcc 1.2 129.92 NOTE
r-devel-windows-ix86+x86_64 1.2 33.00 163.00 196.00 OK
r-patched-linux-x86_64 1.2 OK
r-patched-solaris-x86 1.2 204.10 NOTE
r-release-linux-x86_64 1.2 OK
r-release-windows-ix86+x86_64 1.2 14.00 166.00 180.00 OK
r-release-osx-x86_64 1.2 NOTE
r-oldrel-windows-ix86+x86_64 1.2 16.00 117.00 133.00 OK
r-oldrel-osx-x86_64 1.2 NOTE

Check Details

Version: 1.2
Check: dependencies in R code
Result: NOTE
    Namespaces in Imports field not imported from:
     ‘DT’ ‘shinydashboard’
     All declared Imports should be used.
Flavors: r-devel-linux-x86_64-fedora-clang, r-devel-linux-x86_64-fedora-gcc, r-patched-solaris-x86, r-release-osx-x86_64, r-oldrel-osx-x86_64