CRAN Package Check Results for Package GerminaR

Last updated on 2018-02-24 14:47:57 CET.

Flavor Version Tinstall Tcheck Ttotal Status Flags
r-devel-linux-x86_64-debian-clang 1.2 6.23 81.59 87.82 OK
r-devel-linux-x86_64-debian-gcc 1.2 5.09 65.03 70.12 OK
r-devel-linux-x86_64-fedora-clang 1.2 106.69 NOTE
r-devel-linux-x86_64-fedora-gcc 1.2 109.73 NOTE
r-devel-windows-ix86+x86_64 1.2 17.00 128.00 145.00 OK
r-patched-linux-x86_64 1.2 6.72 84.78 91.50 OK
r-patched-solaris-x86 1.2 168.50 NOTE
r-release-linux-x86_64 1.2 6.15 82.50 88.65 OK
r-release-windows-ix86+x86_64 1.2 24.00 127.00 151.00 OK
r-release-osx-x86_64 1.2 NOTE
r-oldrel-windows-ix86+x86_64 1.2 14.00 93.00 107.00 OK
r-oldrel-osx-x86_64 1.2 NOTE

Check Details

Version: 1.2
Check: dependencies in R code
Result: NOTE
    Namespaces in Imports field not imported from:
     ‘DT’ ‘shinydashboard’
     All declared Imports should be used.
Flavors: r-devel-linux-x86_64-fedora-clang, r-devel-linux-x86_64-fedora-gcc, r-patched-solaris-x86, r-release-osx-x86_64, r-oldrel-osx-x86_64