CRAN Package Check Results for Package GetDFPData

Last updated on 2018-05-23 20:48:30 CEST.

Flavor Version Tinstall Tcheck Ttotal Status Flags
r-devel-linux-x86_64-debian-clang 0.7 3.09 34.84 37.93 OK
r-devel-linux-x86_64-debian-gcc 0.7 0.40 1.47 1.87 ERROR
r-devel-linux-x86_64-fedora-clang 0.7 44.37 OK
r-devel-linux-x86_64-fedora-gcc 0.7 42.16 OK
r-devel-windows-ix86+x86_64 0.7 5.00 65.00 70.00 OK
r-patched-linux-x86_64 0.7 2.93 32.48 35.41 OK
r-patched-solaris-x86 0.7 58.80 OK
r-release-linux-x86_64 0.7 3.14 32.92 36.06 OK
r-release-windows-ix86+x86_64 0.7 7.00 59.00 66.00 OK
r-release-osx-x86_64 0.7 OK
r-oldrel-windows-ix86+x86_64 0.7 4.00 54.00 58.00 OK
r-oldrel-osx-x86_64 0.6 WARN

Check Details

Version: 0.7
Check: package dependencies
Result: ERROR
    Packages required but not available: ‘dplyr’ ‘readr’ ‘tibble’
    
    Package suggested but not available for checking: ‘ggplot2’
    
    See section ‘The DESCRIPTION file’ in the ‘Writing R Extensions’
    manual.
Flavor: r-devel-linux-x86_64-debian-gcc

Version: 0.6
Check: re-building of vignette outputs
Result: WARN
    Error in re-building vignettes:
     ...
    Warning in engine$weave(file, quiet = quiet, encoding = enc) :
     Pandoc (>= 1.12.3) and/or pandoc-citeproc not available. Falling back to R Markdown v1.
    Quitting from lines 73-81 (gdfpd-vignette-introduction.Rmd)
    Error: processing vignette 'gdfpd-vignette-introduction.Rmd' failed with diagnostics:
    cannot open the connection to 'http://bvmf.bmfbovespa.com.br/pt-br/mercados/acoes/empresas/ExecutaAcaoConsultaInfoEmp.asp?CodCVM=9512&ViewDoc=0#a'
    Execution halted
Flavor: r-oldrel-osx-x86_64