CRAN Package Check Results for Package GetDFPData

Last updated on 2018-02-18 19:46:22 CET.

Flavor Version Tinstall Tcheck Ttotal Status Flags
r-devel-linux-x86_64-debian-clang 0.5 2.10 40.45 42.55 OK
r-devel-linux-x86_64-debian-gcc 0.6 2.31 32.08 34.39 OK
r-devel-linux-x86_64-fedora-clang 0.6 52.42 OK
r-devel-linux-x86_64-fedora-gcc 0.6 49.38 OK
r-devel-windows-ix86+x86_64 0.6 2.00 8.00 10.00 ERROR
r-patched-linux-x86_64 0.6 0.81 38.64 39.45 WARN
r-patched-solaris-x86 0.6 60.70 OK
r-release-linux-x86_64 0.6 1.11 47.44 48.55 OK
r-release-windows-ix86+x86_64 0.6 3.00 103.00 106.00 OK
r-release-osx-x86_64 0.6 WARN
r-oldrel-windows-ix86+x86_64 0.6 5.00 127.00 132.00 OK
r-oldrel-osx-x86_64 0.5 OK

Check Details

Version: 0.6
Check: whether package can be installed
Result: ERROR
    Installation failed.
Flavor: r-devel-windows-ix86+x86_64

Version: 0.6
Check: re-building of vignette outputs
Result: WARN
    Error in re-building vignettes:
     ...
    Quitting from lines 73-81 (gdfpd-vignette-introduction.Rmd)
    Error: processing vignette ‘gdfpd-vignette-introduction.Rmd’ failed with diagnostics:
    no applicable method for ‘xmlNamespaceDefinitions’ applied to an object of class "NULL"
    Execution halted
Flavor: r-patched-linux-x86_64

Version: 0.6
Check: re-building of vignette outputs
Result: WARN
    Error in re-building vignettes:
     ...
    Warning in engine$weave(file, quiet = quiet, encoding = enc) :
     Pandoc (>= 1.12.3) and/or pandoc-citeproc not available. Falling back to R Markdown v1.
    Quitting from lines 73-81 (gdfpd-vignette-introduction.Rmd)
    Error: processing vignette 'gdfpd-vignette-introduction.Rmd' failed with diagnostics:
    cannot open the connection to 'http://bvmf.bmfbovespa.com.br/pt-br/mercados/acoes/empresas/ExecutaAcaoConsultaInfoEmp.asp?CodCVM=9512&ViewDoc=0#a'
    Execution halted
Flavor: r-release-osx-x86_64