CRAN Package Check Results for Package GetITRData

Last updated on 2018-10-19 06:47:52 CEST.

Flavor Version Tinstall Tcheck Ttotal Status Flags
r-devel-linux-x86_64-debian-clang 0.7 1.98 42.71 44.69 OK
r-devel-linux-x86_64-debian-gcc 0.7 1.65 30.94 32.59 WARN
r-devel-linux-x86_64-fedora-clang 0.7 43.63 WARN
r-devel-linux-x86_64-fedora-gcc 0.7 50.91 OK
r-devel-windows-ix86+x86_64 0.7 5.00 101.00 106.00 WARN
r-patched-linux-x86_64 0.7 1.95 39.63 41.58 OK
r-patched-solaris-x86 0.7 70.60 OK
r-release-linux-x86_64 0.7 2.05 39.42 41.47 OK
r-release-windows-ix86+x86_64 0.7 5.00 121.00 126.00 WARN
r-release-osx-x86_64 0.7 OK
r-oldrel-windows-ix86+x86_64 0.7 3.00 87.00 90.00 WARN
r-oldrel-osx-x86_64 0.7 OK

Check Details

Version: 0.7
Check: re-building of vignette outputs
Result: WARN
    Error in re-building vignettes:
     ...
    Quitting from lines 99-112 (gitrd-vignette-introduction.Rmd)
    Error: processing vignette ‘gitrd-vignette-introduction.Rmd’ failed with diagnostics:
    cannot open URL ‘http://www2.bmfbovespa.com.br/dxw/Download.asp?moeda=L&site=B&mercado=1&ccvm=20672&data=31/12/2008&tipo=2’
    Execution halted
Flavor: r-devel-linux-x86_64-debian-gcc

Version: 0.7
Check: re-building of vignette outputs
Result: WARN
    Error in re-building vignettes:
     ...
    Quitting from lines 58-69 (gitrd-vignette-introduction.Rmd)
    Error: processing vignette 'gitrd-vignette-introduction.Rmd' failed with diagnostics:
    cannot open URL 'http://www2.bmfbovespa.com.br/dxw/Download.asp?moeda=L&site=B&mercado=1&ccvm=9512&data=31/12/2005&tipo=2'
    Execution halted
Flavor: r-devel-linux-x86_64-fedora-clang

Version: 0.7
Check: re-building of vignette outputs
Result: WARN
    Error in re-building vignettes:
     ...
    Quitting from lines 99-112 (gitrd-vignette-introduction.Rmd)
    Error: processing vignette 'gitrd-vignette-introduction.Rmd' failed with diagnostics:
    cannot open URL 'http://www.rad.cvm.gov.br/enetconsulta/frmDownloadDocumento.aspx?CodigoInstituicao=2&NumeroSequencialDocumento=2114'
    Execution halted
Flavors: r-devel-windows-ix86+x86_64, r-release-windows-ix86+x86_64, r-oldrel-windows-ix86+x86_64