CRAN Package Check Results for Package GetITRData

Last updated on 2018-05-26 16:47:46 CEST.

Flavor Version Tinstall Tcheck Ttotal Status Flags
r-devel-linux-x86_64-debian-clang 0.7 2.21 43.02 45.23 OK
r-devel-linux-x86_64-debian-gcc 0.7 1.80 32.66 34.46 OK
r-devel-linux-x86_64-fedora-clang 0.7 50.89 OK
r-devel-linux-x86_64-fedora-gcc 0.7 48.62 OK
r-devel-windows-ix86+x86_64 0.7 5.00 87.00 92.00 WARN
r-patched-linux-x86_64 0.7 1.71 39.65 41.36 OK
r-patched-solaris-x86 0.7 74.50 OK
r-release-linux-x86_64 0.7 2.18 40.32 42.50 OK
r-release-windows-ix86+x86_64 0.7 5.00 139.00 144.00 WARN
r-release-osx-x86_64 0.7 OK
r-oldrel-windows-ix86+x86_64 0.7 5.00 96.00 101.00 WARN
r-oldrel-osx-x86_64 0.7 OK

Check Details

Version: 0.7
Check: re-building of vignette outputs
Result: WARN
    Error in re-building vignettes:
     ...
    Quitting from lines 99-112 (gitrd-vignette-introduction.Rmd)
    Error: processing vignette 'gitrd-vignette-introduction.Rmd' failed with diagnostics:
    cannot open URL 'http://www.rad.cvm.gov.br/enetconsulta/frmDownloadDocumento.aspx?CodigoInstituicao=2&NumeroSequencialDocumento=5189'
    Execution halted
Flavors: r-devel-windows-ix86+x86_64, r-release-windows-ix86+x86_64, r-oldrel-windows-ix86+x86_64