CRAN Package Check Results for Package GetITRData

Last updated on 2018-08-17 13:46:26 CEST.

Flavor Version Tinstall Tcheck Ttotal Status Flags
r-devel-linux-x86_64-debian-clang 0.7 2.15 30.38 32.53 WARN
r-devel-linux-x86_64-debian-gcc 0.7 1.72 24.51 26.23 WARN
r-devel-linux-x86_64-fedora-clang 0.7 50.18 OK
r-devel-linux-x86_64-fedora-gcc 0.7 48.43 OK
r-devel-windows-ix86+x86_64 0.7 7.00 460.00 467.00 WARN
r-patched-linux-x86_64 0.7 2.00 39.05 41.05 OK
r-patched-solaris-x86 0.7 71.20 OK
r-release-linux-x86_64 0.7 2.05 38.63 40.68 OK
r-release-windows-ix86+x86_64 0.7 4.00 454.00 458.00 WARN
r-release-osx-x86_64 0.7 OK
r-oldrel-windows-ix86+x86_64 0.7 4.00 447.00 451.00 WARN
r-oldrel-osx-x86_64 0.7 OK

Check Details

Version: 0.7
Check: re-building of vignette outputs
Result: WARN
    Error in re-building vignettes:
     ...
    Quitting from lines 34-38 (gitrd-vignette-introduction.Rmd)
    Error: processing vignette ‘gitrd-vignette-introduction.Rmd’ failed with diagnostics:
    HTTP error 503.
    Execution halted
Flavors: r-devel-linux-x86_64-debian-clang, r-devel-linux-x86_64-debian-gcc

Version: 0.7
Check: re-building of vignette outputs
Result: WARN
    Error in re-building vignettes:
     ...
    Quitting from lines 99-112 (gitrd-vignette-introduction.Rmd)
    Error: processing vignette 'gitrd-vignette-introduction.Rmd' failed with diagnostics:
    cannot open URL 'http://www.rad.cvm.gov.br/enetconsulta/frmDownloadDocumento.aspx?CodigoInstituicao=2&NumeroSequencialDocumento=2114'
    Execution halted
Flavors: r-devel-windows-ix86+x86_64, r-release-windows-ix86+x86_64, r-oldrel-windows-ix86+x86_64