CRAN Package Check Results for Package GetITRData

Last updated on 2018-02-17 21:49:21 CET.

Flavor Version Tinstall Tcheck Ttotal Status Flags
r-devel-linux-x86_64-debian-clang 0.6 1.20 33.81 35.01 WARN
r-devel-linux-x86_64-debian-gcc 0.6 1.39 31.95 33.34 OK
r-devel-linux-x86_64-fedora-clang 0.6 40.28 WARN
r-devel-linux-x86_64-fedora-gcc 0.6 36.48 WARN
r-devel-windows-ix86+x86_64 0.6 4.00 65.00 69.00 WARN
r-patched-linux-x86_64 0.6 0.80 35.43 36.23 WARN
r-patched-solaris-x86 0.6 56.70 WARN
r-release-linux-x86_64 0.6 0.74 36.89 37.63 WARN
r-release-windows-ix86+x86_64 0.6 6.00 126.00 132.00 OK
r-release-osx-x86_64 0.6 OK
r-oldrel-windows-ix86+x86_64 0.6 3.00 62.00 65.00 WARN
r-oldrel-osx-x86_64 0.6 WARN

Check Details

Version: 0.6
Check: re-building of vignette outputs
Result: WARN
    Error in re-building vignettes:
     ...
    Quitting from lines 59-70 (gitrd-vignette-introduction.Rmd)
    Error: processing vignette ‘gitrd-vignette-introduction.Rmd’ failed with diagnostics:
    cannot open URL ‘http://www2.bmfbovespa.com.br/dxw/Download.asp?moeda=L&site=B&mercado=1&ccvm=9512&data=31/12/2005&tipo=2’
    Execution halted
Flavor: r-devel-linux-x86_64-debian-clang

Version: 0.6
Check: re-building of vignette outputs
Result: WARN
    Error in re-building vignettes:
     ...
    Quitting from lines 59-70 (gitrd-vignette-introduction.Rmd)
    Error: processing vignette 'gitrd-vignette-introduction.Rmd' failed with diagnostics:
    no applicable method for 'xmlNamespaceDefinitions' applied to an object of class "NULL"
    Execution halted
Flavors: r-devel-linux-x86_64-fedora-clang, r-devel-linux-x86_64-fedora-gcc, r-devel-windows-ix86+x86_64, r-patched-linux-x86_64

Version: 0.6
Check: re-building of vignette outputs
Result: WARN
    Error in re-building vignettes:
     ...
    Warning in engine$weave(file, quiet = quiet, encoding = enc) :
     Pandoc (>= 1.12.3) and/or pandoc-citeproc not available. Falling back to R Markdown v1.
    Quitting from lines 100-113 (gitrd-vignette-introduction.Rmd)
    Error: processing vignette 'gitrd-vignette-introduction.Rmd' failed with diagnostics:
    cannot open URL 'http://www2.bmfbovespa.com.br/dxw/Download.asp?moeda=L&site=B&mercado=1&ccvm=18465&data=31/12/2009&tipo=2'
    Execution halted
Flavor: r-patched-solaris-x86

Version: 0.6
Check: re-building of vignette outputs
Result: WARN
    Error in re-building vignettes:
     ...
    Quitting from lines 59-70 (gitrd-vignette-introduction.Rmd)
    Error: processing vignette ‘gitrd-vignette-introduction.Rmd’ failed with diagnostics:
    cannot open URL ‘http://www2.bmfbovespa.com.br/dxw/Download.asp?moeda=L&site=B&mercado=1&ccvm=9512&data=31/12/2004&tipo=2’
    Execution halted
Flavor: r-release-linux-x86_64

Version: 0.6
Check: re-building of vignette outputs
Result: WARN
    Error in re-building vignettes:
     ...
    Quitting from lines 59-70 (gitrd-vignette-introduction.Rmd)
    Error: processing vignette 'gitrd-vignette-introduction.Rmd' failed with diagnostics:
    replacement has 0 rows, data has 54
    Execution halted
Flavor: r-oldrel-windows-ix86+x86_64

Version: 0.6
Check: re-building of vignette outputs
Result: WARN
    Error in re-building vignettes:
     ...
    Warning in engine$weave(file, quiet = quiet, encoding = enc) :
     Pandoc (>= 1.12.3) and/or pandoc-citeproc not available. Falling back to R Markdown v1.
    Quitting from lines 59-70 (gitrd-vignette-introduction.Rmd)
    Error: processing vignette 'gitrd-vignette-introduction.Rmd' failed with diagnostics:
    replacement has 0 rows, data has 54
    Execution halted
Flavor: r-oldrel-osx-x86_64