CRAN Package Check Results for Package GetLattesData

Last updated on 2018-08-19 09:48:04 CEST.

Flavor Version Tinstall Tcheck Ttotal Status Flags
r-devel-linux-x86_64-debian-clang 1.0 1.61 24.60 26.21 ERROR
r-devel-linux-x86_64-debian-gcc 1.0 1.07 19.61 20.68 ERROR
r-devel-linux-x86_64-fedora-clang 1.0 30.50 ERROR
r-devel-linux-x86_64-fedora-gcc 1.0 29.06 ERROR
r-devel-windows-ix86+x86_64 1.0 5.00 57.00 62.00 ERROR
r-patched-linux-x86_64 1.0 1.47 21.98 23.45 ERROR
r-patched-solaris-x86 1.0 38.60 ERROR
r-release-linux-x86_64 1.0 1.32 21.86 23.18 ERROR
r-release-windows-ix86+x86_64 1.0 4.00 55.00 59.00 ERROR
r-release-osx-x86_64 1.0 ERROR
r-oldrel-windows-ix86+x86_64 1.0 3.00 44.00 47.00 ERROR
r-oldrel-osx-x86_64 1.0 OK

Check Details

Version: 1.0
Check: examples
Result: ERROR
    Running examples in ‘GetLattesData-Ex.R’ failed
    The error most likely occurred in:
    
    > base::assign(".ptime", proc.time(), pos = "CheckExEnv")
    > ### Name: gld_get_lattes_data
    > ### Title: Downloads and reads Lattes data based on a vector of Lattes ids
    > ### Aliases: gld_get_lattes_data
    >
    > ### ** Examples
    >
    >
    > l.out <- gld_get_lattes_data(id.vec = 'K4713546D3',
    + field.qualis = 'ECONOMIA')
    
    Downloading file /tmp/RtmpMHwgVQ/K4713546D3_2018-08-17.zip
    Reading K4713546D3_2018-08-17.zipWarning in utils::unzip(zip.in, exdir = my.tempdir) :
     error 1 in extracting from zip file
    Error: XML content does not seem to be XML: '/tmp/RtmpMHwgVQ/curriculo.xml'
    Execution halted
Flavor: r-devel-linux-x86_64-debian-clang

Version: 1.0
Check: tests
Result: ERROR
     Running ‘testthat.R’ [1s/3s]
    Running the tests in ‘tests/testthat.R’ failed.
    Complete output:
     > library(testthat)
     > library(GetLattesData)
     >
     > test_check("GetLattesData")
     Folder lattes files does not exists. Creating it..
     Downloading file lattes files/K4713546D3_2018-08-17.zip
     Reading K4713546D3_2018-08-17.zip── 1. Error: Test of main function (@test_gld.R#5) ────────────────────────────
     XML content does not seem to be XML: '/tmp/RtmpfVheQd/curriculo.xml'
     1: expect_true(is.list(gld_get_lattes_data("K4713546D3", folder.dl = "lattes files"))) at testthat/test_gld.R:5
     2: quasi_label(enquo(object), label)
     3: eval_bare(get_expr(quo), get_env(quo))
     4: gld_get_lattes_data("K4713546D3", folder.dl = "lattes files")
     5: lapply(zip.out, gld_read_zip)
     6: FUN(X[[i]], ...)
     7: XML::xmlToList(XML::xmlParse(file.path(my.tempdir, "curriculo.xml"), encoding = "ISO-8859-1"))
     8: XML::xmlParse(file.path(my.tempdir, "curriculo.xml"), encoding = "ISO-8859-1")
    
     ══ testthat results ═══════════════════════════════════════════════════════════
     OK: 1 SKIPPED: 0 FAILED: 1
     1. Error: Test of main function (@test_gld.R#5)
    
     Error: testthat unit tests failed
     Execution halted
Flavor: r-devel-linux-x86_64-debian-clang

Version: 1.0
Check: re-building of vignette outputs
Result: WARN
    Error in re-building vignettes:
     ...
    Quitting from lines 42-51 (gld_vignette-ReadLattes.Rmd)
    Error: processing vignette ‘gld_vignette-ReadLattes.Rmd’ failed with diagnostics:
    XML content does not seem to be XML: '/tmp/RtmpVmupqf/curriculo.xml'
    Execution halted
Flavor: r-devel-linux-x86_64-debian-clang

Version: 1.0
Check: examples
Result: ERROR
    Running examples in ‘GetLattesData-Ex.R’ failed
    The error most likely occurred in:
    
    > base::assign(".ptime", proc.time(), pos = "CheckExEnv")
    > ### Name: gld_get_lattes_data
    > ### Title: Downloads and reads Lattes data based on a vector of Lattes ids
    > ### Aliases: gld_get_lattes_data
    >
    > ### ** Examples
    >
    >
    > l.out <- gld_get_lattes_data(id.vec = 'K4713546D3',
    + field.qualis = 'ECONOMIA')
    
    Downloading file /home/hornik/tmp/scratch/RtmpxvByge/K4713546D3_2018-08-18.zip
    Reading K4713546D3_2018-08-18.zipWarning in utils::unzip(zip.in, exdir = my.tempdir) :
     error 1 in extracting from zip file
    Error: XML content does not seem to be XML: '/home/hornik/tmp/scratch/RtmpxvByge/curriculo.xml'
    Execution halted
Flavor: r-devel-linux-x86_64-debian-gcc

Version: 1.0
Check: tests
Result: ERROR
     Running ‘testthat.R’ [1s/4s]
    Running the tests in ‘tests/testthat.R’ failed.
    Complete output:
     > library(testthat)
     > library(GetLattesData)
     >
     > test_check("GetLattesData")
     Folder lattes files does not exists. Creating it..
     Downloading file lattes files/K4713546D3_2018-08-18.zip
     Reading K4713546D3_2018-08-18.zip── 1. Error: Test of main function (@test_gld.R#5) ────────────────────────────
     XML content does not seem to be XML: '/home/hornik/tmp/scratch/RtmpSiNWlP/curriculo.xml'
     1: expect_true(is.list(gld_get_lattes_data("K4713546D3", folder.dl = "lattes files"))) at testthat/test_gld.R:5
     2: quasi_label(enquo(object), label)
     3: eval_bare(get_expr(quo), get_env(quo))
     4: gld_get_lattes_data("K4713546D3", folder.dl = "lattes files")
     5: lapply(zip.out, gld_read_zip)
     6: FUN(X[[i]], ...)
     7: XML::xmlToList(XML::xmlParse(file.path(my.tempdir, "curriculo.xml"), encoding = "ISO-8859-1"))
     8: XML::xmlParse(file.path(my.tempdir, "curriculo.xml"), encoding = "ISO-8859-1")
    
     ══ testthat results ═══════════════════════════════════════════════════════════
     OK: 1 SKIPPED: 0 FAILED: 1
     1. Error: Test of main function (@test_gld.R#5)
    
     Error: testthat unit tests failed
     Execution halted
Flavor: r-devel-linux-x86_64-debian-gcc

Version: 1.0
Check: re-building of vignette outputs
Result: WARN
    Error in re-building vignettes:
     ...
    Quitting from lines 42-51 (gld_vignette-ReadLattes.Rmd)
    Error: processing vignette ‘gld_vignette-ReadLattes.Rmd’ failed with diagnostics:
    XML content does not seem to be XML: '/home/hornik/tmp/scratch/RtmpqHwnnm/curriculo.xml'
    Execution halted
Flavor: r-devel-linux-x86_64-debian-gcc

Version: 1.0
Check: examples
Result: ERROR
    Running examples in ‘GetLattesData-Ex.R’ failed
    The error most likely occurred in:
    
    > ### Name: gld_get_lattes_data
    > ### Title: Downloads and reads Lattes data based on a vector of Lattes ids
    > ### Aliases: gld_get_lattes_data
    >
    > ### ** Examples
    >
    >
    > l.out <- gld_get_lattes_data(id.vec = 'K4713546D3',
    + field.qualis = 'ECONOMIA')
    
    Downloading file /tmp/RtmpeWCS4F/K4713546D3_2018-08-15.zip
    Reading K4713546D3_2018-08-15.zipWarning in utils::unzip(zip.in, exdir = my.tempdir) :
     error 1 in extracting from zip file
    Error: XML content does not seem to be XML: '/tmp/RtmpeWCS4F/curriculo.xml'
    Execution halted
Flavor: r-devel-linux-x86_64-fedora-clang

Version: 1.0
Check: tests
Result: ERROR
     Running ‘testthat.R’
    Running the tests in ‘tests/testthat.R’ failed.
    Complete output:
     > library(testthat)
     > library(GetLattesData)
     >
     > test_check("GetLattesData")
     Folder lattes files does not exists. Creating it..
     Downloading file lattes files/K4713546D3_2018-08-15.zip
     Reading K4713546D3_2018-08-15.zip── 1. Error: Test of main function (@test_gld.R#5) ────────────────────────────
     XML content does not seem to be XML: '/tmp/RtmpHVPYjD/curriculo.xml'
     1: expect_true(is.list(gld_get_lattes_data("K4713546D3", folder.dl = "lattes files"))) at testthat/test_gld.R:5
     2: quasi_label(enquo(object), label)
     3: eval_bare(get_expr(quo), get_env(quo))
     4: gld_get_lattes_data("K4713546D3", folder.dl = "lattes files")
     5: lapply(zip.out, gld_read_zip)
     6: FUN(X[[i]], ...)
     7: XML::xmlToList(XML::xmlParse(file.path(my.tempdir, "curriculo.xml"), encoding = "ISO-8859-1"))
     8: XML::xmlParse(file.path(my.tempdir, "curriculo.xml"), encoding = "ISO-8859-1")
    
     ══ testthat results ═══════════════════════════════════════════════════════════
     OK: 1 SKIPPED: 0 FAILED: 1
     1. Error: Test of main function (@test_gld.R#5)
    
     Error: testthat unit tests failed
     Execution halted
Flavor: r-devel-linux-x86_64-fedora-clang

Version: 1.0
Check: re-building of vignette outputs
Result: WARN
    Error in re-building vignettes:
     ...
    Quitting from lines 42-51 (gld_vignette-ReadLattes.Rmd)
    Error: processing vignette 'gld_vignette-ReadLattes.Rmd' failed with diagnostics:
    XML content does not seem to be XML: '/tmp/RtmpCdWzXA/curriculo.xml'
    Execution halted
Flavor: r-devel-linux-x86_64-fedora-clang

Version: 1.0
Check: examples
Result: ERROR
    Running examples in ‘GetLattesData-Ex.R’ failed
    The error most likely occurred in:
    
    > ### Name: gld_get_lattes_data
    > ### Title: Downloads and reads Lattes data based on a vector of Lattes ids
    > ### Aliases: gld_get_lattes_data
    >
    > ### ** Examples
    >
    >
    > l.out <- gld_get_lattes_data(id.vec = 'K4713546D3',
    + field.qualis = 'ECONOMIA')
    
    Downloading file /tmp/RtmpNO6Es3/K4713546D3_2018-08-16.zip
    Reading K4713546D3_2018-08-16.zipWarning in utils::unzip(zip.in, exdir = my.tempdir) :
     error 1 in extracting from zip file
    Error: XML content does not seem to be XML: '/tmp/RtmpNO6Es3/curriculo.xml'
    Execution halted
Flavor: r-devel-linux-x86_64-fedora-gcc

Version: 1.0
Check: tests
Result: ERROR
     Running ‘testthat.R’
    Running the tests in ‘tests/testthat.R’ failed.
    Complete output:
     > library(testthat)
     > library(GetLattesData)
     >
     > test_check("GetLattesData")
     Folder lattes files does not exists. Creating it..
     Downloading file lattes files/K4713546D3_2018-08-16.zip
     Reading K4713546D3_2018-08-16.zip── 1. Error: Test of main function (@test_gld.R#5) ────────────────────────────
     XML content does not seem to be XML: '/tmp/RtmpFPJxnd/curriculo.xml'
     1: expect_true(is.list(gld_get_lattes_data("K4713546D3", folder.dl = "lattes files"))) at testthat/test_gld.R:5
     2: quasi_label(enquo(object), label)
     3: eval_bare(get_expr(quo), get_env(quo))
     4: gld_get_lattes_data("K4713546D3", folder.dl = "lattes files")
     5: lapply(zip.out, gld_read_zip)
     6: FUN(X[[i]], ...)
     7: XML::xmlToList(XML::xmlParse(file.path(my.tempdir, "curriculo.xml"), encoding = "ISO-8859-1"))
     8: XML::xmlParse(file.path(my.tempdir, "curriculo.xml"), encoding = "ISO-8859-1")
    
     ══ testthat results ═══════════════════════════════════════════════════════════
     OK: 1 SKIPPED: 0 FAILED: 1
     1. Error: Test of main function (@test_gld.R#5)
    
     Error: testthat unit tests failed
     Execution halted
Flavor: r-devel-linux-x86_64-fedora-gcc

Version: 1.0
Check: re-building of vignette outputs
Result: WARN
    Error in re-building vignettes:
     ...
    Quitting from lines 42-51 (gld_vignette-ReadLattes.Rmd)
    Error: processing vignette 'gld_vignette-ReadLattes.Rmd' failed with diagnostics:
    XML content does not seem to be XML: '/tmp/RtmpDGS3nb/curriculo.xml'
    Execution halted
Flavor: r-devel-linux-x86_64-fedora-gcc

Version: 1.0
Check: examples
Result: ERROR
    Running examples in 'GetLattesData-Ex.R' failed
    The error most likely occurred in:
    
    > ### Name: gld_get_lattes_data
    > ### Title: Downloads and reads Lattes data based on a vector of Lattes ids
    > ### Aliases: gld_get_lattes_data
    >
    > ### ** Examples
    >
    >
    > l.out <- gld_get_lattes_data(id.vec = 'K4713546D3',
    + field.qualis = 'ECONOMIA')
    
    Downloading file D:\temp\RtmpKsfRGW/K4713546D3_2018-08-17.zip
    Reading K4713546D3_2018-08-17.zipWarning in utils::unzip(zip.in, exdir = my.tempdir) :
     error 1 in extracting from zip file
    Error: XML content does not seem to be XML: 'D:\temp\RtmpKsfRGW/curriculo.xml'
    Execution halted
Flavor: r-devel-windows-ix86+x86_64

Version: 1.0
Check: tests
Result: ERROR
     Running 'testthat.R' [3s]
    Running the tests in 'tests/testthat.R' failed.
    Complete output:
     > library(testthat)
     > library(GetLattesData)
     >
     > test_check("GetLattesData")
     Folder lattes files does not exists. Creating it..
     Downloading file lattes files/K4713546D3_2018-08-17.zip
     Reading K4713546D3_2018-08-17.zip-- 1. Error: Test of main function (@test_gld.R#5) ----------------------------
     XML content does not seem to be XML: 'D:\temp\RtmpsZ6Nqy/curriculo.xml'
     1: expect_true(is.list(gld_get_lattes_data("K4713546D3", folder.dl = "lattes files"))) at testthat/test_gld.R:5
     2: quasi_label(enquo(object), label)
     3: eval_bare(get_expr(quo), get_env(quo))
     4: gld_get_lattes_data("K4713546D3", folder.dl = "lattes files")
     5: lapply(zip.out, gld_read_zip)
     6: FUN(X[[i]], ...)
     7: XML::xmlToList(XML::xmlParse(file.path(my.tempdir, "curriculo.xml"), encoding = "ISO-8859-1"))
     8: XML::xmlParse(file.path(my.tempdir, "curriculo.xml"), encoding = "ISO-8859-1")
    
     == testthat results ===========================================================
     OK: 1 SKIPPED: 0 FAILED: 1
     1. Error: Test of main function (@test_gld.R#5)
    
     Error: testthat unit tests failed
     Execution halted
Flavor: r-devel-windows-ix86+x86_64

Version: 1.0
Check: re-building of vignette outputs
Result: WARN
    Error in re-building vignettes:
     ...
    Quitting from lines 42-51 (gld_vignette-ReadLattes.Rmd)
    Error: processing vignette 'gld_vignette-ReadLattes.Rmd' failed with diagnostics:
    XML content does not seem to be XML: 'D:\temp\RtmpMrYGLP/curriculo.xml'
    Execution halted
Flavor: r-devel-windows-ix86+x86_64

Version: 1.0
Check: examples
Result: ERROR
    Running examples in ‘GetLattesData-Ex.R’ failed
    The error most likely occurred in:
    
    > base::assign(".ptime", proc.time(), pos = "CheckExEnv")
    > ### Name: gld_get_lattes_data
    > ### Title: Downloads and reads Lattes data based on a vector of Lattes ids
    > ### Aliases: gld_get_lattes_data
    >
    > ### ** Examples
    >
    >
    > l.out <- gld_get_lattes_data(id.vec = 'K4713546D3',
    + field.qualis = 'ECONOMIA')
    
    Downloading file /tmp/Rtmp2WViZF/K4713546D3_2018-08-17.zip
    Reading K4713546D3_2018-08-17.zipWarning in utils::unzip(zip.in, exdir = my.tempdir) :
     error 1 in extracting from zip file
    Error: XML content does not seem to be XML: '/tmp/Rtmp2WViZF/curriculo.xml'
    Execution halted
Flavor: r-patched-linux-x86_64

Version: 1.0
Check: tests
Result: ERROR
     Running ‘testthat.R’ [1s/3s]
    Running the tests in ‘tests/testthat.R’ failed.
    Complete output:
     > library(testthat)
     > library(GetLattesData)
     >
     > test_check("GetLattesData")
     Folder lattes files does not exists. Creating it..
     Downloading file lattes files/K4713546D3_2018-08-17.zip
     Reading K4713546D3_2018-08-17.zip── 1. Error: Test of main function (@test_gld.R#5) ────────────────────────────
     XML content does not seem to be XML: '/tmp/Rtmp9Ruz6d/curriculo.xml'
     1: expect_true(is.list(gld_get_lattes_data("K4713546D3", folder.dl = "lattes files"))) at testthat/test_gld.R:5
     2: quasi_label(enquo(object), label)
     3: eval_bare(get_expr(quo), get_env(quo))
     4: gld_get_lattes_data("K4713546D3", folder.dl = "lattes files")
     5: lapply(zip.out, gld_read_zip)
     6: FUN(X[[i]], ...)
     7: XML::xmlToList(XML::xmlParse(file.path(my.tempdir, "curriculo.xml"), encoding = "ISO-8859-1"))
     8: XML::xmlParse(file.path(my.tempdir, "curriculo.xml"), encoding = "ISO-8859-1")
    
     ══ testthat results ═══════════════════════════════════════════════════════════
     OK: 1 SKIPPED: 0 FAILED: 1
     1. Error: Test of main function (@test_gld.R#5)
    
     Error: testthat unit tests failed
     Execution halted
Flavor: r-patched-linux-x86_64

Version: 1.0
Check: re-building of vignette outputs
Result: WARN
    Error in re-building vignettes:
     ...
    Quitting from lines 42-51 (gld_vignette-ReadLattes.Rmd)
    Error: processing vignette ‘gld_vignette-ReadLattes.Rmd’ failed with diagnostics:
    XML content does not seem to be XML: '/tmp/RtmpXBDOyc/curriculo.xml'
    Execution halted
Flavor: r-patched-linux-x86_64

Version: 1.0
Check: examples
Result: ERROR
    Running examples in ‘GetLattesData-Ex.R’ failed
    The error most likely occurred in:
    
    > ### Name: gld_get_lattes_data
    > ### Title: Downloads and reads Lattes data based on a vector of Lattes ids
    > ### Aliases: gld_get_lattes_data
    >
    > ### ** Examples
    >
    >
    > l.out <- gld_get_lattes_data(id.vec = 'K4713546D3',
    + field.qualis = 'ECONOMIA')
    
    Downloading file /tmp/Rtmp05aOU3/K4713546D3_2018-08-15.zip
    Reading K4713546D3_2018-08-15.zipWarning in utils::unzip(zip.in, exdir = my.tempdir) :
     error 1 in extracting from zip file
    Error: XML content does not seem to be XML: '/tmp/Rtmp05aOU3/curriculo.xml'
    Execution halted
Flavor: r-patched-solaris-x86

Version: 1.0
Check: tests
Result: ERROR
     Running ‘testthat.R’ [2s/11s]
    Running the tests in ‘tests/testthat.R’ failed.
    Complete output:
     > library(testthat)
     > library(GetLattesData)
     >
     > test_check("GetLattesData")
     Folder lattes files does not exists. Creating it..
     Downloading file lattes files/K4713546D3_2018-08-15.zip
     Reading K4713546D3_2018-08-15.zip── 1. Error: Test of main function (@test_gld.R#5) ────────────────────────────
     XML content does not seem to be XML: '/tmp/Rtmp2saag4/curriculo.xml'
     1: expect_true(is.list(gld_get_lattes_data("K4713546D3", folder.dl = "lattes files"))) at testthat/test_gld.R:5
     2: quasi_label(enquo(object), label)
     3: eval_bare(get_expr(quo), get_env(quo))
     4: gld_get_lattes_data("K4713546D3", folder.dl = "lattes files")
     5: lapply(zip.out, gld_read_zip)
     6: FUN(X[[i]], ...)
     7: XML::xmlToList(XML::xmlParse(file.path(my.tempdir, "curriculo.xml"), encoding = "ISO-8859-1"))
     8: XML::xmlParse(file.path(my.tempdir, "curriculo.xml"), encoding = "ISO-8859-1")
    
     ══ testthat results ═══════════════════════════════════════════════════════════
     OK: 1 SKIPPED: 0 FAILED: 1
     1. Error: Test of main function (@test_gld.R#5)
    
     Error: testthat unit tests failed
     Execution halted
Flavor: r-patched-solaris-x86

Version: 1.0
Check: re-building of vignette outputs
Result: WARN
    Error in re-building vignettes:
     ...
    Warning in engine$weave(file, quiet = quiet, encoding = enc) :
     Pandoc (>= 1.12.3) and/or pandoc-citeproc not available. Falling back to R Markdown v1.
    Quitting from lines 42-51 (gld_vignette-ReadLattes.Rmd)
    Error: processing vignette 'gld_vignette-ReadLattes.Rmd' failed with diagnostics:
    XML content does not seem to be XML: '/tmp/RtmpVmaGq4/curriculo.xml'
    Execution halted
Flavor: r-patched-solaris-x86

Version: 1.0
Check: examples
Result: ERROR
    Running examples in ‘GetLattesData-Ex.R’ failed
    The error most likely occurred in:
    
    > base::assign(".ptime", proc.time(), pos = "CheckExEnv")
    > ### Name: gld_get_lattes_data
    > ### Title: Downloads and reads Lattes data based on a vector of Lattes ids
    > ### Aliases: gld_get_lattes_data
    >
    > ### ** Examples
    >
    >
    > l.out <- gld_get_lattes_data(id.vec = 'K4713546D3',
    + field.qualis = 'ECONOMIA')
    
    Downloading file /tmp/RtmpWcBfth/K4713546D3_2018-08-18.zip
    Reading K4713546D3_2018-08-18.zipWarning in utils::unzip(zip.in, exdir = my.tempdir) :
     error 1 in extracting from zip file
    Error: XML content does not seem to be XML: '/tmp/RtmpWcBfth/curriculo.xml'
    Execution halted
Flavor: r-release-linux-x86_64

Version: 1.0
Check: tests
Result: ERROR
     Running ‘testthat.R’ [1s/3s]
    Running the tests in ‘tests/testthat.R’ failed.
    Complete output:
     > library(testthat)
     > library(GetLattesData)
     >
     > test_check("GetLattesData")
     Folder lattes files does not exists. Creating it..
     Downloading file lattes files/K4713546D3_2018-08-18.zip
     Reading K4713546D3_2018-08-18.zip── 1. Error: Test of main function (@test_gld.R#5) ────────────────────────────
     XML content does not seem to be XML: '/tmp/RtmpYTOO00/curriculo.xml'
     1: expect_true(is.list(gld_get_lattes_data("K4713546D3", folder.dl = "lattes files"))) at testthat/test_gld.R:5
     2: quasi_label(enquo(object), label)
     3: eval_bare(get_expr(quo), get_env(quo))
     4: gld_get_lattes_data("K4713546D3", folder.dl = "lattes files")
     5: lapply(zip.out, gld_read_zip)
     6: FUN(X[[i]], ...)
     7: XML::xmlToList(XML::xmlParse(file.path(my.tempdir, "curriculo.xml"), encoding = "ISO-8859-1"))
     8: XML::xmlParse(file.path(my.tempdir, "curriculo.xml"), encoding = "ISO-8859-1")
    
     ══ testthat results ═══════════════════════════════════════════════════════════
     OK: 1 SKIPPED: 0 FAILED: 1
     1. Error: Test of main function (@test_gld.R#5)
    
     Error: testthat unit tests failed
     Execution halted
Flavor: r-release-linux-x86_64

Version: 1.0
Check: re-building of vignette outputs
Result: WARN
    Error in re-building vignettes:
     ...
    Quitting from lines 42-51 (gld_vignette-ReadLattes.Rmd)
    Error: processing vignette ‘gld_vignette-ReadLattes.Rmd’ failed with diagnostics:
    XML content does not seem to be XML: '/tmp/RtmpAQEJhP/curriculo.xml'
    Execution halted
Flavor: r-release-linux-x86_64

Version: 1.0
Check: examples
Result: ERROR
    Running examples in 'GetLattesData-Ex.R' failed
    The error most likely occurred in:
    
    > ### Name: gld_get_lattes_data
    > ### Title: Downloads and reads Lattes data based on a vector of Lattes ids
    > ### Aliases: gld_get_lattes_data
    >
    > ### ** Examples
    >
    >
    > l.out <- gld_get_lattes_data(id.vec = 'K4713546D3',
    + field.qualis = 'ECONOMIA')
    
    Downloading file D:\temp\RtmpSWLJnV/K4713546D3_2018-08-15.zip
    Reading K4713546D3_2018-08-15.zipWarning in utils::unzip(zip.in, exdir = my.tempdir) :
     error 1 in extracting from zip file
    Error: XML content does not seem to be XML: 'D:\temp\RtmpSWLJnV/curriculo.xml'
    Execution halted
Flavor: r-release-windows-ix86+x86_64

Version: 1.0
Check: tests
Result: ERROR
     Running 'testthat.R' [3s]
    Running the tests in 'tests/testthat.R' failed.
    Complete output:
     > library(testthat)
     > library(GetLattesData)
     >
     > test_check("GetLattesData")
     Folder lattes files does not exists. Creating it..
     Downloading file lattes files/K4713546D3_2018-08-15.zip
     Reading K4713546D3_2018-08-15.zip-- 1. Error: Test of main function (@test_gld.R#5) ----------------------------
     XML content does not seem to be XML: 'D:\temp\RtmpEpCA5z/curriculo.xml'
     1: expect_true(is.list(gld_get_lattes_data("K4713546D3", folder.dl = "lattes files"))) at testthat/test_gld.R:5
     2: quasi_label(enquo(object), label)
     3: eval_bare(get_expr(quo), get_env(quo))
     4: gld_get_lattes_data("K4713546D3", folder.dl = "lattes files")
     5: lapply(zip.out, gld_read_zip)
     6: FUN(X[[i]], ...)
     7: XML::xmlToList(XML::xmlParse(file.path(my.tempdir, "curriculo.xml"), encoding = "ISO-8859-1"))
     8: XML::xmlParse(file.path(my.tempdir, "curriculo.xml"), encoding = "ISO-8859-1")
    
     == testthat results ===========================================================
     OK: 1 SKIPPED: 0 FAILED: 1
     1. Error: Test of main function (@test_gld.R#5)
    
     Error: testthat unit tests failed
     Execution halted
Flavor: r-release-windows-ix86+x86_64

Version: 1.0
Check: re-building of vignette outputs
Result: WARN
    Error in re-building vignettes:
     ...
    Quitting from lines 42-51 (gld_vignette-ReadLattes.Rmd)
    Error: processing vignette 'gld_vignette-ReadLattes.Rmd' failed with diagnostics:
    XML content does not seem to be XML: 'D:\temp\RtmpaMfgiI/curriculo.xml'
    Execution halted
Flavor: r-release-windows-ix86+x86_64

Version: 1.0
Check: examples
Result: ERROR
    Running examples in ‘GetLattesData-Ex.R’ failed
    The error most likely occurred in:
    
    > ### Name: gld_get_lattes_data
    > ### Title: Downloads and reads Lattes data based on a vector of Lattes ids
    > ### Aliases: gld_get_lattes_data
    >
    > ### ** Examples
    >
    >
    > l.out <- gld_get_lattes_data(id.vec = 'K4713546D3',
    + field.qualis = 'ECONOMIA')
    
    Downloading file /tmp/RtmpFU5TM2/K4713546D3_2018-08-18.zip
    Reading K4713546D3_2018-08-18.zipWarning in utils::unzip(zip.in, exdir = my.tempdir) :
     error 1 in extracting from zip file
    Error: XML content does not seem to be XML: '/tmp/RtmpFU5TM2/curriculo.xml'
    Execution halted
Flavor: r-release-osx-x86_64

Version: 1.0
Check: tests
Result: ERROR
     Running ‘testthat.R’ [1s/2s]
    Running the tests in ‘tests/testthat.R’ failed.
    Last 13 lines of output:
     1: expect_true(is.list(gld_get_lattes_data("K4713546D3", folder.dl = "lattes files"))) at testthat/test_gld.R:5
     2: quasi_label(enquo(object), label)
     3: eval_bare(get_expr(quo), get_env(quo))
     4: gld_get_lattes_data("K4713546D3", folder.dl = "lattes files")
     5: lapply(zip.out, gld_read_zip)
     6: FUN(X[[i]], ...)
     7: XML::xmlToList(XML::xmlParse(file.path(my.tempdir, "curriculo.xml"), encoding = "ISO-8859-1"))
     8: XML::xmlParse(file.path(my.tempdir, "curriculo.xml"), encoding = "ISO-8859-1")
    
     ══ testthat results ═══════════════════════════════════════════════════════════
     OK: 1 SKIPPED: 0 FAILED: 1
     1. Error: Test of main function (@test_gld.R#5)
    
     Error: testthat unit tests failed
     Execution halted
Flavor: r-release-osx-x86_64

Version: 1.0
Check: re-building of vignette outputs
Result: WARN
    Error in re-building vignettes:
     ...
    Warning in engine$weave(file, quiet = quiet, encoding = enc) :
     Pandoc (>= 1.12.3) and/or pandoc-citeproc not available. Falling back to R Markdown v1.
    Quitting from lines 42-51 (gld_vignette-ReadLattes.Rmd)
    Error: processing vignette 'gld_vignette-ReadLattes.Rmd' failed with diagnostics:
    XML content does not seem to be XML: '/tmp/Rtmp37tSBI/curriculo.xml'
    Execution halted
Flavor: r-release-osx-x86_64

Version: 1.0
Check: examples
Result: ERROR
    Running examples in 'GetLattesData-Ex.R' failed
    The error most likely occurred in:
    
    > ### Name: gld_get_lattes_data
    > ### Title: Downloads and reads Lattes data based on a vector of Lattes ids
    > ### Aliases: gld_get_lattes_data
    >
    > ### ** Examples
    >
    >
    > l.out <- gld_get_lattes_data(id.vec = 'K4713546D3',
    + field.qualis = 'ECONOMIA')
    
    Downloading file D:\temp\RtmpABP22Z/K4713546D3_2018-08-16.zip
    Reading K4713546D3_2018-08-16.zipWarning in utils::unzip(zip.in, exdir = my.tempdir) :
     error 1 in extracting from zip file
    Error: XML content does not seem to be XML: 'D:\temp\RtmpABP22Z/curriculo.xml'
    Execution halted
Flavor: r-oldrel-windows-ix86+x86_64

Version: 1.0
Check: tests
Result: ERROR
     Running 'testthat.R' [4s]
    Running the tests in 'tests/testthat.R' failed.
    Complete output:
     > library(testthat)
     > library(GetLattesData)
     >
     > test_check("GetLattesData")
     Folder lattes files does not exists. Creating it..
     Downloading file lattes files/K4713546D3_2018-08-16.zip
     Reading K4713546D3_2018-08-16.zip-- 1. Error: Test of main function (@test_gld.R#5) ----------------------------
     XML content does not seem to be XML: 'D:\temp\RtmpM7pBOg/curriculo.xml'
     1: expect_true(is.list(gld_get_lattes_data("K4713546D3", folder.dl = "lattes files"))) at testthat/test_gld.R:5
     2: quasi_label(enquo(object), label)
     3: eval_bare(get_expr(quo), get_env(quo))
     4: gld_get_lattes_data("K4713546D3", folder.dl = "lattes files")
     5: lapply(zip.out, gld_read_zip)
     6: FUN(X[[i]], ...)
     7: XML::xmlToList(XML::xmlParse(file.path(my.tempdir, "curriculo.xml"), encoding = "ISO-8859-1"))
     8: XML::xmlParse(file.path(my.tempdir, "curriculo.xml"), encoding = "ISO-8859-1")
    
     == testthat results ===========================================================
     OK: 1 SKIPPED: 0 FAILED: 1
     1. Error: Test of main function (@test_gld.R#5)
    
     Error: testthat unit tests failed
     Execution halted
Flavor: r-oldrel-windows-ix86+x86_64

Version: 1.0
Check: re-building of vignette outputs
Result: WARN
    Error in re-building vignettes:
     ...
    Quitting from lines 42-51 (gld_vignette-ReadLattes.Rmd)
    Error: processing vignette 'gld_vignette-ReadLattes.Rmd' failed with diagnostics:
    XML content does not seem to be XML: 'D:\temp\RtmpM1bB7a/curriculo.xml'
    Execution halted
Flavor: r-oldrel-windows-ix86+x86_64