CRAN Package Check Results for Package GiRaF

Last updated on 2018-11-20 13:46:24 CET.

Flavor Version Tinstall Tcheck Ttotal Status Flags
r-devel-linux-x86_64-debian-clang 1.0 68.15 52.97 121.12 OK
r-devel-linux-x86_64-debian-gcc 1.0 61.79 42.95 104.74 OK
r-devel-linux-x86_64-fedora-clang 1.0 170.10 NOTE
r-devel-linux-x86_64-fedora-gcc 1.0 170.49 NOTE
r-devel-windows-ix86+x86_64 1.0 217.00 130.00 347.00 OK
r-patched-linux-x86_64 1.0 73.71 51.01 124.72 OK
r-patched-solaris-x86 1.0 187.60 OK
r-release-linux-x86_64 1.0 75.72 51.37 127.09 OK
r-release-windows-ix86+x86_64 1.0 158.00 145.00 303.00 OK
r-release-osx-x86_64 1.0 NOTE
r-oldrel-windows-ix86+x86_64 1.0 210.00 98.00 308.00 OK
r-oldrel-osx-x86_64 1.0 WARN

Check Details

Version: 1.0
Check: installed package size
Result: NOTE
     installed size is 7.0Mb
     sub-directories of 1Mb or more:
     libs 6.6Mb
Flavors: r-devel-linux-x86_64-fedora-clang, r-release-osx-x86_64, r-oldrel-osx-x86_64

Version: 1.0
Check: compiled code
Result: NOTE
    File ‘GiRaF/libs/GiRaF.so’:
     Found no calls to: ‘R_registerRoutines’, ‘R_useDynamicSymbols’
    
    It is good practice to register native routines and to disable symbol
    search.
    
    See ‘Writing portable packages’ in the ‘Writing R Extensions’ manual.
Flavors: r-devel-linux-x86_64-fedora-clang, r-devel-linux-x86_64-fedora-gcc

Version: 1.0
Check: re-building of vignette outputs
Result: WARN
    Error in re-building vignettes:
     ...
    Warning: running command 'kpsewhich framed.sty' had status 1
    Warning in test_latex_pkg("framed", system.file("misc", "framed.sty", package = "knitr")) :
     unable to find LaTeX package 'framed'; will use a copy from knitr
    Error in texi2dvi(file = file, pdf = TRUE, clean = clean, quiet = quiet, :
     Running 'texi2dvi' on 'GiRaF_introduction.tex' failed.
    LaTeX errors:
    ! LaTeX Error: File `fourier.sty' not found.
    
    Type X to quit or <RETURN> to proceed,
    or enter new name. (Default extension: sty)
    
    ! Emergency stop.
    <read *>
    
    l.68 ^^M
    
    ! ==> Fatal error occurred, no output PDF file produced!
    Calls: buildVignettes -> texi2pdf -> texi2dvi
    Execution halted
Flavor: r-oldrel-osx-x86_64