CRAN Package Check Results for Package Gifi

Last updated on 2021-05-06 21:49:31 CEST.

Flavor Version Tinstall Tcheck Ttotal Status Flags
r-devel-linux-x86_64-debian-clang 0.3-9 5.68 55.41 61.09 OK
r-devel-linux-x86_64-debian-gcc 0.3-9 4.35 40.41 44.76 OK
r-devel-linux-x86_64-fedora-clang 0.3-9 86.12 OK
r-devel-linux-x86_64-fedora-gcc 0.3-9 73.88 OK
r-devel-windows-ix86+x86_64 0.3-9 11.00 98.00 109.00 OK
r-devel-windows-x86_64-gcc10-UCRT 0.3-9 OK
r-patched-linux-x86_64 0.3-9 4.98 53.11 58.09 OK
r-patched-solaris-x86 0.3-9 94.30 OK
r-release-linux-x86_64 0.3-9 5.56 51.23 56.79 OK
r-release-macos-x86_64 0.3-9 OK
r-release-windows-ix86+x86_64 0.3-9 10.00 80.00 90.00 OK
r-oldrel-macos-x86_64 0.3-9 OK
r-oldrel-windows-ix86+x86_64 0.3-9 13.00 6.00 19.00 ERROR

Check Details

Version: 0.3-9
Check: whether package can be installed
Result: ERROR
    Installation failed.
Flavor: r-oldrel-windows-ix86+x86_64