CRAN Package Check Results for Package GillespieSSA2

Last updated on 2024-02-28 07:53:43 CET.

Flavor Version Tinstall Tcheck Ttotal Status Flags
r-devel-linux-x86_64-debian-clang 0.3.0 96.39 623.81 720.20 OK
r-devel-linux-x86_64-debian-gcc 0.3.0 64.30 409.35 473.65 OK
r-devel-linux-x86_64-fedora-clang 0.3.0 934.32 OK
r-devel-linux-x86_64-fedora-gcc 0.3.0 879.37 OK
r-devel-windows-x86_64 0.3.0 70.00 511.00 581.00 OK
r-patched-linux-x86_64 0.3.0 69.76 591.99 661.75 OK
r-release-linux-x86_64 0.3.0 71.81 584.52 656.33 OK
r-release-macos-arm64 0.3.0 241.00 NOTE
r-release-macos-x86_64 0.3.0 422.00 NOTE
r-release-windows-x86_64 0.3.0 90.00 646.00 736.00 OK
r-oldrel-macos-arm64 0.3.0 204.00 NOTE
r-oldrel-windows-x86_64 0.3.0 86.00 599.00 685.00 OK

Check Details

Version: 0.3.0
Check: installed package size
Result: NOTE installed size is 5.9Mb sub-directories of 1Mb or more: doc 1.7Mb libs 3.7Mb Flavors: r-release-macos-arm64, r-release-macos-x86_64, r-oldrel-macos-arm64