CRAN Package Check Results for Package GiniWegNeg

Last updated on 2022-12-07 06:14:04 CET.

Flavor Version Tinstall Tcheck Ttotal Status Flags
r-devel-linux-x86_64-debian-clang 1.0.1 2.28 29.49 31.77 NOTE
r-devel-linux-x86_64-debian-gcc 1.0.1 1.64 22.93 24.57 NOTE
r-devel-linux-x86_64-fedora-clang 1.0.1 50.68 NOTE
r-devel-linux-x86_64-fedora-gcc 1.0.1 48.57 NOTE
r-devel-windows-x86_64 1.0.1 13.00 51.00 64.00 OK
r-patched-linux-x86_64 1.0.1 1.81 28.28 30.09 NOTE
r-release-linux-x86_64 1.0.1 2.02 29.10 31.12 NOTE
r-release-macos-arm64 1.0.1 16.00 OK
r-release-macos-x86_64 1.0.1 30.00 OK
r-release-windows-x86_64 1.0.1 5.00 46.00 51.00 OK
r-oldrel-macos-arm64 1.0.1 28.00 OK
r-oldrel-macos-x86_64 1.0.1 31.00 OK
r-oldrel-windows-ix86+x86_64 1.0.1 5.00 37.00 42.00 OK

Check Details

Version: 1.0.1
Check: Rd cross-references
Result: NOTE
    Unknown package 'IC2' in Rd xrefs
Flavors: r-devel-linux-x86_64-debian-clang, r-devel-linux-x86_64-debian-gcc, r-devel-linux-x86_64-fedora-gcc, r-patched-linux-x86_64, r-release-linux-x86_64

Version: 1.0.1
Check: Rd cross-references
Result: NOTE
    Undeclared packages ‘ineq’, ‘IC2’ in Rd xrefs
    Unknown package ‘IC2’ in Rd xrefs
Flavor: r-devel-linux-x86_64-fedora-clang