Last updated on 2022-07-06 10:54:32 CEST.
Flavor | Version | Tinstall | Tcheck | Ttotal | Status | Flags |
---|---|---|---|---|---|---|
r-devel-linux-x86_64-debian-clang | 1.0 | 9.02 | 146.08 | 155.10 | OK | |
r-devel-linux-x86_64-debian-gcc | 1.0 | 8.21 | 105.00 | 113.21 | OK | |
r-devel-linux-x86_64-fedora-clang | 1.0 | 195.94 | OK | |||
r-devel-linux-x86_64-fedora-gcc | 1.0 | 189.36 | OK | |||
r-devel-windows-x86_64 | 1.0 | 29.00 | 160.00 | 189.00 | NOTE | |
r-patched-linux-x86_64 | 1.0 | 9.59 | 138.51 | 148.10 | OK | |
r-release-linux-x86_64 | 1.0 | 11.27 | 134.47 | 145.74 | OK | |
r-release-macos-arm64 | 1.0 | 49.00 | OK | |||
r-release-macos-x86_64 | 1.0 | 82.00 | OK | |||
r-release-windows-x86_64 | 1.0 | 22.00 | 175.00 | 197.00 | NOTE | |
r-oldrel-macos-arm64 | 1.0 | 43.00 | OK | |||
r-oldrel-macos-x86_64 | 1.0 | 63.00 | OK | |||
r-oldrel-windows-ix86+x86_64 | 1.0 | 26.00 | 153.00 | 179.00 | NOTE |
Version: 1.0
Check: package dependencies
Result: NOTE
Package suggested but not available for checking: 'doMC'
Flavors: r-devel-windows-x86_64, r-release-windows-x86_64, r-oldrel-windows-ix86+x86_64