CRAN Package Check Results for Package GlobalOptions

Last updated on 2018-02-24 18:48:58 CET.

Flavor Version Tinstall Tcheck Ttotal Status Flags
r-devel-linux-x86_64-debian-clang 0.0.12 1.73 23.09 24.82 NOTE
r-devel-linux-x86_64-debian-gcc 0.0.12 1.06 18.49 19.55 NOTE
r-devel-linux-x86_64-fedora-clang 0.0.12 29.93 NOTE
r-devel-linux-x86_64-fedora-gcc 0.0.12 31.18 NOTE
r-devel-windows-ix86+x86_64 0.0.12 5.00 47.00 52.00 OK
r-patched-linux-x86_64 0.0.12 1.10 24.77 25.87 NOTE
r-patched-solaris-x86 0.0.12 43.00 NOTE
r-release-linux-x86_64 0.0.12 1.34 24.67 26.01 NOTE
r-release-windows-ix86+x86_64 0.0.12 3.00 49.00 52.00 OK
r-release-osx-x86_64 0.0.12 OK
r-oldrel-windows-ix86+x86_64 0.0.12 3.00 34.00 37.00 OK
r-oldrel-osx-x86_64 0.0.12 OK

Check Details

Version: 0.0.12
Check: S3 generic/method consistency
Result: NOTE
    Found the following apparent S3 methods exported but not registered:
     $.GlobalOptionsFun $<-.GlobalOptionsFun
    See section ‘Registering S3 methods’ in the ‘Writing R Extensions’
    manual.
Flavors: r-devel-linux-x86_64-debian-clang, r-devel-linux-x86_64-debian-gcc, r-devel-linux-x86_64-fedora-clang, r-devel-linux-x86_64-fedora-gcc, r-patched-linux-x86_64, r-patched-solaris-x86, r-release-linux-x86_64