CRAN Package Check Results for Package Gmisc

Last updated on 2018-08-16 12:50:13 CEST.

Flavor Version Tinstall Tcheck Ttotal Status Flags
r-devel-linux-x86_64-debian-clang 1.6.2 34.58 145.88 180.46 OK
r-devel-linux-x86_64-debian-gcc 1.6.2 31.76 114.74 146.50 OK
r-devel-linux-x86_64-fedora-clang 1.6.2 226.38 OK
r-devel-linux-x86_64-fedora-gcc 1.6.2 217.04 OK
r-devel-windows-ix86+x86_64 1.6.2 95.00 287.00 382.00 WARN
r-patched-linux-x86_64 1.6.2 35.56 127.16 162.72 OK
r-patched-solaris-x86 1.6.2 250.10 OK --no-tests
r-release-linux-x86_64 1.6.2 36.70 125.68 162.38 OK
r-release-windows-ix86+x86_64 1.6.2 67.00 277.00 344.00 WARN
r-release-osx-x86_64 1.6.2 OK
r-oldrel-windows-ix86+x86_64 1.6.2 82.00 226.00 308.00 WARN
r-oldrel-osx-x86_64 1.6.2 OK

Check Details

Version: 1.6.2
Check: whether package can be installed
Result: WARN
    Found the following significant warnings:
     Warning: S3 methods '[.fun_list', '[.grouped_df', 'all.equal.tbl_df', 'anti_join.data.frame', 'anti_join.tbl_df', 'arrange.data.frame', 'arrange.default', 'arrange.grouped_df', 'arrange.tbl_df', 'arrange_.data.frame', 'arrange_.tbl_df', 'as.data.frame.grouped_df', 'as.data.frame.rowwise_df', 'as.data.frame.tbl_cube', 'as.data.frame.tbl_df', 'as.table.tbl_cube', 'as.tbl.data.frame', 'as.tbl.tbl', 'as.tbl_cube.array', 'as.tbl_cube.data.frame', 'as.tbl_cube.matrix', 'as.tbl_cube.table', 'as_data_frame.grouped_df', 'as_data_frame.tbl_cube', 'auto_copy.tbl_cube', 'auto_copy.tbl_df', 'cbind.grouped_df', 'collapse.data.frame', 'collect.data.frame', 'common_by.NULL', 'common_by.character', 'common_by.default', 'common_by.list', 'compute.data.frame', 'copy_to.DBIConnection', 'copy_to.src_local', 'default_missing.data.frame', 'default_missing.default', 'dim.tbl_cube', 'distinct.data.frame', 'distinct.default', 'distinct.grouped_df', 'distinct.tbl_df', 'distinct_.data.frame', 'distinct_.grouped_df', 'dist [... truncated]
Flavors: r-devel-windows-ix86+x86_64, r-release-windows-ix86+x86_64, r-oldrel-windows-ix86+x86_64