CRAN Package Check Results for Package Gmisc

Last updated on 2018-10-17 07:50:58 CEST.

Flavor Version Tinstall Tcheck Ttotal Status Flags
r-devel-linux-x86_64-debian-clang 1.6.4 31.40 147.34 178.74 OK
r-devel-linux-x86_64-debian-gcc 1.6.4 31.17 115.56 146.73 OK
r-devel-linux-x86_64-fedora-clang 1.6.4 230.86 OK
r-devel-linux-x86_64-fedora-gcc 1.6.4 224.21 OK
r-devel-windows-ix86+x86_64 1.6.4 92.00 276.00 368.00 OK
r-patched-linux-x86_64 1.6.4 27.49 126.48 153.97 OK
r-patched-solaris-x86 1.6.4 249.80 OK --no-tests
r-release-linux-x86_64 1.6.4 34.55 126.84 161.39 OK
r-release-windows-ix86+x86_64 1.6.4 86.00 242.00 328.00 WARN
r-release-osx-x86_64 1.6.4 OK
r-oldrel-windows-ix86+x86_64 1.6.4 85.00 274.00 359.00 OK
r-oldrel-osx-x86_64 1.6.4 OK

Check Details

Version: 1.6.4
Check: whether package can be installed
Result: WARN
    Found the following significant warnings:
     Warning: S3 methods '[.fun_list', '[.grouped_df', 'all.equal.tbl_df', 'anti_join.data.frame', 'anti_join.tbl_df', 'arrange.data.frame', 'arrange.default', 'arrange.grouped_df', 'arrange.tbl_df', 'arrange_.data.frame', 'arrange_.tbl_df', 'as.data.frame.grouped_df', 'as.data.frame.rowwise_df', 'as.data.frame.tbl_cube', 'as.data.frame.tbl_df', 'as.table.tbl_cube', 'as.tbl.data.frame', 'as.tbl.tbl', 'as.tbl_cube.array', 'as.tbl_cube.data.frame', 'as.tbl_cube.matrix', 'as.tbl_cube.table', 'as_data_frame.grouped_df', 'as_data_frame.tbl_cube', 'auto_copy.tbl_cube', 'auto_copy.tbl_df', 'cbind.grouped_df', 'collapse.data.frame', 'collect.data.frame', 'common_by.NULL', 'common_by.character', 'common_by.default', 'common_by.list', 'compute.data.frame', 'copy_to.DBIConnection', 'copy_to.src_local', 'default_missing.data.frame', 'default_missing.default', 'dim.tbl_cube', 'distinct.data.frame', 'distinct.default', 'distinct.grouped_df', 'distinct.tbl_df', 'distinct_.data.frame', 'distinct_.grouped_df', 'dist [... truncated]
Flavor: r-release-windows-ix86+x86_64