CRAN Package Check Results for Package Gmisc

Last updated on 2018-02-22 12:49:01 CET.

Flavor Version Tinstall Tcheck Ttotal Status Flags
r-devel-linux-x86_64-debian-clang 1.5 29.94 112.84 142.78 ERROR
r-devel-linux-x86_64-debian-gcc 1.5 25.02 103.58 128.60 ERROR
r-devel-linux-x86_64-fedora-clang 1.5 204.11 OK
r-devel-linux-x86_64-fedora-gcc 1.5 194.29 OK
r-devel-windows-ix86+x86_64 1.5 69.00 181.00 250.00 OK
r-patched-linux-x86_64 1.5 29.02 145.08 174.10 ERROR
r-patched-solaris-x86 1.5 247.30 OK --no-tests
r-release-linux-x86_64 1.5 26.79 143.41 170.20 ERROR
r-release-windows-ix86+x86_64 1.5 83.00 271.00 354.00 OK
r-release-osx-x86_64 1.5 ERROR
r-oldrel-windows-ix86+x86_64 1.5 65.00 181.00 246.00 OK
r-oldrel-osx-x86_64 1.5 ERROR

Check Details

Version: 1.5
Check: whether package can be installed
Result: WARN
    Found the following significant warnings:
     bezierArrowFn.cpp:32:36: warning: using integer absolute value function 'abs' when argument is of floating point type [-Wabsolute-value]
     bezierArrowFn.cpp:33:35: warning: using integer absolute value function 'abs' when argument is of floating point type [-Wabsolute-value]
Flavor: r-devel-linux-x86_64-debian-clang

Version: 1.5
Check: tests
Result: ERROR
     Running ‘testthat.R’ [6s/7s]
    Running the tests in ‘tests/testthat.R’ failed.
    Complete output:
     > library('testthat')
     >
     > test_check('Gmisc')
     Loading required package: Gmisc
     Loading required package: Rcpp
     Loading required package: htmlTable
     ordinary text without R code
    
     label: htmlTable (with options)
     List of 3
     $ results: chr "asis"
     $ echo : logi FALSE
     $ message: logi FALSE
    
     ordinary text without R code
    
     label: Basic_graph
     ordinary text without R code
    
     label: Height_width_caption (with options)
     List of 3
     $ fig.width : num 3
     $ fig.height: num 3
     $ fig.cap : chr "Test: Height, width, and caption"
    
     ordinary text without R code
    
     label: Height_width_caption_dpi (with options)
     List of 4
     $ fig.width : num 3
     $ fig.height: num 3
     $ dpi : num 300
     $ fig.cap : chr "Test: Height, width, caption, and dpi"
    
     ordinary text without R code
    
     label: Height_width_caption_dpi_out.height_out.width (with options)
     List of 6
     $ out.height: num 288
     $ out.width : num 288
     $ fig.width : num 3
     $ fig.height: num 3
     $ dpi : num 300
     $ fig.cap : chr "Test: Height, width, caption, dpi, out.height, out.width"
    
     ordinary text without R code
    
     label: Highlighting (with options)
     List of 1
     $ echo: logi TRUE
    
     ordinary text without R code
    
     ── 1. Error: (unknown) (@test-fig_caption.R#6) ───────────────────────────
     cannot open the connection
     1: rmarkdown::render(fn, output_file = file.path(td, "tmp.html")) at testthat/test-fig_caption.R:6
     2: knitr::knit(knit_input, knit_output, envir = envir, quiet = quiet, encoding = encoding)
     3: writeLines(if (encoding == "") res else native_encode(res, to = encoding), con = output,
     useBytes = encoding != "")
     4: file(con, "w")
    
     ══ testthat results ═══════════════════════════════════════════════════════════
     OK: 313 SKIPPED: 0 FAILED: 1
     1. Error: (unknown) (@test-fig_caption.R#6)
    
     Error: testthat unit tests failed
     Execution halted
Flavor: r-devel-linux-x86_64-debian-clang

Version: 1.5
Check: tests
Result: ERROR
     Running ‘testthat.R’ [6s/10s]
    Running the tests in ‘tests/testthat.R’ failed.
    Complete output:
     > library('testthat')
     >
     > test_check('Gmisc')
     Loading required package: Gmisc
     Loading required package: Rcpp
     Loading required package: htmlTable
     ordinary text without R code
    
     label: htmlTable (with options)
     List of 3
     $ results: chr "asis"
     $ echo : logi FALSE
     $ message: logi FALSE
    
     ordinary text without R code
    
     label: Basic_graph
     ordinary text without R code
    
     label: Height_width_caption (with options)
     List of 3
     $ fig.width : num 3
     $ fig.height: num 3
     $ fig.cap : chr "Test: Height, width, and caption"
    
     ordinary text without R code
    
     label: Height_width_caption_dpi (with options)
     List of 4
     $ fig.width : num 3
     $ fig.height: num 3
     $ dpi : num 300
     $ fig.cap : chr "Test: Height, width, caption, and dpi"
    
     ordinary text without R code
    
     label: Height_width_caption_dpi_out.height_out.width (with options)
     List of 6
     $ out.height: num 288
     $ out.width : num 288
     $ fig.width : num 3
     $ fig.height: num 3
     $ dpi : num 300
     $ fig.cap : chr "Test: Height, width, caption, dpi, out.height, out.width"
    
     ordinary text without R code
    
     label: Highlighting (with options)
     List of 1
     $ echo: logi TRUE
    
     ordinary text without R code
    
     ── 1. Error: (unknown) (@test-fig_caption.R#6) ───────────────────────────
     cannot open the connection
     1: rmarkdown::render(fn, output_file = file.path(td, "tmp.html")) at testthat/test-fig_caption.R:6
     2: knitr::knit(knit_input, knit_output, envir = envir, quiet = quiet, encoding = encoding)
     3: writeLines(if (encoding == "") res else native_encode(res, to = encoding), con = output,
     useBytes = encoding != "")
     4: file(con, "w")
    
     ══ testthat results ═══════════════════════════════════════════════════════════
     OK: 313 SKIPPED: 0 FAILED: 1
     1. Error: (unknown) (@test-fig_caption.R#6)
    
     Error: testthat unit tests failed
     Execution halted
Flavor: r-devel-linux-x86_64-debian-gcc

Version: 1.5
Check: tests
Result: ERROR
     Running ‘testthat.R’ [11s/14s]
    Running the tests in ‘tests/testthat.R’ failed.
    Complete output:
     > library('testthat')
     >
     > test_check('Gmisc')
     Loading required package: Gmisc
     Loading required package: Rcpp
     Loading required package: htmlTable
     ordinary text without R code
    
     label: htmlTable (with options)
     List of 3
     $ results: chr "asis"
     $ echo : logi FALSE
     $ message: logi FALSE
    
     ordinary text without R code
    
     label: Basic_graph
     ordinary text without R code
    
     label: Height_width_caption (with options)
     List of 3
     $ fig.width : num 3
     $ fig.height: num 3
     $ fig.cap : chr "Test: Height, width, and caption"
    
     ordinary text without R code
    
     label: Height_width_caption_dpi (with options)
     List of 4
     $ fig.width : num 3
     $ fig.height: num 3
     $ dpi : num 300
     $ fig.cap : chr "Test: Height, width, caption, and dpi"
    
     ordinary text without R code
    
     label: Height_width_caption_dpi_out.height_out.width (with options)
     List of 6
     $ out.height: num 288
     $ out.width : num 288
     $ fig.width : num 3
     $ fig.height: num 3
     $ dpi : num 300
     $ fig.cap : chr "Test: Height, width, caption, dpi, out.height, out.width"
    
     ordinary text without R code
    
     label: Highlighting (with options)
     List of 1
     $ echo: logi TRUE
    
     ordinary text without R code
    
     ── 1. Error: (unknown) (@test-fig_caption.R#6) ───────────────────────────
     cannot open the connection
     1: rmarkdown::render(fn, output_file = file.path(td, "tmp.html")) at testthat/test-fig_caption.R:6
     2: knitr::knit(knit_input, knit_output, envir = envir, quiet = quiet, encoding = encoding)
     3: writeLines(if (encoding == "") res else native_encode(res, to = encoding), con = output,
     useBytes = encoding != "")
     4: file(con, "w")
    
     ══ testthat results ═══════════════════════════════════════════════════════════
     OK: 313 SKIPPED: 0 FAILED: 1
     1. Error: (unknown) (@test-fig_caption.R#6)
    
     Error: testthat unit tests failed
     Execution halted
Flavor: r-patched-linux-x86_64

Version: 1.5
Check: tests
Result: ERROR
     Running ‘testthat.R’ [11s/13s]
    Running the tests in ‘tests/testthat.R’ failed.
    Complete output:
     > library('testthat')
     >
     > test_check('Gmisc')
     Loading required package: Gmisc
     Loading required package: Rcpp
     Loading required package: htmlTable
     ordinary text without R code
    
     label: htmlTable (with options)
     List of 3
     $ results: chr "asis"
     $ echo : logi FALSE
     $ message: logi FALSE
    
     ordinary text without R code
    
     label: Basic_graph
     ordinary text without R code
    
     label: Height_width_caption (with options)
     List of 3
     $ fig.width : num 3
     $ fig.height: num 3
     $ fig.cap : chr "Test: Height, width, and caption"
    
     ordinary text without R code
    
     label: Height_width_caption_dpi (with options)
     List of 4
     $ fig.width : num 3
     $ fig.height: num 3
     $ dpi : num 300
     $ fig.cap : chr "Test: Height, width, caption, and dpi"
    
     ordinary text without R code
    
     label: Height_width_caption_dpi_out.height_out.width (with options)
     List of 6
     $ out.height: num 288
     $ out.width : num 288
     $ fig.width : num 3
     $ fig.height: num 3
     $ dpi : num 300
     $ fig.cap : chr "Test: Height, width, caption, dpi, out.height, out.width"
    
     ordinary text without R code
    
     label: Highlighting (with options)
     List of 1
     $ echo: logi TRUE
    
     ordinary text without R code
    
     ── 1. Error: (unknown) (@test-fig_caption.R#6) ───────────────────────────
     cannot open the connection
     1: rmarkdown::render(fn, output_file = file.path(td, "tmp.html")) at testthat/test-fig_caption.R:6
     2: knitr::knit(knit_input, knit_output, envir = envir, quiet = quiet, encoding = encoding)
     3: writeLines(if (encoding == "") res else native_encode(res, to = encoding), con = output,
     useBytes = encoding != "")
     4: file(con, "w")
    
     ══ testthat results ═══════════════════════════════════════════════════════════
     OK: 313 SKIPPED: 0 FAILED: 1
     1. Error: (unknown) (@test-fig_caption.R#6)
    
     Error: testthat unit tests failed
     Execution halted
Flavor: r-release-linux-x86_64

Version: 1.5
Check: tests
Result: ERROR
     Running ‘testthat.R’ [6s/6s]
    Running the tests in ‘tests/testthat.R’ failed.
    Last 13 lines of output:
     Loading required package: Gmisc
     Loading required package: Rcpp
     Loading required package: htmlTable
     ── 1. Error: (unknown) (@test-fig_caption.R#6) ────────────────────────────────
     pandoc version 1.12.3 or higher is required and was not found (see the help page ?rmarkdown::pandoc_available).
     1: rmarkdown::render(fn, output_file = file.path(td, "tmp.html")) at testthat/test-fig_caption.R:6
     2: pandoc_available(required_pandoc, error = TRUE)
     3: stop(paste(msg, collapse = " "), call. = FALSE)
    
     ══ testthat results ═══════════════════════════════════════════════════════════
     OK: 311 SKIPPED: 0 FAILED: 1
     1. Error: (unknown) (@test-fig_caption.R#6)
    
     Error: testthat unit tests failed
     Execution halted
Flavor: r-release-osx-x86_64

Version: 1.5
Check: tests
Result: ERROR
    Running the tests in ‘tests/testthat.R’ failed.
    Last 13 lines of output:
     Loading required package: htmlTable
     ── 1. Error: (unknown) (@test-fig_caption.R#6) ────────────────────────────────
     pandoc version 1.12.3 or higher is required and was not found (see the help page ?rmarkdown::pandoc_available).
     1: rmarkdown::render(fn, output_file = file.path(td, "tmp.html")) at testthat/test-fig_caption.R:6
     2: pandoc_available(required_pandoc, error = TRUE)
     3: stop(paste(msg, collapse = " "), call. = FALSE)
    
     ══ testthat results ═══════════════════════════════════════════════════════════
     OK: 311 SKIPPED: 0 FAILED: 1
     1. Error: (unknown) (@test-fig_caption.R#6)
    
     Error: testthat unit tests failed
     Execution halted
Flavor: r-oldrel-osx-x86_64