Last updated on 2022-05-27 16:50:49 CEST.
Flavor | Version | Tinstall | Tcheck | Ttotal | Status | Flags |
---|---|---|---|---|---|---|
r-devel-linux-x86_64-debian-clang | 0.92 | 13.44 | 117.87 | 131.31 | OK | |
r-devel-linux-x86_64-debian-gcc | 0.92 | 9.64 | 87.27 | 96.91 | OK | |
r-devel-linux-x86_64-fedora-clang | 0.92 | 148.97 | NOTE | |||
r-devel-linux-x86_64-fedora-gcc | 0.92 | 149.79 | OK | |||
r-devel-windows-x86_64 | 0.92 | 19.00 | 124.00 | 143.00 | OK | |
r-patched-linux-x86_64 | 0.92 | 10.58 | 112.20 | 122.78 | OK | |
r-release-linux-x86_64 | 0.92 | 11.27 | 111.09 | 122.36 | OK | |
r-release-macos-arm64 | 0.92 | 40.00 | OK | |||
r-release-macos-x86_64 | 0.92 | 75.00 | OK | |||
r-release-windows-x86_64 | 0.92 | 17.00 | 128.00 | 145.00 | OK | |
r-oldrel-macos-arm64 | 0.92 | 44.00 | OK | |||
r-oldrel-macos-x86_64 | 0.92 | 56.00 | OK | |||
r-oldrel-windows-ix86+x86_64 | 0.92 | 26.00 | 120.00 | 146.00 | OK |
Version: 0.92
Check: Rd cross-references
Result: NOTE
Undeclared package ‘goftest’ in Rd xrefs
Flavor: r-devel-linux-x86_64-fedora-clang