CRAN Package Check Results for Package GpGp

Last updated on 2019-01-22 05:49:12 CET.

Flavor Version Tinstall Tcheck Ttotal Status Flags
r-devel-linux-x86_64-debian-clang 0.1.0 29.35 292.20 321.55 OK
r-devel-linux-x86_64-debian-gcc 0.1.0 26.63 215.44 242.07 OK
r-devel-linux-x86_64-fedora-clang 0.1.0 441.32 OK
r-devel-linux-x86_64-fedora-gcc 0.1.0 499.54 OK
r-devel-windows-ix86+x86_64 0.1.0 85.00 425.00 510.00 OK
r-patched-linux-x86_64 0.1.0 35.58 309.11 344.69 OK
r-patched-solaris-x86 0.1.0 189.60 WARN
r-release-linux-x86_64 0.1.0 34.43 310.24 344.67 OK
r-release-windows-ix86+x86_64 0.1.0 59.00 500.00 559.00 OK
r-release-osx-x86_64 0.1.0 OK
r-oldrel-windows-ix86+x86_64 0.1.0 79.00 437.00 516.00 OK
r-oldrel-osx-x86_64 0.1.0 OK

Additional issues

MKL

Check Details

Version: 0.1.0
Check: re-building of vignette outputs
Result: WARN
    Error in re-building vignettes:
     ...
    Warning in engine$weave(file, quiet = quiet, encoding = enc) :
     Pandoc (>= 1.12.3) and/or pandoc-citeproc not available. Falling back to R Markdown v1.
    Quitting from lines 73-80 (vignette_windspeed.Rmd)
    Error: processing vignette 'vignette_windspeed.Rmd' failed with diagnostics:
    Lapack routine dgesv: system is exactly singular: U[1,1] = 0
    Execution halted
Flavor: r-patched-solaris-x86