CRAN Package Check Results for Package GpGp

Last updated on 2018-04-23 00:46:37 CEST.

Flavor Version Tinstall Tcheck Ttotal Status Flags
r-devel-linux-x86_64-debian-clang 0.1.0 28.39 289.73 318.12 OK
r-devel-linux-x86_64-debian-gcc 0.1.0 23.81 273.19 297.00 OK
r-devel-linux-x86_64-fedora-clang 0.1.0 427.82 OK
r-devel-linux-x86_64-fedora-gcc 0.1.0 417.52 OK
r-devel-windows-ix86+x86_64 0.1.0 85.00 404.00 489.00 OK
r-devel-osx-x86_64 0.1.0 OK
r-patched-linux-x86_64 0.1.0 29.87 364.51 394.38 OK
r-patched-solaris-x86 0.1.0 441.10 OK
r-release-linux-x86_64 0.1.0 30.69 348.00 378.69 OK
r-release-windows-ix86+x86_64 0.1.0 70.00 476.00 546.00 OK
r-release-osx-x86_64 0.1.0 OK
r-oldrel-windows-ix86+x86_64 0.1.0 58.00 486.00 544.00 WARN

Check Details

Version: 0.1.0
Check: package subdirectories
Result: WARN
    Invalid citation information in 'inst/CITATION':
     Error in .citation(rval): attempt to set an attribute on NULL
Flavor: r-oldrel-windows-ix86+x86_64