CRAN Package Check Results for Package GpGp

Last updated on 2018-07-22 10:48:38 CEST.

Flavor Version Tinstall Tcheck Ttotal Status Flags
r-devel-linux-x86_64-debian-clang 0.1.0 27.57 687.93 715.50 WARN
r-devel-linux-x86_64-debian-gcc 0.1.0 26.10 285.50 311.60 OK
r-devel-linux-x86_64-fedora-clang 0.1.0 445.12 OK
r-devel-linux-x86_64-fedora-gcc 0.1.0 505.27 OK
r-devel-windows-ix86+x86_64 0.1.0 79.00 520.00 599.00 OK
r-patched-linux-x86_64 0.1.0 OK
r-patched-solaris-x86 0.1.0 605.50 OK
r-release-linux-x86_64 0.1.0 30.35 353.05 383.40 OK
r-release-windows-ix86+x86_64 0.1.0 74.00 446.00 520.00 OK
r-release-osx-x86_64 0.1.0 OK
r-oldrel-windows-ix86+x86_64 0.1.0 60.00 476.00 536.00 OK
r-oldrel-osx-x86_64 0.1.0 OK

Check Details

Version: 0.1.0
Check: re-building of vignette outputs
Result: WARN
    Error in re-building vignettes:
     ...
    Killed
Flavor: r-devel-linux-x86_64-debian-clang