CRAN Package Check Results for Package GpGp

Last updated on 2018-10-24 05:49:44 CEST.

Flavor Version Tinstall Tcheck Ttotal Status Flags
r-devel-linux-x86_64-debian-clang 0.1.0 32.37 319.70 352.07 OK
r-devel-linux-x86_64-debian-gcc 0.1.0 27.83 680.20 708.03 WARN
r-devel-linux-x86_64-fedora-clang 0.1.0 453.77 OK
r-devel-linux-x86_64-fedora-gcc 0.1.0 491.53 OK
r-devel-windows-ix86+x86_64 0.1.0 83.00 577.00 660.00 OK
r-patched-linux-x86_64 0.1.0 34.81 350.47 385.28 OK
r-patched-solaris-x86 0.1.0 588.90 OK
r-release-linux-x86_64 0.1.0 31.20 320.17 351.37 OK
r-release-windows-ix86+x86_64 0.1.0 79.00 494.00 573.00 OK
r-release-osx-x86_64 0.1.0 OK
r-oldrel-windows-ix86+x86_64 0.1.0 63.00 446.00 509.00 OK
r-oldrel-osx-x86_64 0.1.0 OK

Check Details

Version: 0.1.0
Check: re-building of vignette outputs
Result: WARN
    Error in re-building vignettes:
     ...
    Killed
Flavor: r-devel-linux-x86_64-debian-gcc