Last updated on 2023-12-01 12:52:21 CET.
Flavor | Version | Tinstall | Tcheck | Ttotal | Status | Flags |
---|---|---|---|---|---|---|
r-devel-linux-x86_64-debian-clang | 0.5.3 | 8.77 | 78.70 | 87.47 | NOTE | |
r-devel-linux-x86_64-debian-gcc | 0.5.3 | 6.60 | 61.48 | 68.08 | NOTE | |
r-devel-linux-x86_64-fedora-clang | 0.5.3 | 108.81 | NOTE | |||
r-devel-linux-x86_64-fedora-gcc | 0.5.3 | 107.49 | NOTE | |||
r-devel-windows-x86_64 | 0.5.3 | 8.00 | 98.00 | 106.00 | NOTE | |
r-patched-linux-x86_64 | 0.5.3 | 8.20 | 79.47 | 87.67 | NOTE | |
r-release-linux-x86_64 | 0.5.3 | 8.51 | 78.47 | 86.98 | NOTE | |
r-release-macos-arm64 | 0.5.3 | 40.00 | NOTE | |||
r-release-macos-x86_64 | 0.5.3 | 60.00 | NOTE | |||
r-release-windows-x86_64 | 0.5.3 | 9.00 | 108.00 | 117.00 | NOTE | |
r-oldrel-macos-arm64 | 0.5.3 | 37.00 | NOTE | |||
r-oldrel-macos-x86_64 | 0.5.3 | 48.00 | NOTE | |||
r-oldrel-windows-x86_64 | 0.5.3 | 10.00 | 106.00 | 116.00 | NOTE |
Version: 0.5.3
Check: LazyData
Result: NOTE
'LazyData' is specified without a 'data' directory
Flavors: r-devel-linux-x86_64-debian-clang, r-devel-linux-x86_64-debian-gcc, r-devel-linux-x86_64-fedora-clang, r-devel-linux-x86_64-fedora-gcc, r-devel-windows-x86_64, r-patched-linux-x86_64, r-release-linux-x86_64, r-release-macos-arm64, r-release-macos-x86_64, r-release-windows-x86_64, r-oldrel-macos-arm64, r-oldrel-macos-x86_64, r-oldrel-windows-x86_64