CRAN Package Check Results for Package Greg

Last updated on 2018-02-22 11:57:52 CET.

Flavor Version Tinstall Tcheck Ttotal Status Flags
r-devel-linux-x86_64-debian-clang 1.2 9.66 133.38 143.04 NOTE
r-devel-linux-x86_64-debian-gcc 1.2 8.90 118.25 127.15 NOTE
r-devel-linux-x86_64-fedora-clang 1.2 193.00 NOTE
r-devel-linux-x86_64-fedora-gcc 1.2 192.09 NOTE
r-devel-windows-ix86+x86_64 1.2 29.00 158.00 187.00 NOTE
r-patched-linux-x86_64 1.2 6.52 190.13 196.65 NOTE
r-patched-solaris-x86 1.2 331.70 NOTE
r-release-linux-x86_64 1.2 7.52 192.66 200.18 NOTE
r-release-windows-ix86+x86_64 1.2 25.00 267.00 292.00 NOTE
r-release-osx-x86_64 1.2 OK
r-oldrel-windows-ix86+x86_64 1.2 18.00 161.00 179.00 OK
r-oldrel-osx-x86_64 1.2 OK

Check Details

Version: 1.2
Check: S3 generic/method consistency
Result: NOTE
    Found the following apparent S3 methods exported but not registered:
     cbind.printCrudeAndAdjusted rbind.printCrudeAndAdjusted
    See section ‘Registering S3 methods’ in the ‘Writing R Extensions’
    manual.
Flavors: r-devel-linux-x86_64-debian-clang, r-devel-linux-x86_64-debian-gcc, r-devel-linux-x86_64-fedora-clang, r-devel-linux-x86_64-fedora-gcc, r-patched-linux-x86_64, r-patched-solaris-x86, r-release-linux-x86_64

Version: 1.2
Check: Rd \usage sections
Result: NOTE
    S3 methods shown with full name in documentation object 'printCrudeAndAdjustedModel':
     ‘rbind.printCrudeAndAdjusted’ ‘cbind.printCrudeAndAdjusted’
    
    The \usage entries for S3 methods should use the \method markup and not
    their full name.
    See chapter ‘Writing R documentation files’ in the ‘Writing R
    Extensions’ manual.
Flavors: r-devel-linux-x86_64-debian-clang, r-devel-linux-x86_64-debian-gcc, r-devel-linux-x86_64-fedora-clang, r-devel-linux-x86_64-fedora-gcc, r-devel-windows-ix86+x86_64, r-patched-linux-x86_64, r-patched-solaris-x86, r-release-linux-x86_64, r-release-windows-ix86+x86_64