CRAN Package Check Results for Package GxEScanR

Last updated on 2024-02-28 08:54:30 CET.

Flavor Version Tinstall Tcheck Ttotal Status Flags
r-devel-linux-x86_64-debian-clang 2.0.2 76.36 93.59 169.95 NOTE
r-devel-linux-x86_64-debian-gcc 2.0.2 62.16 71.05 133.21 NOTE
r-devel-linux-x86_64-fedora-clang 2.0.2 230.62 NOTE
r-devel-linux-x86_64-fedora-gcc 2.0.2 242.01 NOTE
r-devel-windows-x86_64 2.0.2 59.00 105.00 164.00 NOTE
r-patched-linux-x86_64 2.0.2 76.56 90.40 166.96 NOTE
r-release-linux-x86_64 2.0.2 77.77 92.66 170.43 NOTE
r-release-macos-arm64 2.0.2 70.00 NOTE
r-release-macos-x86_64 2.0.2 115.00 NOTE
r-release-windows-x86_64 2.0.2 75.00 123.00 198.00 NOTE
r-oldrel-macos-arm64 2.0.2 61.00 OK
r-oldrel-windows-x86_64 2.0.2 72.00 121.00 193.00 OK

Check Details

Version: 2.0.2
Check: C++ specification
Result: NOTE Specified C++11: please drop specification unless essential Flavors: r-devel-linux-x86_64-debian-clang, r-devel-linux-x86_64-debian-gcc, r-devel-linux-x86_64-fedora-clang, r-devel-linux-x86_64-fedora-gcc, r-devel-windows-x86_64, r-patched-linux-x86_64, r-release-linux-x86_64, r-release-macos-arm64, r-release-macos-x86_64, r-release-windows-x86_64