CRAN Package Check Results for Package HARtools

Last updated on 2018-10-21 17:54:10 CEST.

Flavor Version Tinstall Tcheck Ttotal Status Flags
r-devel-linux-x86_64-debian-clang 0.0.5 1.88 29.83 31.71 OK
r-devel-linux-x86_64-debian-gcc 0.0.5 1.61 24.23 25.84 OK
r-devel-linux-x86_64-fedora-clang 0.0.5 37.93 OK
r-devel-linux-x86_64-fedora-gcc 0.0.5 35.88 OK
r-devel-windows-ix86+x86_64 0.0.5 6.00 60.00 66.00 OK
r-patched-linux-x86_64 0.0.5 1.52 26.30 27.82 OK
r-patched-solaris-x86 0.0.5 51.80 WARN
r-release-linux-x86_64 0.0.5 0.44 2.09 2.53 ERROR
r-release-windows-ix86+x86_64 0.0.5 5.00 44.00 49.00 OK
r-release-osx-x86_64 0.0.5 WARN
r-oldrel-windows-ix86+x86_64 0.0.5 4.00 44.00 48.00 OK
r-oldrel-osx-x86_64 0.0.5 WARN

Check Details

Version: 0.0.5
Check: re-building of vignette outputs
Result: WARN
    Error in re-building vignettes:
     ...
    Warning in engine$weave(file, quiet = quiet, encoding = enc) :
     Pandoc (>= 1.12.3) and/or pandoc-citeproc not available. Falling back to R Markdown v1.
    Quitting from lines 122-128 (Basic_use.Rmd)
    Error: processing vignette 'Basic_use.Rmd' failed with diagnostics:
    there is no package called 'webshot'
    Execution halted
Flavor: r-patched-solaris-x86

Version: 0.0.5
Check: package dependencies
Result: ERROR
    Package required but not available: ‘htmlwidgets’
    
    See section ‘The DESCRIPTION file’ in the ‘Writing R Extensions’
    manual.
Flavor: r-release-linux-x86_64

Version: 0.0.5
Check: re-building of vignette outputs
Result: WARN
    Error in re-building vignettes:
     ...
    Warning in engine$weave(file, quiet = quiet, encoding = enc) :
     Pandoc (>= 1.12.3) and/or pandoc-citeproc not available. Falling back to R Markdown v1.
    Quitting from lines 122-128 (Basic_use.Rmd)
    Error: processing vignette 'Basic_use.Rmd' failed with diagnostics:
    cannot open the connection
    Execution halted
Flavor: r-release-osx-x86_64

Version: 0.0.5
Check: re-building of vignette outputs
Result: WARN
    Error in re-building vignettes:
     ...
    Warning in engine$weave(file, quiet = quiet, encoding = enc) :
     Pandoc (>= 1.12.3) and/or pandoc-citeproc not available. Falling back to R Markdown v1.
    Quitting from lines 67-70 (Basic_use.Rmd)
    Error: processing vignette 'Basic_use.Rmd' failed with diagnostics:
    HTTP error 403.
    Execution halted
Flavor: r-oldrel-osx-x86_64