CRAN Package Check Results for Package HARtools

Last updated on 2018-08-17 21:48:09 CEST.

Flavor Version Tinstall Tcheck Ttotal Status Flags
r-devel-linux-x86_64-debian-clang 0.0.5 2.19 29.71 31.90 OK
r-devel-linux-x86_64-debian-gcc 0.0.5 1.60 24.13 25.73 OK
r-devel-linux-x86_64-fedora-clang 0.0.5 37.55 OK
r-devel-linux-x86_64-fedora-gcc 0.0.5 35.74 OK
r-devel-windows-ix86+x86_64 0.0.5 8.00 59.00 67.00 OK
r-patched-linux-x86_64 0.0.5 1.51 26.47 27.98 OK
r-patched-solaris-x86 0.0.5 53.40 WARN
r-release-linux-x86_64 0.0.5 1.88 26.18 28.06 OK
r-release-windows-ix86+x86_64 0.0.5 6.00 66.00 72.00 OK
r-release-osx-x86_64 0.0.5 WARN
r-oldrel-windows-ix86+x86_64 0.0.5 4.00 41.00 45.00 OK
r-oldrel-osx-x86_64 0.0.5 WARN

Check Details

Version: 0.0.5
Check: re-building of vignette outputs
Result: WARN
    Error in re-building vignettes:
     ...
    Warning in engine$weave(file, quiet = quiet, encoding = enc) :
     Pandoc (>= 1.12.3) and/or pandoc-citeproc not available. Falling back to R Markdown v1.
    Quitting from lines 122-128 (Basic_use.Rmd)
    Error: processing vignette 'Basic_use.Rmd' failed with diagnostics:
    there is no package called 'webshot'
    Execution halted
Flavor: r-patched-solaris-x86

Version: 0.0.5
Check: re-building of vignette outputs
Result: WARN
    Error in re-building vignettes:
     ...
    Warning in engine$weave(file, quiet = quiet, encoding = enc) :
     Pandoc (>= 1.12.3) and/or pandoc-citeproc not available. Falling back to R Markdown v1.
    Quitting from lines 122-128 (Basic_use.Rmd)
    Error: processing vignette 'Basic_use.Rmd' failed with diagnostics:
    cannot open the connection
    Execution halted
Flavor: r-release-osx-x86_64

Version: 0.0.5
Check: re-building of vignette outputs
Result: WARN
    Error in re-building vignettes:
     ...
    Warning in engine$weave(file, quiet = quiet, encoding = enc) :
     Pandoc (>= 1.12.3) and/or pandoc-citeproc not available. Falling back to R Markdown v1.
    Quitting from lines 67-70 (Basic_use.Rmd)
    Error: processing vignette 'Basic_use.Rmd' failed with diagnostics:
    HTTP error 403.
    Execution halted
Flavor: r-oldrel-osx-x86_64