CRAN Package Check Results for Package HARtools

Last updated on 2018-05-27 16:50:06 CEST.

Flavor Version Tinstall Tcheck Ttotal Status Flags
r-devel-linux-x86_64-debian-clang 0.0.5 2.09 29.04 31.13 OK
r-devel-linux-x86_64-debian-gcc 0.0.5 1.58 22.82 24.40 OK
r-devel-linux-x86_64-fedora-clang 0.0.5 37.17 OK
r-devel-linux-x86_64-fedora-gcc 0.0.5 34.91 OK
r-devel-windows-ix86+x86_64 0.0.5 5.00 41.00 46.00 OK
r-patched-linux-x86_64 0.0.5 1.28 26.33 27.61 OK
r-patched-solaris-x86 0.0.5 54.10 WARN
r-release-linux-x86_64 0.0.5 1.78 26.17 27.95 OK
r-release-windows-ix86+x86_64 0.0.5 6.00 55.00 61.00 OK
r-release-osx-x86_64 0.0.5 WARN
r-oldrel-windows-ix86+x86_64 0.0.5 6.00 39.00 45.00 OK
r-oldrel-osx-x86_64 0.0.5 WARN

Check Details

Version: 0.0.5
Check: re-building of vignette outputs
Result: WARN
    Error in re-building vignettes:
     ...
    Warning in engine$weave(file, quiet = quiet, encoding = enc) :
     Pandoc (>= 1.12.3) and/or pandoc-citeproc not available. Falling back to R Markdown v1.
    Quitting from lines 122-128 (Basic_use.Rmd)
    Error: processing vignette 'Basic_use.Rmd' failed with diagnostics:
    there is no package called 'webshot'
    Execution halted
Flavor: r-patched-solaris-x86

Version: 0.0.5
Check: re-building of vignette outputs
Result: WARN
    Error in re-building vignettes:
     ...
    Warning in engine$weave(file, quiet = quiet, encoding = enc) :
     Pandoc (>= 1.12.3) and/or pandoc-citeproc not available. Falling back to R Markdown v1.
    Quitting from lines 122-128 (Basic_use.Rmd)
    Error: processing vignette 'Basic_use.Rmd' failed with diagnostics:
    cannot open the connection
    Execution halted
Flavor: r-release-osx-x86_64

Version: 0.0.5
Check: re-building of vignette outputs
Result: WARN
    Error in re-building vignettes:
     ...
    Warning in engine$weave(file, quiet = quiet, encoding = enc) :
     Pandoc (>= 1.12.3) and/or pandoc-citeproc not available. Falling back to R Markdown v1.
    Quitting from lines 67-70 (Basic_use.Rmd)
    Error: processing vignette 'Basic_use.Rmd' failed with diagnostics:
    HTTP error 403.
    Execution halted
Flavor: r-oldrel-osx-x86_64