CRAN Package Check Results for Package HARtools

Last updated on 2018-02-22 04:48:30 CET.

Flavor Version Tinstall Tcheck Ttotal Status Flags
r-devel-linux-x86_64-debian-clang 0.0.5 1.81 23.91 25.72 OK
r-devel-linux-x86_64-debian-gcc 0.0.5 1.31 21.14 22.45 OK
r-devel-linux-x86_64-fedora-clang 0.0.5 34.14 OK
r-devel-linux-x86_64-fedora-gcc 0.0.5 32.34 OK
r-devel-windows-ix86+x86_64 0.0.5 5.00 41.00 46.00 OK
r-patched-linux-x86_64 0.0.5 1.45 27.49 28.94 OK
r-patched-solaris-x86 0.0.5 47.60 WARN
r-release-linux-x86_64 0.0.5 1.28 27.67 28.95 OK
r-release-windows-ix86+x86_64 0.0.5 7.00 53.00 60.00 OK
r-release-osx-x86_64 0.0.5 WARN
r-oldrel-windows-ix86+x86_64 0.0.5 4.00 36.00 40.00 OK
r-oldrel-osx-x86_64 0.0.5 WARN

Check Details

Version: 0.0.5
Check: re-building of vignette outputs
Result: WARN
    Error in re-building vignettes:
     ...
    Warning in engine$weave(file, quiet = quiet, encoding = enc) :
     Pandoc (>= 1.12.3) and/or pandoc-citeproc not available. Falling back to R Markdown v1.
    Quitting from lines 122-128 (Basic_use.Rmd)
    Error: processing vignette 'Basic_use.Rmd' failed with diagnostics:
    cannot open the connection
    Execution halted
Flavors: r-patched-solaris-x86, r-oldrel-osx-x86_64

Version: 0.0.5
Check: re-building of vignette outputs
Result: WARN
    Error in re-building vignettes:
     ...
    Warning in engine$weave(file, quiet = quiet, encoding = enc) :
     Pandoc (>= 1.12.3) and/or pandoc-citeproc not available. Falling back to R Markdown v1.
    Quitting from lines 67-70 (Basic_use.Rmd)
    Error: processing vignette 'Basic_use.Rmd' failed with diagnostics:
    HTTP error 403.
    Execution halted
Flavor: r-release-osx-x86_64