CRAN Package Check Results for Package HBP

Last updated on 2018-08-16 22:50:32 CEST.

Flavor Version Tinstall Tcheck Ttotal Status Flags
r-devel-linux-x86_64-debian-clang 0.1.2 37.42 362.65 400.07 OK
r-devel-linux-x86_64-debian-gcc 0.1.2 28.82 294.44 323.26 OK
r-devel-linux-x86_64-fedora-clang 0.1.2 477.75 OK
r-devel-linux-x86_64-fedora-gcc 0.1.2 472.60 OK
r-devel-windows-ix86+x86_64 0.1.2 81.00 473.00 554.00 OK
r-patched-linux-x86_64 0.1.2 31.04 290.43 321.47 OK
r-patched-solaris-x86 0.1.2 596.50 OK
r-release-linux-x86_64 0.1.2 31.71 288.58 320.29 OK
r-release-windows-ix86+x86_64 0.1.2 72.00 401.00 473.00 OK
r-release-osx-x86_64 0.1.2 ERROR
r-oldrel-windows-ix86+x86_64 0.1.2 63.00 379.00 442.00 OK
r-oldrel-osx-x86_64 0.1.2 NOTE

Check Details

Version: 0.1.2
Check: package dependencies
Result: ERROR
    Packages required but not available: ‘rtracklayer’ ‘HiTC’
    
    Package suggested but not available for checking: ‘BSgenome.Hsapiens.UCSC.hg19’
    
    See section ‘The DESCRIPTION file’ in the ‘Writing R Extensions’
    manual.
Flavor: r-release-osx-x86_64

Version: 0.1.2
Check: package dependencies
Result: NOTE
    Package suggested but not available for checking: ‘BSgenome.Hsapiens.UCSC.hg19’
Flavor: r-oldrel-osx-x86_64