CRAN Package Check Results for Package HBP

Last updated on 2018-05-25 20:46:46 CEST.

Flavor Version Tinstall Tcheck Ttotal Status Flags
r-devel-linux-x86_64-debian-clang 0.1.2 33.66 356.79 390.45 OK
r-devel-linux-x86_64-debian-gcc 0.1.2 29.94 281.95 311.89 OK
r-devel-linux-x86_64-fedora-clang 0.1.2 479.64 OK
r-devel-linux-x86_64-fedora-gcc 0.1.2 467.76 OK
r-devel-windows-ix86+x86_64 0.1.2 58.00 330.00 388.00 OK
r-patched-linux-x86_64 0.1.2 27.06 284.10 311.16 OK
r-patched-solaris-x86 0.1.2 594.90 OK
r-release-linux-x86_64 0.1.2 31.01 283.56 314.57 OK
r-release-windows-ix86+x86_64 0.1.2 69.00 388.00 457.00 OK
r-release-osx-x86_64 0.1.2 ERROR
r-oldrel-windows-ix86+x86_64 0.1.2 56.00 265.00 321.00 OK
r-oldrel-osx-x86_64 0.1.2 NOTE

Check Details

Version: 0.1.2
Check: package dependencies
Result: ERROR
    Packages required but not available: ‘rtracklayer’ ‘HiTC’
    
    Package suggested but not available for checking: ‘BSgenome.Hsapiens.UCSC.hg19’
    
    See section ‘The DESCRIPTION file’ in the ‘Writing R Extensions’
    manual.
Flavor: r-release-osx-x86_64

Version: 0.1.2
Check: package dependencies
Result: NOTE
    Package suggested but not available for checking: ‘BSgenome.Hsapiens.UCSC.hg19’
Flavor: r-oldrel-osx-x86_64