CRAN Package Check Results for Package HBP

Last updated on 2018-02-19 21:49:34 CET.

Flavor Version Tinstall Tcheck Ttotal Status Flags
r-devel-linux-x86_64-debian-clang 0.1.2 26.19 254.50 280.69 OK
r-devel-linux-x86_64-debian-gcc 0.1.2 25.96 232.31 258.27 OK
r-devel-windows-ix86+x86_64 0.1.2 43.00 244.00 287.00 OK
r-patched-linux-x86_64 0.1.2 23.17 275.50 298.67 OK
r-patched-solaris-x86 0.1.2 519.90 OK
r-release-linux-x86_64 0.1.2 20.17 274.32 294.49 OK
r-release-windows-ix86+x86_64 0.1.2 58.00 371.00 429.00 OK
r-release-osx-x86_64 0.1.2 ERROR
r-oldrel-windows-ix86+x86_64 0.1.2 52.00 331.00 383.00 OK
r-oldrel-osx-x86_64 0.1.2 OK

Check Details

Version: 0.1.2
Check: package dependencies
Result: ERROR
    Packages required but not available: ‘rtracklayer’ ‘OmicCircos’ ‘HiTC’
    
    Package suggested but not available for checking: ‘BSgenome.Hsapiens.UCSC.hg19’
    
    See section ‘The DESCRIPTION file’ in the ‘Writing R Extensions’
    manual.
Flavor: r-release-osx-x86_64