CRAN Package Check Results for Package HEMDAG

Last updated on 2020-02-24 15:47:56 CET.

Flavor Version Tinstall Tcheck Ttotal Status Flags
r-devel-linux-x86_64-debian-clang 2.6.0 12.30 99.50 111.80 ERROR
r-devel-linux-x86_64-debian-gcc 2.6.0 10.45 104.41 114.86 OK
r-devel-linux-x86_64-fedora-clang 2.6.0 180.59 OK
r-devel-linux-x86_64-fedora-gcc 2.6.0 171.10 OK
r-devel-windows-ix86+x86_64 2.6.0 29.00 221.00 250.00 OK
r-devel-windows-ix86+x86_64-gcc8 2.6.0 45.00 309.00 354.00 OK
r-patched-linux-x86_64 2.6.0 OK
r-patched-solaris-x86 2.6.0 201.70 OK
r-release-linux-x86_64 2.6.0 11.84 122.24 134.08 OK
r-release-windows-ix86+x86_64 2.6.0 26.00 216.00 242.00 OK
r-release-osx-x86_64 2.6.0 OK
r-oldrel-windows-ix86+x86_64 2.6.0 23.00 221.00 244.00 OK
r-oldrel-osx-x86_64 2.6.0 OK

Check Details

Version: 2.6.0
Check: examples
Result: ERROR
    Running examples in 'HEMDAG-Ex.R' failed
    The error most likely occurred in:
    
    > base::assign(".ptime", proc.time(), pos = "CheckExEnv")
    > ### Name: Do.HTD.holdout
    > ### Title: HTD-DAG holdout
    > ### Aliases: Do.HTD.holdout
    >
    > ### ** Examples
    >
    > data(graph);
    > data(scores);
    > data(labels);
    > data(test.index);
    > tmpdir <- paste0(tempdir(),"/");
    > save(g, file=paste0(tmpdir,"graph.rda"));
    > save(L, file=paste0(tmpdir,"labels.rda"));
    > save(S, file=paste0(tmpdir,"scores.rda"));
    > save(test.index, file=paste0(tmpdir,"test.index.rda"));
    > ind.dir <- dag.dir <- flat.dir <- ann.dir <- tmpdir;
    > hierScore.dir <- perf.dir <- tmpdir;
    > recall.levels <- seq(from=0.2, to=1, by=0.4);
    > ind.test.set <- "test.index";
    > dag.file <- "graph";
    > flat.file <- "scores";
    > ann.file <- "labels";
    > Do.HTD.holdout(norm=FALSE, norm.type="MaxNorm", n.round=3, f.criterion ="F", folds=5, seed=23,
    + recall.levels=recall.levels, compute.performance=TRUE, flat.file=flat.file, ann.file=ann.file,
    + dag.file=dag.file, ind.test.set=ind.test.set, ind.dir=ind.dir, flat.dir=flat.dir, ann.dir=ann.dir,
    + dag.dir=dag.dir, hierScore.dir=hierScore.dir, perf.dir=perf.dir);
    MaxNorm NORMALIZATION: DONE
    Error: assert_that: missing values present in assertion
    Execution halted
Flavor: r-devel-linux-x86_64-debian-clang