CRAN Package Check Results for Package HEMDAG

Last updated on 2019-09-21 07:49:13 CEST.

Flavor Version Tinstall Tcheck Ttotal Status Flags
r-devel-linux-x86_64-debian-clang 2.4.8 12.23 124.99 137.22 OK
r-devel-linux-x86_64-debian-gcc 2.4.8 10.22 96.97 107.19 OK
r-devel-linux-x86_64-fedora-clang 2.4.8 162.03 OK
r-devel-linux-x86_64-fedora-gcc 2.4.8 158.68 OK
r-devel-windows-ix86+x86_64 2.4.8 48.00 207.00 255.00 OK
r-patched-linux-x86_64 2.4.8 10.31 121.36 131.67 OK
r-patched-solaris-x86 2.4.8 200.70 OK
r-release-linux-x86_64 2.4.8 10.62 122.22 132.84 OK
r-release-windows-ix86+x86_64 2.4.8 29.00 215.00 244.00 OK
r-release-osx-x86_64 2.4.8 ERROR
r-oldrel-windows-ix86+x86_64 2.4.8 22.00 202.00 224.00 OK
r-oldrel-osx-x86_64 2.4.8 OK

Check Details

Version: 2.4.8
Check: package dependencies
Result: ERROR
    Packages required but not available: 'graph', 'RBGL', 'preprocessCore'
    
    Package suggested but not available for checking: ‘Rgraphviz’
    
    See section ‘The DESCRIPTION file’ in the ‘Writing R Extensions’
    manual.
Flavor: r-release-osx-x86_64