CRAN Package Check Results for Package HH

Last updated on 2021-04-23 08:47:25 CEST.

Flavor Version Tinstall Tcheck Ttotal Status Flags
r-devel-linux-x86_64-debian-clang 3.1-43 30.90 320.94 351.84 OK
r-devel-linux-x86_64-debian-gcc 3.1-43 25.02 241.61 266.63 OK
r-devel-linux-x86_64-fedora-clang 3.1-43 413.22 OK
r-devel-linux-x86_64-fedora-gcc 3.1-43 402.43 OK
r-devel-windows-ix86+x86_64 3.1-43 59.00 387.00 446.00 OK
r-devel-windows-x86_64-gcc10-UCRT 3.1-43 OK
r-patched-linux-x86_64 3.1-43 37.13 301.37 338.50 WARN
r-patched-solaris-x86 3.1-43 550.90 OK
r-release-linux-x86_64 3.1-43 26.29 291.76 318.05 OK
r-release-macos-x86_64 3.1-43 OK
r-release-windows-ix86+x86_64 3.1-43 56.00 385.00 441.00 OK
r-oldrel-macos-x86_64 3.1-43 OK
r-oldrel-windows-ix86+x86_64 3.1-43 57.00 400.00 457.00 OK

Check Details

Version: 3.1-43
Check: whether package can be installed
Result: WARN
    Found the following significant warnings:
     Rd warning: Previous alias or file overwritten by alias: persp.plane
     Rd warning: Previous alias or file overwritten by alias: print.mmc.multicomp
     Rd warning: Previous alias or file overwritten by alias: mmc
Flavor: r-patched-linux-x86_64