CRAN Package Check Results for Package HIBPwned

Last updated on 2017-12-17 22:48:52 CET.

Flavor Version Tinstall Tcheck Ttotal Status Flags
r-devel-linux-x86_64-debian-clang 0.1.6 0.75 25.34 26.09 OK
r-devel-linux-x86_64-debian-gcc OK
r-devel-linux-x86_64-fedora-clang 0.1.6 31.38 NOTE
r-devel-linux-x86_64-fedora-gcc 0.1.6 30.73 NOTE
r-devel-windows-ix86+x86_64 0.1.6 2.00 107.00 109.00 OK
r-patched-linux-x86_64 0.1.6 0.87 23.42 24.29 OK
r-patched-solaris-x86 0.1.6 38.60 NOTE
r-release-linux-x86_64 0.1.6 0.80 23.73 24.53 OK
r-release-windows-ix86+x86_64 0.1.6 3.00 107.00 110.00 OK
r-release-osx-x86_64 0.1.6 NOTE
r-oldrel-windows-ix86+x86_64 0.1.6 4.00 105.00 109.00 OK
r-oldrel-osx-x86_64 0.1.6 ERROR

Check Details

Version: 0.1.6
Check: dependencies in R code
Result: NOTE
    Namespace in Imports field not imported from: ‘ratelimitr’
     All declared Imports should be used.
Flavors: r-devel-linux-x86_64-fedora-clang, r-devel-linux-x86_64-fedora-gcc, r-patched-solaris-x86, r-release-osx-x86_64, r-oldrel-osx-x86_64

Version: 0.1.6
Check: examples
Result: ERROR
    Running examples in ‘HIBPwned-Ex.R’ failed
    The error most likely occurred in:
    
    > ### Name: account_breaches
    > ### Title: Search for data breaches associated with one or more accounts.
    > ### Aliases: account_breaches
    >
    > ### ** Examples
    >
    > account_breaches(c("steff.sullivan@gmail.com","stephanie.g.locke@gmail.com"))
    Error in curl::curl_fetch_memory(url, handle = handle) :
     SSL certificate problem: Invalid certificate chain
    Calls: account_breaches ... request_fetch -> request_fetch.write_memory -> <Anonymous> -> .Call
    Execution halted
Flavor: r-oldrel-osx-x86_64

Version: 0.1.6
Check: tests
Result: ERROR
    Running the tests in ‘tests/testthat.R’ failed.
    Last 13 lines of output:
    
     ══ testthat results ═══════════════════════════════════════════════════════════
     OK: 31 SKIPPED: 0 FAILED: 7
     1. Error: account_breaches works for a single account (@test-account_breaches.R#8)
     2. Error: account_breaches works for multiple accounts (@test-account_breaches.R#54)
     3. Error: breached_site works (@test-breached_site.R#6)
     4. Error: breached_sites works (@test-breached_sites.R#6)
     5. Error: data_classes works (@test-data_classes.R#4)
     6. Error: pastes works for a single account (@test-pastes.R#8)
     7. Error: pastes works for multiple accounts (@test-pastes.R#26)
    
     Error: testthat unit tests failed
     Execution halted
Flavor: r-oldrel-osx-x86_64

Version: 0.1.6
Check: re-building of vignette outputs
Result: WARN
    Error in re-building vignettes:
     ...
    Warning in engine$weave(file, quiet = quiet, encoding = enc) :
     Pandoc (>= 1.12.3) and/or pandoc-citeproc not available. Falling back to R Markdown v1.
    Quitting from lines 23-24 (HIBP.Rmd)
    Error: processing vignette 'HIBP.Rmd' failed with diagnostics:
    SSL certificate problem: Invalid certificate chain
    Execution halted
Flavor: r-oldrel-osx-x86_64