CRAN Package Check Results for Package HIBPwned

Last updated on 2018-08-15 21:48:37 CEST.

Flavor Version Tinstall Tcheck Ttotal Status Flags
r-devel-linux-x86_64-debian-clang 0.1.7 1.17 24.39 25.56 OK
r-devel-linux-x86_64-debian-gcc 0.1.7 0.90 19.74 20.64 OK
r-devel-linux-x86_64-fedora-clang 0.1.7 29.61 NOTE
r-devel-linux-x86_64-fedora-gcc 0.1.7 28.78 NOTE
r-devel-windows-ix86+x86_64 0.1.7 2.00 101.00 103.00 OK
r-patched-linux-x86_64 0.1.7 1.14 22.41 23.55 OK
r-patched-solaris-x86 0.1.7 43.70 NOTE
r-release-linux-x86_64 0.1.7 1.13 22.51 23.64 OK
r-release-windows-ix86+x86_64 0.1.7 4.00 118.00 122.00 OK
r-release-osx-x86_64 0.1.7 NOTE
r-oldrel-windows-ix86+x86_64 0.1.7 4.00 103.00 107.00 OK
r-oldrel-osx-x86_64 0.1.7 NOTE

Check Details

Version: 0.1.7
Check: dependencies in R code
Result: NOTE
    Namespaces in Imports field not imported from:
     ‘memoise’ ‘ratelimitr’
     All declared Imports should be used.
Flavors: r-devel-linux-x86_64-fedora-clang, r-devel-linux-x86_64-fedora-gcc, r-patched-solaris-x86, r-release-osx-x86_64, r-oldrel-osx-x86_64