CRAN Package Check Results for Package HIBPwned

Last updated on 2018-10-21 09:47:30 CEST.

Flavor Version Tinstall Tcheck Ttotal Status Flags
r-devel-linux-x86_64-debian-clang 0.1.7 1.22 24.46 25.68 OK
r-devel-linux-x86_64-debian-gcc 0.1.7 0.74 20.08 20.82 OK
r-devel-linux-x86_64-fedora-clang 0.1.7 30.18 NOTE
r-devel-linux-x86_64-fedora-gcc 0.1.7 28.92 NOTE
r-devel-windows-ix86+x86_64 0.1.7 4.00 114.00 118.00 OK
r-patched-linux-x86_64 0.1.7 0.99 22.32 23.31 OK
r-patched-solaris-x86 0.1.7 42.40 NOTE
r-release-linux-x86_64 0.1.7 1.09 22.40 23.49 OK
r-release-windows-ix86+x86_64 0.1.7 3.00 111.00 114.00 OK
r-release-osx-x86_64 0.1.7 NOTE
r-oldrel-windows-ix86+x86_64 0.1.7 2.00 128.00 130.00 OK
r-oldrel-osx-x86_64 0.1.7 NOTE

Check Details

Version: 0.1.7
Check: dependencies in R code
Result: NOTE
    Namespaces in Imports field not imported from:
     ‘memoise’ ‘ratelimitr’
     All declared Imports should be used.
Flavors: r-devel-linux-x86_64-fedora-clang, r-devel-linux-x86_64-fedora-gcc, r-patched-solaris-x86, r-release-osx-x86_64, r-oldrel-osx-x86_64