CRAN Package Check Results for Package HIBPwned

Last updated on 2018-06-23 16:46:42 CEST.

Flavor Version Tinstall Tcheck Ttotal Status Flags
r-devel-linux-x86_64-debian-clang 0.1.7 1.19 24.25 25.44 OK
r-devel-linux-x86_64-debian-gcc 0.1.7 0.61 19.21 19.82 OK
r-devel-linux-x86_64-fedora-clang 0.1.7 30.11 NOTE
r-devel-linux-x86_64-fedora-gcc 0.1.7 28.61 NOTE
r-devel-windows-ix86+x86_64 0.1.7 3.00 97.00 100.00 OK
r-patched-linux-x86_64 0.1.7 0.93 22.46 23.39 OK
r-patched-solaris-x86 0.1.7 42.00 NOTE
r-release-linux-x86_64 0.1.7 1.12 22.22 23.34 OK
r-release-windows-ix86+x86_64 0.1.7 4.00 104.00 108.00 OK
r-release-osx-x86_64 0.1.7 NOTE
r-oldrel-windows-ix86+x86_64 0.1.7 3.00 94.00 97.00 OK
r-oldrel-osx-x86_64 0.1.7 NOTE

Check Details

Version: 0.1.7
Check: dependencies in R code
Result: NOTE
    Namespaces in Imports field not imported from:
     ‘memoise’ ‘ratelimitr’
     All declared Imports should be used.
Flavors: r-devel-linux-x86_64-fedora-clang, r-devel-linux-x86_64-fedora-gcc, r-patched-solaris-x86, r-release-osx-x86_64, r-oldrel-osx-x86_64