CRAN Package Check Results for Package HLSM

Last updated on 2018-05-21 00:50:04 CEST.

Flavor Version Tinstall Tcheck Ttotal Status Flags
r-devel-linux-x86_64-debian-clang 0.7 4.89 27.41 32.30 NOTE
r-devel-linux-x86_64-debian-gcc 0.7 3.52 25.00 28.52 NOTE
r-devel-linux-x86_64-fedora-clang 0.7 44.43 NOTE
r-devel-linux-x86_64-fedora-gcc 0.7 42.13 NOTE
r-devel-windows-ix86+x86_64 0.7 13.00 59.00 72.00 OK
r-patched-linux-x86_64 0.7 5.50 30.60 36.10 NOTE
r-patched-solaris-x86 0.7 65.40 OK
r-release-linux-x86_64 0.7 4.72 30.12 34.84 NOTE
r-release-windows-ix86+x86_64 0.7 11.00 59.00 70.00 OK
r-release-osx-x86_64 0.7 OK
r-oldrel-windows-ix86+x86_64 0.7 10.00 62.00 72.00 OK
r-oldrel-osx-x86_64 0.7 OK

Check Details

Version: 0.7
Check: compiled code
Result: NOTE
    File ‘HLSM/libs/HLSM.so’:
     Found no calls to: ‘R_registerRoutines’, ‘R_useDynamicSymbols’
    
    It is good practice to register native routines and to disable symbol
    search.
    
    See ‘Writing portable packages’ in the ‘Writing R Extensions’ manual.
Flavors: r-devel-linux-x86_64-debian-clang, r-devel-linux-x86_64-debian-gcc, r-devel-linux-x86_64-fedora-clang, r-devel-linux-x86_64-fedora-gcc, r-patched-linux-x86_64, r-release-linux-x86_64