CRAN Package Check Results for Package HLSM

Last updated on 2018-02-19 08:47:03 CET.

Flavor Version Tinstall Tcheck Ttotal Status Flags
r-devel-linux-x86_64-debian-clang 0.7 5.63 27.79 33.42 NOTE
r-devel-linux-x86_64-debian-gcc 0.7 3.58 24.01 27.59 NOTE
r-devel-linux-x86_64-fedora-clang 0.7 43.17 NOTE
r-devel-linux-x86_64-fedora-gcc 0.7 40.49 NOTE
r-devel-windows-ix86+x86_64 0.7 10.00 60.00 70.00 OK
r-patched-linux-x86_64 0.7 4.61 32.31 36.92 NOTE
r-patched-solaris-x86 0.7 60.00 OK
r-release-linux-x86_64 0.7 4.54 32.25 36.79 NOTE
r-release-windows-ix86+x86_64 0.7 13.00 73.00 86.00 OK
r-release-osx-x86_64 0.7 OK
r-oldrel-windows-ix86+x86_64 0.7 11.00 69.00 80.00 OK
r-oldrel-osx-x86_64 0.7 OK

Check Details

Version: 0.7
Check: compiled code
Result: NOTE
    File ‘HLSM/libs/HLSM.so’:
     Found no calls to: ‘R_registerRoutines’, ‘R_useDynamicSymbols’
    
    It is good practice to register native routines and to disable symbol
    search.
    
    See ‘Writing portable packages’ in the ‘Writing R Extensions’ manual.
Flavors: r-devel-linux-x86_64-debian-clang, r-devel-linux-x86_64-debian-gcc, r-devel-linux-x86_64-fedora-clang, r-devel-linux-x86_64-fedora-gcc, r-patched-linux-x86_64, r-release-linux-x86_64