CRAN Package Check Results for Package HPbayes

Last updated on 2019-08-17 18:46:13 CEST.

Flavor Version Tinstall Tcheck Ttotal Status Flags
r-devel-linux-x86_64-debian-clang 0.1 3.84 40.67 44.51 NOTE
r-devel-linux-x86_64-debian-gcc 0.1 2.98 31.80 34.78 NOTE
r-devel-linux-x86_64-fedora-clang 0.1 57.77 NOTE
r-devel-linux-x86_64-fedora-gcc 0.1 56.51 NOTE
r-devel-windows-ix86+x86_64 0.1 15.00 75.00 90.00 NOTE
r-patched-linux-x86_64 0.1 3.13 40.53 43.66 NOTE
r-patched-solaris-x86 0.1 77.40 NOTE
r-release-linux-x86_64 0.1 3.09 41.16 44.25 NOTE
r-release-windows-ix86+x86_64 0.1 12.00 69.00 81.00 NOTE
r-release-osx-x86_64 0.1 NOTE
r-oldrel-windows-ix86+x86_64 0.1 9.00 73.00 82.00 NOTE
r-oldrel-osx-x86_64 0.1 NOTE

Check Details

Version: 0.1
Check: DESCRIPTION meta-information
Result: NOTE
    Malformed Description field: should contain one or more complete sentences.
Flavors: r-devel-linux-x86_64-debian-clang, r-devel-linux-x86_64-debian-gcc, r-devel-linux-x86_64-fedora-clang, r-devel-linux-x86_64-fedora-gcc, r-devel-windows-ix86+x86_64, r-patched-linux-x86_64, r-patched-solaris-x86, r-release-linux-x86_64, r-release-windows-ix86+x86_64, r-release-osx-x86_64, r-oldrel-windows-ix86+x86_64, r-oldrel-osx-x86_64

Version: 0.1
Check: R code for possible problems
Result: NOTE
    hpbayes.plot: no visible global function definition for 'par'
    hpbayes.plot: no visible global function definition for 'plot'
    hpbayes.plot: no visible global function definition for 'points'
    postpri.plot: no visible global function definition for 'par'
    postpri.plot: no visible global function definition for 'plot'
    postpri.plot: no visible global function definition for 'points'
    postpri.plot: no visible global function definition for 'segments'
    postpri.plot: no visible global function definition for 'boxplot'
    Undefined global functions or variables:
     boxplot par plot points segments
    Consider adding
     importFrom("graphics", "boxplot", "par", "plot", "points", "segments")
    to your NAMESPACE file.
Flavors: r-devel-linux-x86_64-debian-clang, r-devel-linux-x86_64-debian-gcc, r-devel-linux-x86_64-fedora-clang, r-devel-linux-x86_64-fedora-gcc, r-devel-windows-ix86+x86_64, r-patched-linux-x86_64, r-patched-solaris-x86, r-release-linux-x86_64, r-release-windows-ix86+x86_64, r-release-osx-x86_64, r-oldrel-windows-ix86+x86_64, r-oldrel-osx-x86_64