CRAN Package Check Results for Package HPbayes

Last updated on 2019-12-15 09:46:42 CET.

Flavor Version Tinstall Tcheck Ttotal Status Flags
r-devel-linux-x86_64-debian-clang 0.1 4.14 49.44 53.58 NOTE
r-devel-linux-x86_64-debian-gcc 0.1 3.27 36.66 39.93 NOTE
r-devel-linux-x86_64-fedora-clang 0.1 62.30 NOTE
r-devel-linux-x86_64-fedora-gcc 0.1 62.66 NOTE
r-devel-windows-ix86+x86_64 0.1 7.00 52.00 59.00 NOTE
r-devel-windows-ix86+x86_64-gcc8 0.1 8.00 76.00 84.00 NOTE
r-patched-linux-x86_64 0.1 3.61 45.18 48.79 NOTE
r-patched-solaris-x86 0.1 73.50 NOTE
r-release-linux-x86_64 0.1 3.19 45.27 48.46 NOTE
r-release-windows-ix86+x86_64 0.1 8.00 54.00 62.00 NOTE
r-release-osx-x86_64 0.1 NOTE
r-oldrel-windows-ix86+x86_64 0.1 5.00 56.00 61.00 NOTE
r-oldrel-osx-x86_64 0.1 NOTE

Check Details

Version: 0.1
Check: DESCRIPTION meta-information
Result: NOTE
    Malformed Description field: should contain one or more complete sentences.
Flavors: r-devel-linux-x86_64-debian-clang, r-devel-linux-x86_64-debian-gcc, r-devel-linux-x86_64-fedora-clang, r-devel-linux-x86_64-fedora-gcc, r-devel-windows-ix86+x86_64, r-devel-windows-ix86+x86_64-gcc8, r-patched-linux-x86_64, r-patched-solaris-x86, r-release-linux-x86_64, r-release-windows-ix86+x86_64, r-release-osx-x86_64, r-oldrel-windows-ix86+x86_64, r-oldrel-osx-x86_64

Version: 0.1
Check: R code for possible problems
Result: NOTE
    hpbayes.plot: no visible global function definition for 'par'
    hpbayes.plot: no visible global function definition for 'plot'
    hpbayes.plot: no visible global function definition for 'points'
    postpri.plot: no visible global function definition for 'par'
    postpri.plot: no visible global function definition for 'plot'
    postpri.plot: no visible global function definition for 'points'
    postpri.plot: no visible global function definition for 'segments'
    postpri.plot: no visible global function definition for 'boxplot'
    Undefined global functions or variables:
     boxplot par plot points segments
    Consider adding
     importFrom("graphics", "boxplot", "par", "plot", "points", "segments")
    to your NAMESPACE file.
Flavors: r-devel-linux-x86_64-debian-clang, r-devel-linux-x86_64-debian-gcc, r-devel-linux-x86_64-fedora-clang, r-devel-linux-x86_64-fedora-gcc, r-devel-windows-ix86+x86_64, r-devel-windows-ix86+x86_64-gcc8, r-patched-linux-x86_64, r-patched-solaris-x86, r-release-linux-x86_64, r-release-windows-ix86+x86_64, r-release-osx-x86_64, r-oldrel-windows-ix86+x86_64, r-oldrel-osx-x86_64