CRAN Package Check Results for Package HSAUR

Last updated on 2018-08-17 14:47:53 CEST.

Flavor Version Tinstall Tcheck Ttotal Status Flags
r-devel-linux-x86_64-debian-clang 1.3-9 2.16 106.74 108.90 OK
r-devel-linux-x86_64-debian-gcc 1.3-9 2.02 88.88 90.90 OK
r-devel-linux-x86_64-fedora-clang 1.3-9 140.31 OK
r-devel-linux-x86_64-fedora-gcc 1.3-9 137.70 OK
r-devel-windows-ix86+x86_64 1.3-9 6.00 292.00 298.00 OK
r-patched-linux-x86_64 1.3-9 2.20 103.98 106.18 OK
r-patched-solaris-x86 1.3-9 199.70 OK
r-release-linux-x86_64 1.3-9 1.85 103.79 105.64 OK
r-release-windows-ix86+x86_64 1.3-9 12.00 278.00 290.00 OK
r-release-osx-x86_64 1.3-9 OK
r-oldrel-windows-ix86+x86_64 1.3-9 9.00 326.00 335.00 OK
r-oldrel-osx-x86_64 1.3-9 NOTE

Check Details

Version: 1.3-9
Check: re-building of vignette outputs
Result: NOTE
    Error in re-building vignettes:
     ...
    Loading required package: HSAUR
    Loading required package: tools
    Error in texi2dvi(file = file, pdf = TRUE, clean = clean, quiet = quiet, :
     Running 'texi2dvi' on 'Ch_analysing_longitudinal_dataI.tex' failed.
    LaTeX errors:
    ! LaTeX Error: File `relsize.sty' not found.
    
    Type X to quit or <RETURN> to proceed,
    or enter new name. (Default extension: sty)
    
    ! Emergency stop.
    <read *>
    
    l.29 ^^M
    
    ! ==> Fatal error occurred, no output PDF file produced!
    Calls: buildVignettes -> texi2pdf -> texi2dvi
    Execution halted
Flavor: r-oldrel-osx-x86_64