CRAN Package Check Results for Package HSAUR2

Last updated on 2019-02-23 22:56:09 CET.

Flavor Version Tinstall Tcheck Ttotal Status Flags
r-devel-linux-x86_64-debian-clang 1.1-17 3.35 164.07 167.42 OK
r-devel-linux-x86_64-debian-gcc 1.1-17 2.42 129.44 131.86 OK
r-devel-linux-x86_64-fedora-clang 1.1-17 221.27 OK
r-devel-linux-x86_64-fedora-gcc 1.1-17 216.37 OK
r-devel-windows-ix86+x86_64 1.1-17 11.00 374.00 385.00 OK
r-patched-linux-x86_64 1.1-17 2.48 139.48 141.96 OK
r-patched-solaris-x86 1.1-17 268.70 OK
r-release-linux-x86_64 1.1-17 1.96 138.43 140.39 OK
r-release-windows-ix86+x86_64 1.1-17 12.00 273.00 285.00 OK
r-release-osx-x86_64 1.1-17 OK
r-oldrel-windows-ix86+x86_64 1.1-17 7.00 302.00 309.00 OK
r-oldrel-osx-x86_64 1.1-17 NOTE

Check Details

Version: 1.1-17
Check: re-building of vignette outputs
Result: NOTE
    Error in re-building vignettes:
     ...
    Loading required package: TH.data
    Loading required package: MASS
    
    Attaching package: 'TH.data'
    
    The following object is masked from 'package:MASS':
    
     geyser
    
    Error in texi2dvi(file = file, pdf = TRUE, clean = clean, quiet = quiet, :
     Running 'texi2dvi' on 'Ch_analysing_longitudinal_dataI.tex' failed.
    LaTeX errors:
    ! LaTeX Error: File `relsize.sty' not found.
    
    Type X to quit or <RETURN> to proceed,
    or enter new name. (Default extension: sty)
    
    ! Emergency stop.
    <read *>
    
    l.29 ^^M
    
    ! ==> Fatal error occurred, no output PDF file produced!
    Calls: buildVignettes -> texi2pdf -> texi2dvi
    Execution halted
Flavor: r-oldrel-osx-x86_64