CRAN Package Check Results for Package HSAUR3

Last updated on 2018-07-19 11:48:41 CEST.

Flavor Version Tinstall Tcheck Ttotal Status Flags
r-devel-linux-x86_64-debian-clang 1.0-9 2.62 151.32 153.94 OK
r-devel-linux-x86_64-debian-gcc 1.0-9 2.26 136.60 138.86 OK
r-devel-linux-x86_64-fedora-clang 1.0-9 221.33 NOTE
r-devel-linux-x86_64-fedora-gcc 1.0-9 221.30 OK
r-devel-windows-ix86+x86_64 1.0-9 8.00 85.00 93.00 OK --no-vignettes
r-patched-linux-x86_64 1.0-9 2.42 166.99 169.41 OK
r-patched-solaris-x86 1.0-9 317.50 NOTE
r-release-linux-x86_64 1.0-9 2.13 165.82 167.95 OK
r-release-windows-ix86+x86_64 1.0-9 12.00 63.00 75.00 OK --no-vignettes
r-release-osx-x86_64 1.0-9 OK
r-oldrel-windows-ix86+x86_64 1.0-9 10.00 40.00 50.00 OK --no-vignettes
r-oldrel-osx-x86_64 1.0-9 OK

Check Details

Version: 1.0-9
Check: installed package size
Result: NOTE
     installed size is 5.0Mb
     sub-directories of 1Mb or more:
     doc 3.7Mb
Flavors: r-devel-linux-x86_64-fedora-clang, r-patched-solaris-x86