CRAN Package Check Results for Package HSAUR3

Last updated on 2018-10-22 22:56:35 CEST.

Flavor Version Tinstall Tcheck Ttotal Status Flags
r-devel-linux-x86_64-debian-clang 1.0-9 3.11 174.22 177.33 OK
r-devel-linux-x86_64-debian-gcc 1.0-9 2.21 136.71 138.92 OK
r-devel-linux-x86_64-fedora-clang 1.0-9 222.64 NOTE
r-devel-linux-x86_64-fedora-gcc 1.0-9 219.50 OK
r-devel-windows-ix86+x86_64 1.0-9 11.00 45.00 56.00 OK --no-vignettes
r-patched-linux-x86_64 1.0-9 2.66 168.24 170.90 OK
r-patched-solaris-x86 1.0-9 318.50 NOTE
r-release-linux-x86_64 1.0-9 2.80 167.99 170.79 OK
r-release-windows-ix86+x86_64 1.0-9 10.00 76.00 86.00 OK --no-vignettes
r-release-osx-x86_64 1.0-9 OK
r-oldrel-windows-ix86+x86_64 1.0-9 8.00 77.00 85.00 OK --no-vignettes
r-oldrel-osx-x86_64 1.0-9 OK

Check Details

Version: 1.0-9
Check: installed package size
Result: NOTE
     installed size is 5.0Mb
     sub-directories of 1Mb or more:
     doc 3.7Mb
Flavors: r-devel-linux-x86_64-fedora-clang, r-patched-solaris-x86