CRAN Package Check Results for Package HSAUR3

Last updated on 2018-04-27 00:46:54 CEST.

Flavor Version Tinstall Tcheck Ttotal Status Flags
r-devel-linux-x86_64-debian-clang 1.0-8 3.27 144.93 148.20 OK
r-devel-linux-x86_64-debian-gcc 1.0-8 2.41 125.26 127.67 OK
r-devel-linux-x86_64-fedora-clang 1.0-8 210.92 OK
r-devel-linux-x86_64-fedora-gcc 1.0-8 206.89 OK
r-devel-windows-ix86+x86_64 1.0-8 13.00 52.00 65.00 OK --no-vignettes
r-patched-linux-x86_64 1.0-8 2.57 155.92 158.49 OK
r-patched-solaris-x86 1.0-8 291.20 NOTE
r-release-linux-x86_64 1.0-8 3.02 156.41 159.43 OK
r-release-windows-ix86+x86_64 1.0-8 13.00 52.00 65.00 OK --no-vignettes
r-release-osx-x86_64 1.0-8 OK
r-oldrel-windows-ix86+x86_64 1.0-8 11.00 69.00 80.00 OK --no-vignettes
r-oldrel-osx-x86_64 1.0-8 NOTE

Check Details

Version: 1.0-8
Check: installed package size
Result: NOTE
     installed size is 5.5Mb
     sub-directories of 1Mb or more:
     doc 4.0Mb
Flavor: r-patched-solaris-x86

Version: 1.0-8
Check: re-building of vignette outputs
Result: NOTE
    Error in re-building vignettes:
     ...
    
    The following object is masked from 'package:MASS':
    
     geyser
    
    The following object is masked from 'package:HSAUR3':
    
     birds
    
    Error in texi2dvi(file = file, pdf = TRUE, clean = clean, quiet = quiet, :
     Running 'texi2dvi' on 'Ch_analysing_longitudinal_dataI.tex' failed.
    LaTeX errors:
    ! LaTeX Error: File `relsize.sty' not found.
    
    Type X to quit or <RETURN> to proceed,
    or enter new name. (Default extension: sty)
    
    ! Emergency stop.
    <read *>
    
    l.29 ^^M
    
    ! ==> Fatal error occurred, no output PDF file produced!
    Calls: buildVignettes -> texi2pdf -> texi2dvi
    Execution halted
Flavor: r-oldrel-osx-x86_64