CRAN Package Check Results for Package HSAUR3

Last updated on 2019-01-24 11:52:15 CET.

Flavor Version Tinstall Tcheck Ttotal Status Flags
r-devel-linux-x86_64-debian-clang 1.0-9 3.28 201.73 205.01 OK
r-devel-linux-x86_64-debian-gcc 1.0-9 2.42 157.81 160.23 OK
r-devel-linux-x86_64-fedora-clang 1.0-9 266.27 NOTE
r-devel-linux-x86_64-fedora-gcc 1.0-9 254.28 OK
r-devel-windows-ix86+x86_64 1.0-9 15.00 78.00 93.00 OK --no-vignettes
r-patched-linux-x86_64 1.0-9 2.90 169.00 171.90 OK
r-patched-solaris-x86 1.0-9 320.30 NOTE
r-release-linux-x86_64 1.0-9 2.67 170.61 173.28 OK
r-release-windows-ix86+x86_64 1.0-9 10.00 92.00 102.00 OK --no-vignettes
r-release-osx-x86_64 1.0-9 OK
r-oldrel-windows-ix86+x86_64 1.0-9 14.00 87.00 101.00 OK --no-vignettes
r-oldrel-osx-x86_64 1.0-9 OK

Check Details

Version: 1.0-9
Check: installed package size
Result: NOTE
     installed size is 5.0Mb
     sub-directories of 1Mb or more:
     doc 3.7Mb
Flavors: r-devel-linux-x86_64-fedora-clang, r-patched-solaris-x86