CRAN Package Check Results for Package HTLR

Last updated on 2022-12-06 21:51:26 CET.

Flavor Version Tinstall Tcheck Ttotal Status Flags
r-devel-linux-x86_64-debian-clang 0.4-4 111.45 491.56 603.01 OK
r-devel-linux-x86_64-debian-gcc 0.4-4 82.76 1126.37 1209.13 OK
r-devel-linux-x86_64-fedora-clang 0.4-4 612.26 OK
r-devel-linux-x86_64-fedora-gcc 0.4-4 958.28 OK
r-devel-windows-x86_64 0.4-4 86.00 304.00 390.00 OK
r-patched-linux-x86_64 0.4-4 84.14 906.22 990.36 OK
r-release-linux-x86_64 0.4-4 88.72 850.69 939.41 OK
r-release-macos-arm64 0.4-4 125.00 NOTE
r-release-macos-x86_64 0.4-4 157.00 NOTE
r-release-windows-x86_64 0.4-4 87.00 303.00 390.00 OK
r-oldrel-macos-arm64 0.4-4 121.00 NOTE
r-oldrel-macos-x86_64 0.4-4 149.00 NOTE
r-oldrel-windows-ix86+x86_64 0.4-4 238.00 380.00 618.00 WARN

Check Details

Version: 0.4-4
Check: installed package size
Result: NOTE
     installed size is 6.0Mb
     sub-directories of 1Mb or more:
     doc 1.1Mb
     libs 3.8Mb
Flavors: r-release-macos-arm64, r-release-macos-x86_64, r-oldrel-macos-arm64, r-oldrel-macos-x86_64

Version: 0.4-4
Check: for unstated dependencies in ‘tests’
Result: WARN
    Warning: unable to access index for repository https://bioconductor.org/packages/3.14/bioc/src/contrib:
     cannot open URL 'https://bioconductor.org/packages/3.14/bioc/src/contrib/PACKAGES'
    Warning: unable to access index for repository https://bioconductor.org/packages/3.14/data/annotation/src/contrib:
     cannot open URL 'https://bioconductor.org/packages/3.14/data/annotation/src/contrib/PACKAGES'
    Warning: unable to access index for repository https://bioconductor.org/packages/3.14/data/experiment/src/contrib:
     cannot open URL 'https://bioconductor.org/packages/3.14/data/experiment/src/contrib/PACKAGES'
Flavor: r-oldrel-windows-ix86+x86_64