Last updated on 2023-04-01 02:50:24 CEST.
Flavor | Version | Tinstall | Tcheck | Ttotal | Status | Flags |
---|---|---|---|---|---|---|
r-devel-linux-x86_64-debian-clang | 1.2.2 | 4.64 | 136.66 | 141.30 | OK | |
r-devel-linux-x86_64-debian-gcc | 1.2.2 | 3.72 | 108.51 | 112.23 | OK | |
r-devel-linux-x86_64-fedora-clang | 1.2.2 | 177.99 | NOTE | |||
r-devel-linux-x86_64-fedora-gcc | 1.2.2 | 183.19 | NOTE | |||
r-devel-windows-x86_64 | 1.2.2 | 22.00 | 208.00 | 230.00 | OK | |
r-patched-linux-x86_64 | 1.2.2 | 4.95 | 133.54 | 138.49 | OK | |
r-release-linux-x86_64 | 1.2.2 | 3.14 | 134.26 | 137.40 | OK | |
r-release-macos-arm64 | 1.2.1 | 57.00 | OK | |||
r-release-macos-x86_64 | 1.2.2 | 83.00 | OK | |||
r-release-windows-x86_64 | 1.2.2 | 23.00 | 209.00 | 232.00 | OK | |
r-oldrel-macos-arm64 | 1.2.1 | 65.00 | OK | |||
r-oldrel-macos-x86_64 | 1.2.2 | 89.00 | OK | |||
r-oldrel-windows-ix86+x86_64 | 1.2.2 | 12.00 | 205.00 | 217.00 | OK |
Version: 1.2.2
Check: dependencies in R code
Result: NOTE
Namespaces in Imports field not imported from:
‘recipes’ ‘tune’
All declared Imports should be used.
Flavors: r-devel-linux-x86_64-fedora-clang, r-devel-linux-x86_64-fedora-gcc