CRAN Package Check Results for Package HTSCluster

Last updated on 2021-06-24 00:48:45 CEST.

Flavor Version Tinstall Tcheck Ttotal Status Flags
r-devel-linux-x86_64-debian-clang 2.0.8 6.56 55.72 62.28 OK
r-devel-linux-x86_64-debian-gcc 2.0.8 5.27 42.91 48.18 OK
r-devel-linux-x86_64-fedora-clang 2.0.8 81.95 OK
r-devel-linux-x86_64-fedora-gcc 2.0.8 73.26 OK
r-devel-windows-x86_64 2.0.8 12.00 69.00 81.00 OK
r-devel-windows-x86_64-gcc10-UCRT 2.0.8 NOTE
r-patched-linux-x86_64 2.0.8 7.28 54.18 61.46 OK
r-patched-solaris-x86 2.0.8 102.00 OK
r-release-linux-x86_64 2.0.8 6.75 53.01 59.76 OK
r-release-macos-arm64 2.0.8 ERROR
r-release-macos-x86_64 2.0.8 NOTE
r-release-windows-ix86+x86_64 2.0.8 15.00 73.00 88.00 OK
r-oldrel-macos-x86_64 2.0.8 NOTE

Check Details

Version: 2.0.8
Check: package dependencies
Result: NOTE
    Package suggested but not available for checking: 'HTSFilter'
Flavors: r-devel-windows-x86_64-gcc10-UCRT, r-release-macos-x86_64, r-oldrel-macos-x86_64

Version: 2.0.8
Check: package dependencies
Result: ERROR
    Package required but not available: ‘edgeR’
    
    Package suggested but not available for checking: ‘HTSFilter’
    
    See section ‘The DESCRIPTION file’ in the ‘Writing R Extensions’
    manual.
Flavor: r-release-macos-arm64