CRAN Package Check Results for Package HTSCluster

Last updated on 2019-10-21 00:47:45 CEST.

Flavor Version Tinstall Tcheck Ttotal Status Flags
r-devel-linux-x86_64-debian-clang 2.0.8 4.81 44.51 49.32 OK
r-devel-linux-x86_64-debian-gcc 2.0.8 5.04 35.09 40.13 OK
r-devel-linux-x86_64-fedora-clang 2.0.8 72.08 OK
r-devel-linux-x86_64-fedora-gcc 2.0.8 60.95 OK
r-devel-windows-ix86+x86_64 2.0.8 11.00 81.00 92.00 OK
r-patched-linux-x86_64 2.0.8 5.15 43.84 48.99 OK
r-patched-solaris-x86 2.0.8 88.20 OK
r-release-linux-x86_64 2.0.8 5.98 43.38 49.36 OK
r-release-windows-ix86+x86_64 2.0.8 18.00 91.00 109.00 OK
r-release-osx-x86_64 2.0.8 OK
r-oldrel-windows-ix86+x86_64 2.0.8 7.00 53.00 60.00 OK
r-oldrel-osx-x86_64 2.0.8 NOTE

Check Details

Version: 2.0.8
Check: package dependencies
Result: NOTE
    Package suggested but not available for checking: ‘HTSFilter’
Flavor: r-oldrel-osx-x86_64