CRAN Package Check Results for Package HTSSIP

Last updated on 2018-11-21 08:48:41 CET.

Flavor Version Tinstall Tcheck Ttotal Status Flags
r-devel-linux-x86_64-debian-clang 1.4.0 0.62 2.12 2.74 ERROR --no-vignettes
r-devel-linux-x86_64-debian-gcc 1.4.0 3.66 243.37 247.03 OK --no-vignettes
r-devel-linux-x86_64-fedora-clang 1.4.0 2220.79 NOTE
r-devel-linux-x86_64-fedora-gcc 1.4.0 2121.76 NOTE
r-devel-windows-ix86+x86_64 1.4.0 13.00 296.00 309.00 OK --no-vignettes
r-patched-linux-x86_64 1.4.0 4.08 310.93 315.01 OK --no-vignettes
r-patched-solaris-x86 1.4.0 2364.80 NOTE
r-release-linux-x86_64 1.4.0 5.38 302.74 308.12 OK --no-vignettes
r-release-windows-ix86+x86_64 1.4.0 10.00 431.00 441.00 OK --no-vignettes
r-release-osx-x86_64 1.4.0 NOTE
r-oldrel-windows-ix86+x86_64 1.4.0 10.00 194.00 204.00 OK --no-vignettes
r-oldrel-osx-x86_64 1.4.0 NOTE

Check Details

Version: 1.4.0
Flags: --no-vignettes
Check: package dependencies
Result: ERROR
    Package required but not available: ‘phyloseq’
    
    See section ‘The DESCRIPTION file’ in the ‘Writing R Extensions’
    manual.
Flavor: r-devel-linux-x86_64-debian-clang

Version: 1.4.0
Check: dependencies in R code
Result: NOTE
    Namespace in Imports field not imported from: ‘igraph’
     All declared Imports should be used.
Flavors: r-devel-linux-x86_64-fedora-clang, r-devel-linux-x86_64-fedora-gcc, r-patched-solaris-x86, r-release-osx-x86_64, r-oldrel-osx-x86_64