CRAN Package Check Results for Package HTSSIP

Last updated on 2019-02-21 07:48:38 CET.

Flavor Version Tinstall Tcheck Ttotal Status Flags
r-devel-linux-x86_64-debian-clang 1.4.0 0.70 2.28 2.98 ERROR --no-vignettes
r-devel-linux-x86_64-debian-gcc 1.4.0 4.09 227.77 231.86 OK --no-vignettes
r-devel-linux-x86_64-fedora-clang 1.4.0 383.46 NOTE --no-vignettes
r-devel-linux-x86_64-fedora-gcc 1.4.0 364.94 NOTE --no-vignettes
r-devel-windows-ix86+x86_64 1.4.0 15.00 293.00 308.00 OK --no-vignettes
r-patched-linux-x86_64 1.4.0 OK --no-vignettes
r-patched-solaris-x86 1.4.0 2820.70 NOTE
r-release-linux-x86_64 1.4.0 OK --no-vignettes
r-release-windows-ix86+x86_64 1.4.0 11.00 429.00 440.00 OK --no-vignettes
r-release-osx-x86_64 1.4.0 NOTE
r-oldrel-windows-ix86+x86_64 1.4.0 10.00 201.00 211.00 OK --no-vignettes
r-oldrel-osx-x86_64 1.4.0 NOTE

Check Details

Version: 1.4.0
Flags: --no-vignettes
Check: package dependencies
Result: ERROR
    Package required but not available: ‘phyloseq’
    
    See section ‘The DESCRIPTION file’ in the ‘Writing R Extensions’
    manual.
Flavor: r-devel-linux-x86_64-debian-clang

Version: 1.4.0
Flags: --no-vignettes
Check: dependencies in R code
Result: NOTE
    Namespace in Imports field not imported from: ‘igraph’
     All declared Imports should be used.
Flavors: r-devel-linux-x86_64-fedora-clang, r-devel-linux-x86_64-fedora-gcc

Version: 1.4.0
Check: dependencies in R code
Result: NOTE
    Namespace in Imports field not imported from: ‘igraph’
     All declared Imports should be used.
Flavors: r-patched-solaris-x86, r-release-osx-x86_64, r-oldrel-osx-x86_64