CRAN Package Check Results for Package HTSSIP

Last updated on 2018-08-19 06:46:45 CEST.

Flavor Version Tinstall Tcheck Ttotal Status Flags
r-devel-linux-x86_64-debian-clang 1.4.0 5.08 393.05 398.13 OK --no-vignettes
r-devel-linux-x86_64-debian-gcc 1.4.0 4.40 311.67 316.07 OK --no-vignettes
r-devel-linux-x86_64-fedora-clang 1.4.0 2883.95 NOTE
r-devel-linux-x86_64-fedora-gcc 1.4.0 2937.94 NOTE
r-devel-windows-ix86+x86_64 1.4.0 17.00 502.00 519.00 OK --no-vignettes
r-patched-linux-x86_64 1.4.0 4.22 304.53 308.75 OK --no-vignettes
r-patched-solaris-x86 1.4.0 3.90 ERROR
r-release-linux-x86_64 1.4.0 5.83 303.99 309.82 OK --no-vignettes
r-release-windows-ix86+x86_64 1.4.0 16.00 280.00 296.00 OK --no-vignettes
r-release-osx-x86_64 1.4.0 NOTE
r-oldrel-windows-ix86+x86_64 1.4.0 10.00 200.00 210.00 OK --no-vignettes
r-oldrel-osx-x86_64 1.4.0 NOTE

Check Details

Version: 1.4.0
Check: dependencies in R code
Result: NOTE
    Namespace in Imports field not imported from: ‘igraph’
     All declared Imports should be used.
Flavors: r-devel-linux-x86_64-fedora-clang, r-devel-linux-x86_64-fedora-gcc, r-release-osx-x86_64, r-oldrel-osx-x86_64

Version: 1.4.0
Check: package dependencies
Result: ERROR
    Package required but not available: ‘phyloseq’
    
    See section ‘The DESCRIPTION file’ in the ‘Writing R Extensions’
    manual.
Flavor: r-patched-solaris-x86