CRAN Package Check Results for Package HTSSIP

Last updated on 2018-05-23 12:48:22 CEST.

Flavor Version Tinstall Tcheck Ttotal Status Flags
r-devel-linux-x86_64-debian-clang 1.4.0 5.07 415.58 420.65 OK --no-vignettes
r-devel-linux-x86_64-debian-gcc 1.4.0 0.43 1.53 1.96 ERROR --no-vignettes
r-devel-linux-x86_64-fedora-clang 1.4.0 1383.65 NOTE
r-devel-linux-x86_64-fedora-gcc 1.4.0 1335.83 NOTE
r-devel-windows-ix86+x86_64 1.4.0 10.00 522.00 532.00 OK --no-vignettes
r-patched-linux-x86_64 1.4.0 4.36 304.76 309.12 OK --no-vignettes
r-patched-solaris-x86 1.4.0 3.90 ERROR
r-release-linux-x86_64 1.4.0 4.47 305.18 309.65 OK --no-vignettes
r-release-windows-ix86+x86_64 1.4.0 18.00 299.00 317.00 OK --no-vignettes
r-release-osx-x86_64 1.4.0 NOTE
r-oldrel-windows-ix86+x86_64 1.4.0 15.00 220.00 235.00 OK --no-vignettes
r-oldrel-osx-x86_64 1.3.2 NOTE

Check Details

Version: 1.4.0
Flags: --no-vignettes
Check: package dependencies
Result: ERROR
    Packages required but not available:
     ‘dplyr’ ‘tidyr’ ‘ggplot2’ ‘DESeq2’ ‘phyloseq’
    
    See section ‘The DESCRIPTION file’ in the ‘Writing R Extensions’
    manual.
Flavor: r-devel-linux-x86_64-debian-gcc

Version: 1.4.0
Check: dependencies in R code
Result: NOTE
    Namespace in Imports field not imported from: ‘igraph’
     All declared Imports should be used.
Flavors: r-devel-linux-x86_64-fedora-clang, r-devel-linux-x86_64-fedora-gcc, r-release-osx-x86_64

Version: 1.4.0
Check: package dependencies
Result: ERROR
    Package required but not available: ‘phyloseq’
    
    See section ‘The DESCRIPTION file’ in the ‘Writing R Extensions’
    manual.
Flavor: r-patched-solaris-x86

Version: 1.3.2
Check: installed package size
Result: NOTE
     installed size is 5.1Mb
     sub-directories of 1Mb or more:
     data 4.0Mb
Flavor: r-oldrel-osx-x86_64

Version: 1.3.2
Check: dependencies in R code
Result: NOTE
    Namespace in Imports field not imported from: ‘igraph’
     All declared Imports should be used.
Flavor: r-oldrel-osx-x86_64