CRAN Package Check Results for Package HURDAT

Last updated on 2018-02-24 14:47:59 CET.

Flavor Version Tinstall Tcheck Ttotal Status Flags
r-devel-linux-x86_64-debian-clang 0.1.0 1.50 29.58 31.08 OK
r-devel-linux-x86_64-debian-gcc 0.1.0 1.76 23.91 25.67 OK
r-devel-linux-x86_64-fedora-clang 0.1.0 37.76 OK
r-devel-linux-x86_64-fedora-gcc 0.1.0 37.44 OK
r-devel-windows-ix86+x86_64 0.1.0 5.00 55.00 60.00 OK
r-patched-linux-x86_64 0.1.0 2.20 31.64 33.84 OK
r-patched-solaris-x86 0.1.0 76.30 OK
r-release-linux-x86_64 0.1.0 2.30 31.34 33.64 OK
r-release-windows-ix86+x86_64 0.1.0 8.00 58.00 66.00 OK
r-release-osx-x86_64 0.1.0 OK
r-oldrel-osx-x86_64 0.1.0 ERROR

Check Details

Version: 0.1.0
Check: whether package can be installed
Result: ERROR
    Installation failed.
Flavor: r-oldrel-osx-x86_64