CRAN Package Check Results for Package HURDAT

Last updated on 2021-03-07 21:48:49 CET.

Flavor Version Tinstall Tcheck Ttotal Status Flags
r-devel-linux-x86_64-debian-clang 0.2.3.2 3.02 42.11 45.13 OK
r-devel-linux-x86_64-debian-gcc 0.2.3.2 2.84 32.51 35.35 OK
r-devel-linux-x86_64-fedora-clang 0.2.3.2 63.67 NOTE
r-devel-linux-x86_64-fedora-gcc 0.2.3.2 54.07 NOTE
r-devel-windows-ix86+x86_64 0.2.3.2 7.00 69.00 76.00 OK
r-devel-windows-x86_64-gcc10-UCRT 0.2.3.2 NOTE
r-patched-linux-x86_64 0.2.3.2 3.29 40.38 43.67 OK
r-patched-solaris-x86 0.2.3.2 90.40 NOTE
r-release-linux-x86_64 0.2.3.2 3.47 40.54 44.01 OK
r-release-macos-x86_64 0.2.3.2 NOTE
r-release-windows-ix86+x86_64 0.2.3.2 6.00 50.00 56.00 OK
r-oldrel-macos-x86_64 0.2.3.2 NOTE
r-oldrel-windows-ix86+x86_64 0.2.3.2 5.00 44.00 49.00 OK

Check Details

Version: 0.2.3.2
Check: dependencies in R code
Result: NOTE
    Namespaces in Imports field not imported from:
     ‘rvest’ ‘xml2’
     All declared Imports should be used.
Flavors: r-devel-linux-x86_64-fedora-clang, r-devel-linux-x86_64-fedora-gcc, r-devel-windows-x86_64-gcc10-UCRT, r-patched-solaris-x86, r-release-macos-x86_64, r-oldrel-macos-x86_64