CRAN Package Check Results for Package HadamardR

Last updated on 2024-02-26 11:50:07 CET.

Flavor Version Tinstall Tcheck Ttotal Status Flags
r-devel-linux-x86_64-debian-clang 1.0.0 3.98 36.51 40.49 NOTE
r-devel-linux-x86_64-debian-gcc 1.0.0 2.73 28.02 30.75 NOTE
r-devel-linux-x86_64-fedora-clang 1.0.0 51.77 NOTE
r-devel-linux-x86_64-fedora-gcc 1.0.0 48.57 NOTE
r-devel-windows-x86_64 1.0.0 5.00 58.00 63.00 NOTE
r-patched-linux-x86_64 1.0.0 6.69 35.63 42.32 NOTE
r-release-linux-x86_64 1.0.0 4.13 36.21 40.34 NOTE
r-release-macos-arm64 1.0.0 19.00 NOTE
r-release-macos-x86_64 1.0.0 29.00 NOTE
r-release-windows-x86_64 1.0.0 6.00 61.00 67.00 NOTE
r-oldrel-macos-arm64 1.0.0 19.00 NOTE
r-oldrel-windows-x86_64 1.0.0 6.00 44.00 50.00 NOTE

Check Details

Version: 1.0.0
Check: LazyData
Result: NOTE 'LazyData' is specified without a 'data' directory Flavors: r-devel-linux-x86_64-debian-clang, r-devel-linux-x86_64-debian-gcc, r-devel-linux-x86_64-fedora-clang, r-devel-linux-x86_64-fedora-gcc, r-devel-windows-x86_64, r-patched-linux-x86_64, r-release-linux-x86_64, r-release-macos-arm64, r-release-macos-x86_64, r-release-windows-x86_64, r-oldrel-macos-arm64, r-oldrel-windows-x86_64