CRAN Package Check Results for Package Haplin

Last updated on 2019-09-19 08:50:56 CEST.

Flavor Version Tinstall Tcheck Ttotal Status Flags
r-devel-linux-x86_64-debian-clang 7.1.0 21.39 318.12 339.51 NOTE
r-devel-linux-x86_64-debian-gcc 7.1.0 14.49 237.34 251.83 NOTE
r-devel-linux-x86_64-fedora-clang 7.1.0 389.99 NOTE
r-devel-linux-x86_64-fedora-gcc 7.1.0 386.69 NOTE
r-devel-windows-ix86+x86_64 7.1.0 46.00 430.00 476.00 OK
r-patched-linux-x86_64 7.1.0 19.35 313.24 332.59 OK
r-patched-solaris-x86 7.1.0 506.10 OK
r-release-linux-x86_64 7.1.0 18.69 321.59 340.28 OK
r-release-windows-ix86+x86_64 7.1.0 30.00 297.00 327.00 OK
r-release-osx-x86_64 7.1.0 NOTE
r-oldrel-windows-ix86+x86_64 7.1.0 22.00 298.00 320.00 OK
r-oldrel-osx-x86_64 7.1.0 NOTE

Check Details

Version: 7.1.0
Check: for non-standard things in the check directory
Result: NOTE
    Found the following files/directories:
     'exmpl_data_preproc_gen.RData' 'exmpl_data_preproc_gen.ffData'
     'exmpl_haplin_data_gen.RData' 'exmpl_haplin_data_gen.ffData'
     'exmpl_ped_data_gen.RData' 'exmpl_ped_data_gen.ffData'
     'exmpl_ped_data_part_gen.RData' 'exmpl_ped_data_part_gen.ffData'
     'gen_data_men_only_gen.RData' 'gen_data_men_only_gen.ffData'
     'my_data_part_gen.RData' 'my_data_part_gen.ffData'
     'poo_exmpl_data_preproc_gen.RData'
     'poo_exmpl_data_preproc_gen.ffData' 'poo_exmpl_data_read_gen.RData'
     'poo_exmpl_data_read_gen.ffData' 'trial_data_gen.RData'
     'trial_data_gen.ffData'
Flavors: r-devel-linux-x86_64-debian-clang, r-devel-linux-x86_64-debian-gcc, r-devel-linux-x86_64-fedora-clang, r-devel-linux-x86_64-fedora-gcc

Version: 7.1.0
Check: package dependencies
Result: NOTE
    Package suggested but not available for checking: ‘Rmpi’
Flavors: r-release-osx-x86_64, r-oldrel-osx-x86_64