CRAN Package Check Results for Package Haplin

Last updated on 2020-02-27 17:50:57 CET.

Flavor Version Tinstall Tcheck Ttotal Status Flags
r-devel-linux-x86_64-debian-clang 7.2.2 21.80 356.95 378.75 OK
r-devel-linux-x86_64-debian-gcc 7.2.2 20.25 257.19 277.44 OK
r-devel-linux-x86_64-fedora-clang 7.2.2 453.75 OK
r-devel-linux-x86_64-fedora-gcc 7.2.2 422.48 OK
r-devel-windows-ix86+x86_64 7.2.2 32.00 358.00 390.00 OK
r-devel-windows-ix86+x86_64-gcc8 7.2.2 38.00 367.00 405.00 OK
r-patched-linux-x86_64 7.2.2 21.13 325.42 346.55 OK
r-patched-solaris-x86 7.2.2 520.40 OK
r-release-linux-x86_64 7.2.2 20.50 318.90 339.40 OK
r-release-windows-ix86+x86_64 7.2.2 30.00 356.00 386.00 OK
r-release-osx-x86_64 7.2.2 NOTE
r-oldrel-windows-ix86+x86_64 7.2.2 27.00 324.00 351.00 OK
r-oldrel-osx-x86_64 7.2.2 NOTE

Check Details

Version: 7.2.2
Check: package dependencies
Result: NOTE
    Package suggested but not available for checking: ‘Rmpi’
Flavors: r-release-osx-x86_64, r-oldrel-osx-x86_64