CRAN Package Check Results for Package HiDimMaxStable

Last updated on 2018-07-21 02:47:36 CEST.

Flavor Version Tinstall Tcheck Ttotal Status Flags
r-oldrel-osx-x86_64 0.1.1 NOTE

Check Details

Version: 0.1.1
Check: R code for possible problems
Result: NOTE
    build.clusters.spatial: no visible global function definition for
     ‘kmeans’
    build.clusters.spatial: no visible global function definition for
     ‘points’
    mubz.copula: no visible global function definition for ‘integrate’
    perspcolor: no visible global function definition for ‘terrain.colors’
    rCMS: no visible global function definition for ‘runif’
    rSchlatherExcess: no visible global function definition for ‘runif’
    simul.maxlik.maxstable: no visible global function definition for
     ‘runif’
    Undefined global functions or variables:
     integrate kmeans points runif terrain.colors
    Consider adding
     importFrom("grDevices", "terrain.colors")
     importFrom("graphics", "points")
     importFrom("stats", "integrate", "kmeans", "runif")
    to your NAMESPACE file.
Flavor: r-oldrel-osx-x86_64