CRAN Package Check Results for Package HiDimMaxStable

Last updated on 2018-04-25 14:48:02 CEST.

Flavor Version Tinstall Tcheck Ttotal Status Flags
r-release-osx-x86_64 0.1.1 WARN
r-oldrel-osx-x86_64 0.1.1 NOTE

Check Details

Version: 0.1.1
Check: whether package can be installed
Result: WARN
    Found the following significant warnings:
     Note: possible error in 'dgpd(x, xi = a, mu = 0, ': unused arguments (xi = a, mu = 0, beta = 1 - a)
     Note: possible error in 'pgpd(q, xi = a, mu = 0, ': unused arguments (xi = a, mu = 0, beta = 1 - a)
     Note: possible error in 'qgpd(p, xi = a, mu = 0, ': unused arguments (xi = a, mu = 0, beta = 1 - a)
    See ‘/Volumes/SSD-Data/Builds/R-dev-web/QA/Simon/packages/el-capitan-x86_64/results/3.5/HiDimMaxStable.Rcheck/00install.out’ for details.
    Information on the location(s) of code generating the ‘Note’s can be
    obtained by re-running with environment variable R_KEEP_PKG_SOURCE set
    to ‘yes’.
Flavor: r-release-osx-x86_64

Version: 0.1.1
Check: R code for possible problems
Result: NOTE
    build.clusters.spatial: no visible global function definition for
     ‘kmeans’
    build.clusters.spatial: no visible global function definition for
     ‘points’
    mubz.copula: no visible global function definition for ‘integrate’
    perspcolor: no visible global function definition for ‘terrain.colors’
    rCMS: no visible global function definition for ‘runif’
    rSchlatherExcess: no visible global function definition for ‘runif’
    simul.maxlik.maxstable: no visible global function definition for
     ‘runif’
    Undefined global functions or variables:
     integrate kmeans points runif terrain.colors
    Consider adding
     importFrom("grDevices", "terrain.colors")
     importFrom("graphics", "points")
     importFrom("stats", "integrate", "kmeans", "runif")
    to your NAMESPACE file.
Flavors: r-release-osx-x86_64, r-oldrel-osx-x86_64